193.142.146.138 - - [01/Oct/2022:12:04:03 -0700] "GET /wp-includes/Text/Diff/Renderer/ HTTP/1.1" 200 387 "binance.com" "Mozilla/5.0 (Windows NT 10.0; Win64; x64) AppleWebKit/537.36 (KHTML, like Gecko) Chrome/90.0.4430.85 Safari/537.36" "wellnessconceptsclinic.com"
193.142.146.138 - - [01/Oct/2022:12:04:06 -0700] "GET /wp-includes/blocks/ HTTP/1.1" 500 - "binance.com" "Mozilla/5.0 (Windows NT 10.0; Win64; x64) AppleWebKit/537.36 (KHTML, like Gecko) Chrome/90.0.4430.85 Safari/537.36" "wellnessconceptsclinic.com"
193.142.146.138 - - [01/Oct/2022:12:04:09 -0700] "GET /wp-includes/pomo/ HTTP/1.1" 200 472 "binance.com" "Mozilla/5.0 (Windows NT 10.0; Win64; x64) AppleWebKit/537.36 (KHTML, like Gecko) Chrome/90.0.4430.85 Safari/537.36" "wellnessconceptsclinic.com"
193.142.146.138 - - [01/Oct/2022:12:04:12 -0700] "GET /wp-includes/pomo/ HTTP/1.1" 200 472 "binance.com" "Mozilla/5.0 (Windows NT 10.0; Win64; x64) AppleWebKit/537.36 (KHTML, like Gecko) Chrome/90.0.4430.85 Safari/537.36" "wellnessconceptsclinic.com"
193.142.146.138 - - [01/Oct/2022:12:04:17 -0700] "GET /wp-includes/sitemaps/ HTTP/1.1" 200 507 "binance.com" "Mozilla/5.0 (Windows NT 10.0; Win64; x64) AppleWebKit/537.36 (KHTML, like Gecko) Chrome/90.0.4430.85 Safari/537.36" "wellnessconceptsclinic.com"
193.142.146.138 - - [01/Oct/2022:12:04:21 -0700] "GET /wp-includes/sitemaps/ HTTP/1.1" 200 507 "binance.com" "Mozilla/5.0 (Windows NT 10.0; Win64; x64) AppleWebKit/537.36 (KHTML, like Gecko) Chrome/90.0.4430.85 Safari/537.36" "wellnessconceptsclinic.com"
193.142.146.138 - - [01/Oct/2022:12:04:24 -0700] "GET /wp-includes/sitemaps/providers/ HTTP/1.1" 200 437 "binance.com" "Mozilla/5.0 (Windows NT 10.0; Win64; x64) AppleWebKit/537.36 (KHTML, like Gecko) Chrome/90.0.4430.85 Safari/537.36" "wellnessconceptsclinic.com"
193.142.146.138 - - [01/Oct/2022:12:04:28 -0700] "GET /wp-includes/sitemaps/providers/ HTTP/1.1" 200 437 "binance.com" "Mozilla/5.0 (Windows NT 10.0; Win64; x64) AppleWebKit/537.36 (KHTML, like Gecko) Chrome/90.0.4430.85 Safari/537.36" "wellnessconceptsclinic.com"
193.142.146.138 - - [01/Oct/2022:12:04:31 -0700] "GET /wp-includes/widgets/ HTTP/1.1" 200 668 "binance.com" "Mozilla/5.0 (Windows NT 10.0; Win64; x64) AppleWebKit/537.36 (KHTML, like Gecko) Chrome/90.0.4430.85 Safari/537.36" "wellnessconceptsclinic.com"
193.142.146.138 - - [01/Oct/2022:12:04:35 -0700] "GET /wp-includes/widgets/ HTTP/1.1" 200 668 "binance.com" "Mozilla/5.0 (Windows NT 10.0; Win64; x64) AppleWebKit/537.36 (KHTML, like Gecko) Chrome/90.0.4430.85 Safari/537.36" "wellnessconceptsclinic.com"
193.142.146.138 - - [01/Oct/2022:12:04:38 -0700] "GET /wp-includes/widgets/class-wp-widget-block.php HTTP/1.1" 500 - "binance.com" "Mozilla/5.0 (Windows NT 10.0; Win64; x64) AppleWebKit/537.36 (KHTML, like Gecko) Chrome/90.0.4430.85 Safari/537.36" "wellnessconceptsclinic.com"
193.142.146.138 - - [01/Oct/2022:12:04:41 -0700] "GET /wp-includes/css/ HTTP/1.1" 200 923 "binance.com" "Mozilla/5.0 (Windows NT 10.0; Win64; x64) AppleWebKit/537.36 (KHTML, like Gecko) Chrome/90.0.4430.85 Safari/537.36" "wellnessconceptsclinic.com"
193.142.146.138 - - [01/Oct/2022:12:04:44 -0700] "GET /wp-includes/css/dist/ HTTP/1.1" 200 559 "binance.com" "Mozilla/5.0 (Windows NT 10.0; Win64; x64) AppleWebKit/537.36 (KHTML, like Gecko) Chrome/90.0.4430.85 Safari/537.36" "wellnessconceptsclinic.com"
193.142.146.138 - - [01/Oct/2022:12:04:49 -0700] "GET /wp-includes/fonts/ HTTP/1.1" 200 457 "binance.com" "Mozilla/5.0 (Windows NT 10.0; Win64; x64) AppleWebKit/537.36 (KHTML, like Gecko) Chrome/90.0.4430.85 Safari/537.36" "wellnessconceptsclinic.com"
193.142.146.138 - - [01/Oct/2022:12:04:52 -0700] "GET /wp-includes/images/ HTTP/1.1" 200 836 "binance.com" "Mozilla/5.0 (Windows NT 10.0; Win64; x64) AppleWebKit/537.36 (KHTML, like Gecko) Chrome/90.0.4430.85 Safari/537.36" "wellnessconceptsclinic.com"
193.142.146.138 - - [01/Oct/2022:12:04:56 -0700] "GET /wp-includes/images/crystal/ HTTP/1.1" 200 547 "binance.com" "Mozilla/5.0 (Windows NT 10.0; Win64; x64) AppleWebKit/537.36 (KHTML, like Gecko) Chrome/90.0.4430.85 Safari/537.36" "wellnessconceptsclinic.com"
193.142.146.138 - - [01/Oct/2022:12:04:59 -0700] "GET /wp-includes/images/media/ HTTP/1.1" 200 516 "binance.com" "Mozilla/5.0 (Windows NT 10.0; Win64; x64) AppleWebKit/537.36 (KHTML, like Gecko) Chrome/90.0.4430.85 Safari/537.36" "wellnessconceptsclinic.com"
193.142.146.138 - - [01/Oct/2022:12:05:02 -0700] "GET /wp-includes/images/smilies/ HTTP/1.1" 200 754 "binance.com" "Mozilla/5.0 (Windows NT 10.0; Win64; x64) AppleWebKit/537.36 (KHTML, like Gecko) Chrome/90.0.4430.85 Safari/537.36" "wellnessconceptsclinic.com"
193.142.146.138 - - [01/Oct/2022:12:05:05 -0700] "GET /wp-includes/images/wlw/ HTTP/1.1" 200 420 "binance.com" "Mozilla/5.0 (Windows NT 10.0; Win64; x64) AppleWebKit/537.36 (KHTML, like Gecko) Chrome/90.0.4430.85 Safari/537.36" "wellnessconceptsclinic.com"
193.142.146.138 - - [01/Oct/2022:12:05:09 -0700] "GET /wp-includes/js/%20 HTTP/1.1" 404 88 "binance.com" "Mozilla/5.0 (Windows NT 10.0; Win64; x64) AppleWebKit/537.36 (KHTML, like Gecko) Chrome/90.0.4430.85 Safari/537.36" "wellnessconceptsclinic.com"
193.142.146.138 - - [01/Oct/2022:12:05:12 -0700] "GET /wp-includes/js/codemirror/ HTTP/1.1" 200 519 "binance.com" "Mozilla/5.0 (Windows NT 10.0; Win64; x64) AppleWebKit/537.36 (KHTML, like Gecko) Chrome/90.0.4430.85 Safari/537.36" "wellnessconceptsclinic.com"
193.142.146.138 - - [01/Oct/2022:12:05:16 -0700] "GET /wp-includes/js/plupload/ HTTP/1.1" 200 536 "binance.com" "Mozilla/5.0 (Windows NT 10.0; Win64; x64) AppleWebKit/537.36 (KHTML, like Gecko) Chrome/90.0.4430.85 Safari/537.36" "wellnessconceptsclinic.com"
8.218.143.243 - - [01/Oct/2022:12:05:24 -0700] "POST /xmlrpc.php HTTP/1.1" 200 401 "-" "Mozilla/5.0 (Windows NT 10.0; Win64; x64; rv:96.0) Gecko/20100101 Firefox/96" "wellnessconceptsclinic.com"
10.247.24.101 - - [01/Oct/2022:12:05:31 -0700] "POST /wp-cron.php?doing_wp_cron=1664651131.1713039875030517578125 HTTP/1.1" 200 - "https://wellnessconceptsclinic.com/wp-cron.php?doing_wp_cron=1664651131.1713039875030517578125" "WordPress/5.9.4; https://wellnessconceptsclinic.com" "wellnessconceptsclinic.com"
205.185.124.182 - - [01/Oct/2022:12:06:00 -0700] "GET /wp-login.php HTTP/1.1" 200 7406 "-" "Mozilla/5.0 (iPhone; CPU iPhone OS 7_1 like Mac OS X) AppleWebKit/537.51.2 (KHTML, like Gecko) Version/7.0 Mobile/11D167 Safari/9537.53" "wellnessconceptsclinic.com"
205.185.124.182 - - [01/Oct/2022:12:06:57 -0700] "POST /wp-login.php HTTP/1.1" 200 7851 "-" "Mozilla/5.0 (iPhone; CPU iPhone OS 7_1 like Mac OS X) AppleWebKit/537.51.2 (KHTML, like Gecko) Version/7.0 Mobile/11D167 Safari/9537.53" "wellnessconceptsclinic.com"
211.135.131.243 - - [01/Oct/2022:12:14:20 -0700] "POST /xmlrpc.php HTTP/1.1" 200 401 "-" "Mozilla/5.0 (Windows NT 10.0; Win64; x64; rv:96.0) Gecko/20100101 Firefox/96" "wellnessconceptsclinic.com"
205.185.121.252 - - [01/Oct/2022:12:18:42 -0700] "GET /wp-login.php HTTP/1.1" 200 7406 "-" "Mozilla/5.0 (Macintosh; Intel Mac OS X 10.9; rv:31.0) Gecko/20100101 Firefox/31.0" "wellnessconceptsclinic.com"
205.185.121.252 - - [01/Oct/2022:12:19:37 -0700] "POST /wp-login.php HTTP/1.1" 200 7851 "-" "Mozilla/5.0 (Macintosh; Intel Mac OS X 10.9; rv:31.0) Gecko/20100101 Firefox/31.0" "wellnessconceptsclinic.com"
193.142.147.68 - - [01/Oct/2022:12:21:50 -0700] "GET /wp-admin/css/ HTTP/1.1" 200 1573 "binance.com" "Mozilla/5.0 (Windows NT 10.0; Win64; x64) AppleWebKit/537.36 (KHTML, like Gecko) Chrome/90.0.4430.85 Safari/537.36" "wellnessconceptsclinic.com"
193.142.147.68 - - [01/Oct/2022:12:22:10 -0700] "GET /wp-content/uploads/2022/09/ HTTP/1.1" 200 1181 "binance.com" "Mozilla/5.0 (Windows NT 10.0; Win64; x64) AppleWebKit/537.36 (KHTML, like Gecko) Chrome/90.0.4430.85 Safari/537.36" "wellnessconceptsclinic.com"
193.142.147.68 - - [01/Oct/2022:12:22:20 -0700] "GET /wp-content/uploads/2022/08/ HTTP/1.1" 200 332 "binance.com" "Mozilla/5.0 (Windows NT 10.0; Win64; x64) AppleWebKit/537.36 (KHTML, like Gecko) Chrome/90.0.4430.85 Safari/537.36" "wellnessconceptsclinic.com"
193.142.147.68 - - [01/Oct/2022:12:22:34 -0700] "GET /wp-content/uploads/ HTTP/1.1" 200 393 "binance.com" "Mozilla/5.0 (Windows NT 10.0; Win64; x64) AppleWebKit/537.36 (KHTML, like Gecko) Chrome/90.0.4430.85 Safari/537.36" "wellnessconceptsclinic.com"
193.142.147.68 - - [01/Oct/2022:12:22:52 -0700] "GET /wp-content/upgrade/ HTTP/1.1" 200 324 "binance.com" "Mozilla/5.0 (Windows NT 10.0; Win64; x64) AppleWebKit/537.36 (KHTML, like Gecko) Chrome/90.0.4430.85 Safari/537.36" "wellnessconceptsclinic.com"
35.211.94.153 - - [01/Oct/2022:12:23:29 -0700] "POST /xmlrpc.php HTTP/1.1" 200 401 "-" "Mozilla/5.0 (Windows NT 10.0; Win64; x64; rv:96.0) Gecko/20100101 Firefox/96" "wellnessconceptsclinic.com"
10.247.24.102 - - [01/Oct/2022:12:23:38 -0700] "POST /wp-cron.php?doing_wp_cron=1664652218.5100610256195068359375 HTTP/1.1" 200 - "https://wellnessconceptsclinic.com/wp-cron.php?doing_wp_cron=1664652218.5100610256195068359375" "WordPress/5.9.4; https://wellnessconceptsclinic.com" "wellnessconceptsclinic.com"
193.142.147.68 - - [01/Oct/2022:12:24:04 -0700] "GET /wp-content/languages/ HTTP/1.1" 404 88 "binance.com" "Mozilla/5.0 (Windows NT 10.0; Win64; x64) AppleWebKit/537.36 (KHTML, like Gecko) Chrome/90.0.4430.85 Safari/537.36" "wellnessconceptsclinic.com"
193.142.147.68 - - [01/Oct/2022:12:25:12 -0700] "GET /wp-admin/includes/ HTTP/1.1" 200 2005 "binance.com" "Mozilla/5.0 (Windows NT 10.0; Win64; x64) AppleWebKit/537.36 (KHTML, like Gecko) Chrome/90.0.4430.85 Safari/537.36" "wellnessconceptsclinic.com"
193.142.147.68 - - [01/Oct/2022:12:25:47 -0700] "GET /wp-admin/includes/ HTTP/1.1" 200 2005 "binance.com" "Mozilla/5.0 (Windows NT 10.0; Win64; x64) AppleWebKit/537.36 (KHTML, like Gecko) Chrome/90.0.4430.85 Safari/537.36" "wellnessconceptsclinic.com"
79.124.8.3 - - [01/Oct/2022:12:25:52 -0700] "GET /wp-admin/css/ HTTP/1.1" 200 1573 "binance.com" "Mozilla/5.0 (Windows NT 10.0; Win64; x64) AppleWebKit/537.36 (KHTML, like Gecko) Chrome/90.0.4430.85 Safari/537.36" "wellnessconceptsclinic.com"
79.124.8.3 - - [01/Oct/2022:12:25:57 -0700] "GET /wp-content/uploads/2022/10/ HTTP/1.1" 200 331 "binance.com" "Mozilla/5.0 (Windows NT 10.0; Win64; x64) AppleWebKit/537.36 (KHTML, like Gecko) Chrome/90.0.4430.85 Safari/537.36" "wellnessconceptsclinic.com"
79.124.8.3 - - [01/Oct/2022:12:26:02 -0700] "GET /wp-content/uploads/2022/09/ HTTP/1.1" 200 1181 "binance.com" "Mozilla/5.0 (Windows NT 10.0; Win64; x64) AppleWebKit/537.36 (KHTML, like Gecko) Chrome/90.0.4430.85 Safari/537.36" "wellnessconceptsclinic.com"
79.124.8.3 - - [01/Oct/2022:12:26:07 -0700] "GET /wp-content/uploads/ HTTP/1.1" 200 393 "binance.com" "Mozilla/5.0 (Windows NT 10.0; Win64; x64) AppleWebKit/537.36 (KHTML, like Gecko) Chrome/90.0.4430.85 Safari/537.36" "wellnessconceptsclinic.com"
79.124.8.3 - - [01/Oct/2022:12:26:12 -0700] "GET /wp-content/upgrade/ HTTP/1.1" 200 324 "binance.com" "Mozilla/5.0 (Windows NT 10.0; Win64; x64) AppleWebKit/537.36 (KHTML, like Gecko) Chrome/90.0.4430.85 Safari/537.36" "wellnessconceptsclinic.com"
79.124.8.3 - - [01/Oct/2022:12:26:17 -0700] "GET /wp-content/languages/ HTTP/1.1" 404 88 "binance.com" "Mozilla/5.0 (Windows NT 10.0; Win64; x64) AppleWebKit/537.36 (KHTML, like Gecko) Chrome/90.0.4430.85 Safari/537.36" "wellnessconceptsclinic.com"
79.124.8.3 - - [01/Oct/2022:12:26:22 -0700] "GET /wp-admin/includes/ HTTP/1.1" 200 2005 "binance.com" "Mozilla/5.0 (Windows NT 10.0; Win64; x64) AppleWebKit/537.36 (KHTML, like Gecko) Chrome/90.0.4430.85 Safari/537.36" "wellnessconceptsclinic.com"
79.124.8.3 - - [01/Oct/2022:12:26:27 -0700] "GET /wp-admin/includes/ HTTP/1.1" 200 2005 "binance.com" "Mozilla/5.0 (Windows NT 10.0; Win64; x64) AppleWebKit/537.36 (KHTML, like Gecko) Chrome/90.0.4430.85 Safari/537.36" "wellnessconceptsclinic.com"
79.124.8.3 - - [01/Oct/2022:12:26:35 -0700] "GET /wp-admin/maint/ HTTP/1.1" 200 371 "binance.com" "Mozilla/5.0 (Windows NT 10.0; Win64; x64) AppleWebKit/537.36 (KHTML, like Gecko) Chrome/90.0.4430.85 Safari/537.36" "wellnessconceptsclinic.com"
193.142.147.68 - - [01/Oct/2022:12:26:36 -0700] "GET /wp-admin/maint/ HTTP/1.1" 200 371 "binance.com" "Mozilla/5.0 (Windows NT 10.0; Win64; x64) AppleWebKit/537.36 (KHTML, like Gecko) Chrome/90.0.4430.85 Safari/537.36" "wellnessconceptsclinic.com"
79.124.8.3 - - [01/Oct/2022:12:26:40 -0700] "GET /wp-admin/maint/ HTTP/1.1" 200 371 "binance.com" "Mozilla/5.0 (Windows NT 10.0; Win64; x64) AppleWebKit/537.36 (KHTML, like Gecko) Chrome/90.0.4430.85 Safari/537.36" "wellnessconceptsclinic.com"
79.124.8.3 - - [01/Oct/2022:12:26:45 -0700] "GET /wp-admin/network/ HTTP/1.1" 302 - "binance.com" "Mozilla/5.0 (Windows NT 10.0; Win64; x64) AppleWebKit/537.36 (KHTML, like Gecko) Chrome/90.0.4430.85 Safari/537.36" "wellnessconceptsclinic.com"
193.142.146.138 - - [01/Oct/2022:12:26:55 -0700] "GET /wp-admin/css/ HTTP/1.1" 200 1573 "binance.com" "Mozilla/5.0 (Windows NT 10.0; Win64; x64) AppleWebKit/537.36 (KHTML, like Gecko) Chrome/90.0.4430.85 Safari/537.36" "wellnessconceptsclinic.com"
193.142.146.138 - - [01/Oct/2022:12:26:59 -0700] "GET /wp-content/uploads/2022/10/ HTTP/1.1" 200 331 "binance.com" "Mozilla/5.0 (Windows NT 10.0; Win64; x64) AppleWebKit/537.36 (KHTML, like Gecko) Chrome/90.0.4430.85 Safari/537.36" "wellnessconceptsclinic.com"
79.124.8.3 - - [01/Oct/2022:12:26:53 -0700] "GET /wp-login.php?redirect_to=https%3A%2F%2Fwellnessconceptsclinic.com%2Fwp-admin%2Fnetwork%2F&reauth=1 HTTP/1.1" 200 7417 "binance.com" "Mozilla/5.0 (Windows NT 10.0; Win64; x64) AppleWebKit/537.36 (KHTML, like Gecko) Chrome/90.0.4430.85 Safari/537.36" "wellnessconceptsclinic.com"
193.142.146.138 - - [01/Oct/2022:12:27:03 -0700] "GET /wp-content/uploads/2022/09/ HTTP/1.1" 200 1181 "binance.com" "Mozilla/5.0 (Windows NT 10.0; Win64; x64) AppleWebKit/537.36 (KHTML, like Gecko) Chrome/90.0.4430.85 Safari/537.36" "wellnessconceptsclinic.com"
193.142.147.68 - - [01/Oct/2022:12:27:05 -0700] "GET /wp-admin/maint/ HTTP/1.1" 200 371 "binance.com" "Mozilla/5.0 (Windows NT 10.0; Win64; x64) AppleWebKit/537.36 (KHTML, like Gecko) Chrome/90.0.4430.85 Safari/537.36" "wellnessconceptsclinic.com"
193.142.146.138 - - [01/Oct/2022:12:27:06 -0700] "GET /wp-content/uploads/ HTTP/1.1" 200 393 "binance.com" "Mozilla/5.0 (Windows NT 10.0; Win64; x64) AppleWebKit/537.36 (KHTML, like Gecko) Chrome/90.0.4430.85 Safari/537.36" "wellnessconceptsclinic.com"
193.142.146.138 - - [01/Oct/2022:12:27:09 -0700] "GET /wp-content/upgrade/ HTTP/1.1" 200 324 "binance.com" "Mozilla/5.0 (Windows NT 10.0; Win64; x64) AppleWebKit/537.36 (KHTML, like Gecko) Chrome/90.0.4430.85 Safari/537.36" "wellnessconceptsclinic.com"
193.142.146.138 - - [01/Oct/2022:12:27:12 -0700] "GET /wp-content/languages/ HTTP/1.1" 404 88 "binance.com" "Mozilla/5.0 (Windows NT 10.0; Win64; x64) AppleWebKit/537.36 (KHTML, like Gecko) Chrome/90.0.4430.85 Safari/537.36" "wellnessconceptsclinic.com"
193.142.146.138 - - [01/Oct/2022:12:27:16 -0700] "GET /wp-admin/includes/ HTTP/1.1" 200 2005 "binance.com" "Mozilla/5.0 (Windows NT 10.0; Win64; x64) AppleWebKit/537.36 (KHTML, like Gecko) Chrome/90.0.4430.85 Safari/537.36" "wellnessconceptsclinic.com"
79.124.8.3 - - [01/Oct/2022:12:27:09 -0700] "GET /wp-admin/user/ HTTP/1.1" 302 - "binance.com" "Mozilla/5.0 (Windows NT 10.0; Win64; x64) AppleWebKit/537.36 (KHTML, like Gecko) Chrome/90.0.4430.85 Safari/537.36" "wellnessconceptsclinic.com"
193.142.146.138 - - [01/Oct/2022:12:27:19 -0700] "GET /wp-admin/includes/ HTTP/1.1" 200 2005 "binance.com" "Mozilla/5.0 (Windows NT 10.0; Win64; x64) AppleWebKit/537.36 (KHTML, like Gecko) Chrome/90.0.4430.85 Safari/537.36" "wellnessconceptsclinic.com"
193.142.146.138 - - [01/Oct/2022:12:27:24 -0700] "GET /wp-admin/maint/ HTTP/1.1" 200 371 "binance.com" "Mozilla/5.0 (Windows NT 10.0; Win64; x64) AppleWebKit/537.36 (KHTML, like Gecko) Chrome/90.0.4430.85 Safari/537.36" "wellnessconceptsclinic.com"
79.124.8.3 - - [01/Oct/2022:12:27:19 -0700] "GET /wp-login.php?redirect_to=https%3A%2F%2Fwellnessconceptsclinic.com%2Fwp-admin%2Fuser%2F&reauth=1 HTTP/1.1" 200 7414 "binance.com" "Mozilla/5.0 (Windows NT 10.0; Win64; x64) AppleWebKit/537.36 (KHTML, like Gecko) Chrome/90.0.4430.85 Safari/537.36" "wellnessconceptsclinic.com"
193.142.146.138 - - [01/Oct/2022:12:27:27 -0700] "GET /wp-admin/maint/ HTTP/1.1" 200 371 "binance.com" "Mozilla/5.0 (Windows NT 10.0; Win64; x64) AppleWebKit/537.36 (KHTML, like Gecko) Chrome/90.0.4430.85 Safari/537.36" "wellnessconceptsclinic.com"
79.124.8.3 - - [01/Oct/2022:12:27:32 -0700] "GET /wp-admin/css/ HTTP/1.1" 200 1573 "binance.com" "Mozilla/5.0 (Windows NT 10.0; Win64; x64) AppleWebKit/537.36 (KHTML, like Gecko) Chrome/90.0.4430.85 Safari/537.36" "wellnessconceptsclinic.com"
193.142.147.68 - - [01/Oct/2022:12:27:29 -0700] "GET /wp-admin/network/ HTTP/1.1" 302 - "binance.com" "Mozilla/5.0 (Windows NT 10.0; Win64; x64) AppleWebKit/537.36 (KHTML, like Gecko) Chrome/90.0.4430.85 Safari/537.36" "wellnessconceptsclinic.com"
193.142.146.138 - - [01/Oct/2022:12:27:30 -0700] "GET /wp-admin/network/ HTTP/1.1" 302 - "binance.com" "Mozilla/5.0 (Windows NT 10.0; Win64; x64) AppleWebKit/537.36 (KHTML, like Gecko) Chrome/90.0.4430.85 Safari/537.36" "wellnessconceptsclinic.com"
79.124.8.3 - - [01/Oct/2022:12:27:37 -0700] "GET /wp-admin/css/colors/ HTTP/1.1" 200 554 "binance.com" "Mozilla/5.0 (Windows NT 10.0; Win64; x64) AppleWebKit/537.36 (KHTML, like Gecko) Chrome/90.0.4430.85 Safari/537.36" "wellnessconceptsclinic.com"
79.124.8.3 - - [01/Oct/2022:12:27:41 -0700] "GET /wp-admin/css/colors/blue/ HTTP/1.1" 200 439 "binance.com" "Mozilla/5.0 (Windows NT 10.0; Win64; x64) AppleWebKit/537.36 (KHTML, like Gecko) Chrome/90.0.4430.85 Safari/537.36" "wellnessconceptsclinic.com"
193.142.146.138 - - [01/Oct/2022:12:27:38 -0700] "GET /wp-login.php?redirect_to=https%3A%2F%2Fwellnessconceptsclinic.com%2Fwp-admin%2Fnetwork%2F&reauth=1 HTTP/1.1" 200 7417 "binance.com" "Mozilla/5.0 (Windows NT 10.0; Win64; x64) AppleWebKit/537.36 (KHTML, like Gecko) Chrome/90.0.4430.85 Safari/537.36" "wellnessconceptsclinic.com"
79.124.8.3 - - [01/Oct/2022:12:27:45 -0700] "GET /wp-admin/css/colors/coffee/ HTTP/1.1" 200 440 "binance.com" "Mozilla/5.0 (Windows NT 10.0; Win64; x64) AppleWebKit/537.36 (KHTML, like Gecko) Chrome/90.0.4430.85 Safari/537.36" "wellnessconceptsclinic.com"
193.142.147.68 - - [01/Oct/2022:12:27:40 -0700] "GET /wp-login.php?redirect_to=https%3A%2F%2Fwellnessconceptsclinic.com%2Fwp-admin%2Fnetwork%2F&reauth=1 HTTP/1.1" 200 7417 "binance.com" "Mozilla/5.0 (Windows NT 10.0; Win64; x64) AppleWebKit/537.36 (KHTML, like Gecko) Chrome/90.0.4430.85 Safari/537.36" "wellnessconceptsclinic.com"
79.124.8.3 - - [01/Oct/2022:12:27:50 -0700] "GET /wp-admin/css/colors/ectoplasm/ HTTP/1.1" 200 442 "binance.com" "Mozilla/5.0 (Windows NT 10.0; Win64; x64) AppleWebKit/537.36 (KHTML, like Gecko) Chrome/90.0.4430.85 Safari/537.36" "wellnessconceptsclinic.com"
79.124.8.3 - - [01/Oct/2022:12:27:56 -0700] "GET /wp-admin/css/colors/light/ HTTP/1.1" 200 441 "binance.com" "Mozilla/5.0 (Windows NT 10.0; Win64; x64) AppleWebKit/537.36 (KHTML, like Gecko) Chrome/90.0.4430.85 Safari/537.36" "wellnessconceptsclinic.com"
193.142.146.138 - - [01/Oct/2022:12:27:50 -0700] "GET /wp-admin/user/ HTTP/1.1" 302 - "binance.com" "Mozilla/5.0 (Windows NT 10.0; Win64; x64) AppleWebKit/537.36 (KHTML, like Gecko) Chrome/90.0.4430.85 Safari/537.36" "wellnessconceptsclinic.com"
79.124.8.3 - - [01/Oct/2022:12:28:00 -0700] "GET /wp-admin/css/colors/midnight/ HTTP/1.1" 200 442 "binance.com" "Mozilla/5.0 (Windows NT 10.0; Win64; x64) AppleWebKit/537.36 (KHTML, like Gecko) Chrome/90.0.4430.85 Safari/537.36" "wellnessconceptsclinic.com"
193.142.146.138 - - [01/Oct/2022:12:27:56 -0700] "GET /wp-login.php?redirect_to=https%3A%2F%2Fwellnessconceptsclinic.com%2Fwp-admin%2Fuser%2F&reauth=1 HTTP/1.1" 200 7414 "binance.com" "Mozilla/5.0 (Windows NT 10.0; Win64; x64) AppleWebKit/537.36 (KHTML, like Gecko) Chrome/90.0.4430.85 Safari/537.36" "wellnessconceptsclinic.com"
79.124.8.3 - - [01/Oct/2022:12:28:07 -0700] "GET /wp-admin/css/colors/modern/ HTTP/1.1" 200 440 "binance.com" "Mozilla/5.0 (Windows NT 10.0; Win64; x64) AppleWebKit/537.36 (KHTML, like Gecko) Chrome/90.0.4430.85 Safari/537.36" "wellnessconceptsclinic.com"
193.142.146.138 - - [01/Oct/2022:12:28:07 -0700] "GET /wp-admin/css/ HTTP/1.1" 200 1573 "binance.com" "Mozilla/5.0 (Windows NT 10.0; Win64; x64) AppleWebKit/537.36 (KHTML, like Gecko) Chrome/90.0.4430.85 Safari/537.36" "wellnessconceptsclinic.com"
79.124.8.3 - - [01/Oct/2022:12:28:11 -0700] "GET /wp-admin/css/colors/ocean/ HTTP/1.1" 200 439 "binance.com" "Mozilla/5.0 (Windows NT 10.0; Win64; x64) AppleWebKit/537.36 (KHTML, like Gecko) Chrome/90.0.4430.85 Safari/537.36" "wellnessconceptsclinic.com"
193.142.147.68 - - [01/Oct/2022:12:28:04 -0700] "GET /wp-admin/user/ HTTP/1.1" 302 - "binance.com" "Mozilla/5.0 (Windows NT 10.0; Win64; x64) AppleWebKit/537.36 (KHTML, like Gecko) Chrome/90.0.4430.85 Safari/537.36" "wellnessconceptsclinic.com"
193.142.146.138 - - [01/Oct/2022:12:28:12 -0700] "GET /wp-admin/css/colors/ HTTP/1.1" 200 554 "binance.com" "Mozilla/5.0 (Windows NT 10.0; Win64; x64) AppleWebKit/537.36 (KHTML, like Gecko) Chrome/90.0.4430.85 Safari/537.36" "wellnessconceptsclinic.com"
193.142.146.138 - - [01/Oct/2022:12:28:15 -0700] "GET /wp-admin/css/colors/blue/ HTTP/1.1" 200 439 "binance.com" "Mozilla/5.0 (Windows NT 10.0; Win64; x64) AppleWebKit/537.36 (KHTML, like Gecko) Chrome/90.0.4430.85 Safari/537.36" "wellnessconceptsclinic.com"
79.124.8.3 - - [01/Oct/2022:12:28:16 -0700] "GET /wp-admin/css/colors/sunrise/%20 HTTP/1.1" 404 88 "binance.com" "Mozilla/5.0 (Windows NT 10.0; Win64; x64) AppleWebKit/537.36 (KHTML, like Gecko) Chrome/90.0.4430.85 Safari/537.36" "wellnessconceptsclinic.com"
193.142.146.138 - - [01/Oct/2022:12:28:18 -0700] "GET /wp-admin/css/colors/coffee/ HTTP/1.1" 200 440 "binance.com" "Mozilla/5.0 (Windows NT 10.0; Win64; x64) AppleWebKit/537.36 (KHTML, like Gecko) Chrome/90.0.4430.85 Safari/537.36" "wellnessconceptsclinic.com"
193.142.146.138 - - [01/Oct/2022:12:28:21 -0700] "GET /wp-admin/css/colors/ectoplasm/ HTTP/1.1" 200 442 "binance.com" "Mozilla/5.0 (Windows NT 10.0; Win64; x64) AppleWebKit/537.36 (KHTML, like Gecko) Chrome/90.0.4430.85 Safari/537.36" "wellnessconceptsclinic.com"
79.124.8.3 - - [01/Oct/2022:12:28:22 -0700] "GET /wp-admin/images/ HTTP/1.1" 200 1477 "binance.com" "Mozilla/5.0 (Windows NT 10.0; Win64; x64) AppleWebKit/537.36 (KHTML, like Gecko) Chrome/90.0.4430.85 Safari/537.36" "wellnessconceptsclinic.com"
193.142.146.138 - - [01/Oct/2022:12:28:25 -0700] "GET /wp-admin/css/colors/light/ HTTP/1.1" 200 441 "binance.com" "Mozilla/5.0 (Windows NT 10.0; Win64; x64) AppleWebKit/537.36 (KHTML, like Gecko) Chrome/90.0.4430.85 Safari/537.36" "wellnessconceptsclinic.com"
79.124.8.3 - - [01/Oct/2022:12:28:27 -0700] "GET /wp-admin/js/ HTTP/1.1" 200 1792 "binance.com" "Mozilla/5.0 (Windows NT 10.0; Win64; x64) AppleWebKit/537.36 (KHTML, like Gecko) Chrome/90.0.4430.85 Safari/537.36" "wellnessconceptsclinic.com"
193.142.146.138 - - [01/Oct/2022:12:28:28 -0700] "GET /wp-admin/css/colors/midnight/ HTTP/1.1" 200 442 "binance.com" "Mozilla/5.0 (Windows NT 10.0; Win64; x64) AppleWebKit/537.36 (KHTML, like Gecko) Chrome/90.0.4430.85 Safari/537.36" "wellnessconceptsclinic.com"
193.142.147.68 - - [01/Oct/2022:12:28:24 -0700] "GET /wp-login.php?redirect_to=https%3A%2F%2Fwellnessconceptsclinic.com%2Fwp-admin%2Fuser%2F&reauth=1 HTTP/1.1" 200 7414 "binance.com" "Mozilla/5.0 (Windows NT 10.0; Win64; x64) AppleWebKit/537.36 (KHTML, like Gecko) Chrome/90.0.4430.85 Safari/537.36" "wellnessconceptsclinic.com"
79.124.8.3 - - [01/Oct/2022:12:28:32 -0700] "GET /wp-admin/js/widgets/ HTTP/1.1" 200 587 "binance.com" "Mozilla/5.0 (Windows NT 10.0; Win64; x64) AppleWebKit/537.36 (KHTML, like Gecko) Chrome/90.0.4430.85 Safari/537.36" "wellnessconceptsclinic.com"
193.142.146.138 - - [01/Oct/2022:12:28:32 -0700] "GET /wp-admin/css/colors/modern/ HTTP/1.1" 200 440 "binance.com" "Mozilla/5.0 (Windows NT 10.0; Win64; x64) AppleWebKit/537.36 (KHTML, like Gecko) Chrome/90.0.4430.85 Safari/537.36" "wellnessconceptsclinic.com"
193.142.146.138 - - [01/Oct/2022:12:28:36 -0700] "GET /wp-admin/css/colors/ocean/ HTTP/1.1" 200 439 "binance.com" "Mozilla/5.0 (Windows NT 10.0; Win64; x64) AppleWebKit/537.36 (KHTML, like Gecko) Chrome/90.0.4430.85 Safari/537.36" "wellnessconceptsclinic.com"
79.124.8.3 - - [01/Oct/2022:12:28:37 -0700] "GET /wp-includes/ HTTP/1.1" 200 3964 "binance.com" "Mozilla/5.0 (Windows NT 10.0; Win64; x64) AppleWebKit/537.36 (KHTML, like Gecko) Chrome/90.0.4430.85 Safari/537.36" "wellnessconceptsclinic.com"
193.142.146.138 - - [01/Oct/2022:12:28:40 -0700] "GET /wp-admin/css/colors/sunrise/%20 HTTP/1.1" 404 88 "binance.com" "Mozilla/5.0 (Windows NT 10.0; Win64; x64) AppleWebKit/537.36 (KHTML, like Gecko) Chrome/90.0.4430.85 Safari/537.36" "wellnessconceptsclinic.com"
193.142.146.138 - - [01/Oct/2022:12:28:42 -0700] "GET /wp-admin/images/ HTTP/1.1" 200 1477 "binance.com" "Mozilla/5.0 (Windows NT 10.0; Win64; x64) AppleWebKit/537.36 (KHTML, like Gecko) Chrome/90.0.4430.85 Safari/537.36" "wellnessconceptsclinic.com"
79.124.8.3 - - [01/Oct/2022:12:28:42 -0700] "GET /wp-includes/ HTTP/1.1" 200 3964 "binance.com" "Mozilla/5.0 (Windows NT 10.0; Win64; x64) AppleWebKit/537.36 (KHTML, like Gecko) Chrome/90.0.4430.85 Safari/537.36" "wellnessconceptsclinic.com"
193.142.146.138 - - [01/Oct/2022:12:28:45 -0700] "GET /wp-admin/js/ HTTP/1.1" 200 1792 "binance.com" "Mozilla/5.0 (Windows NT 10.0; Win64; x64) AppleWebKit/537.36 (KHTML, like Gecko) Chrome/90.0.4430.85 Safari/537.36" "wellnessconceptsclinic.com"
193.142.146.138 - - [01/Oct/2022:12:28:49 -0700] "GET /wp-admin/js/widgets/ HTTP/1.1" 200 587 "binance.com" "Mozilla/5.0 (Windows NT 10.0; Win64; x64) AppleWebKit/537.36 (KHTML, like Gecko) Chrome/90.0.4430.85 Safari/537.36" "wellnessconceptsclinic.com"
193.142.147.68 - - [01/Oct/2022:12:28:50 -0700] "GET /wp-admin/css/ HTTP/1.1" 200 1573 "binance.com" "Mozilla/5.0 (Windows NT 10.0; Win64; x64) AppleWebKit/537.36 (KHTML, like Gecko) Chrome/90.0.4430.85 Safari/537.36" "wellnessconceptsclinic.com"
193.142.146.138 - - [01/Oct/2022:12:28:53 -0700] "GET /wp-includes/ HTTP/1.1" 200 3964 "binance.com" "Mozilla/5.0 (Windows NT 10.0; Win64; x64) AppleWebKit/537.36 (KHTML, like Gecko) Chrome/90.0.4430.85 Safari/537.36" "wellnessconceptsclinic.com"
193.142.146.138 - - [01/Oct/2022:12:28:56 -0700] "GET /wp-includes/ HTTP/1.1" 200 3964 "binance.com" "Mozilla/5.0 (Windows NT 10.0; Win64; x64) AppleWebKit/537.36 (KHTML, like Gecko) Chrome/90.0.4430.85 Safari/537.36" "wellnessconceptsclinic.com"
79.124.8.3 - - [01/Oct/2022:12:28:59 -0700] "GET /wp-includes/block-editor.php HTTP/1.1" 200 - "binance.com" "Mozilla/5.0 (Windows NT 10.0; Win64; x64) AppleWebKit/537.36 (KHTML, like Gecko) Chrome/90.0.4430.85 Safari/537.36" "wellnessconceptsclinic.com"
79.124.8.3 - - [01/Oct/2022:12:29:03 -0700] "GET /wp-includes/block-template-utils.php HTTP/1.1" 200 - "binance.com" "Mozilla/5.0 (Windows NT 10.0; Win64; x64) AppleWebKit/537.36 (KHTML, like Gecko) Chrome/90.0.4430.85 Safari/537.36" "wellnessconceptsclinic.com"
193.142.147.68 - - [01/Oct/2022:12:29:03 -0700] "GET /wp-admin/css/colors/ HTTP/1.1" 200 554 "binance.com" "Mozilla/5.0 (Windows NT 10.0; Win64; x64) AppleWebKit/537.36 (KHTML, like Gecko) Chrome/90.0.4430.85 Safari/537.36" "wellnessconceptsclinic.com"
193.142.146.138 - - [01/Oct/2022:12:29:05 -0700] "GET /wp-includes/block-editor.php HTTP/1.1" 200 - "binance.com" "Mozilla/5.0 (Windows NT 10.0; Win64; x64) AppleWebKit/537.36 (KHTML, like Gecko) Chrome/90.0.4430.85 Safari/537.36" "wellnessconceptsclinic.com"
79.124.8.3 - - [01/Oct/2022:12:29:06 -0700] "GET /wp-includes/block-template.php HTTP/1.1" 200 - "binance.com" "Mozilla/5.0 (Windows NT 10.0; Win64; x64) AppleWebKit/537.36 (KHTML, like Gecko) Chrome/90.0.4430.85 Safari/537.36" "wellnessconceptsclinic.com"
79.124.8.3 - - [01/Oct/2022:12:29:11 -0700] "GET /wp-includes/class-wp-block-editor-context.php HTTP/1.1" 200 - "binance.com" "Mozilla/5.0 (Windows NT 10.0; Win64; x64) AppleWebKit/537.36 (KHTML, like Gecko) Chrome/90.0.4430.85 Safari/537.36" "wellnessconceptsclinic.com"
193.142.146.138 - - [01/Oct/2022:12:29:13 -0700] "GET /wp-includes/block-template-utils.php HTTP/1.1" 200 - "binance.com" "Mozilla/5.0 (Windows NT 10.0; Win64; x64) AppleWebKit/537.36 (KHTML, like Gecko) Chrome/90.0.4430.85 Safari/537.36" "wellnessconceptsclinic.com"
79.124.8.3 - - [01/Oct/2022:12:29:15 -0700] "GET /wp-includes/class-wp-block-template.php HTTP/1.1" 200 - "binance.com" "Mozilla/5.0 (Windows NT 10.0; Win64; x64) AppleWebKit/537.36 (KHTML, like Gecko) Chrome/90.0.4430.85 Safari/537.36" "wellnessconceptsclinic.com"
193.142.146.138 - - [01/Oct/2022:12:29:16 -0700] "GET /wp-includes/block-template.php HTTP/1.1" 200 - "binance.com" "Mozilla/5.0 (Windows NT 10.0; Win64; x64) AppleWebKit/537.36 (KHTML, like Gecko) Chrome/90.0.4430.85 Safari/537.36" "wellnessconceptsclinic.com"
193.142.147.68 - - [01/Oct/2022:12:29:17 -0700] "GET /wp-admin/css/colors/blue/ HTTP/1.1" 200 439 "binance.com" "Mozilla/5.0 (Windows NT 10.0; Win64; x64) AppleWebKit/537.36 (KHTML, like Gecko) Chrome/90.0.4430.85 Safari/537.36" "wellnessconceptsclinic.com"
79.124.8.3 - - [01/Oct/2022:12:29:18 -0700] "GET /wp-includes/class-wp-http.php HTTP/1.1" 500 - "binance.com" "Mozilla/5.0 (Windows NT 10.0; Win64; x64) AppleWebKit/537.36 (KHTML, like Gecko) Chrome/90.0.4430.85 Safari/537.36" "wellnessconceptsclinic.com"
193.142.146.138 - - [01/Oct/2022:12:29:19 -0700] "GET /wp-includes/class-wp-block-editor-context.php HTTP/1.1" 200 - "binance.com" "Mozilla/5.0 (Windows NT 10.0; Win64; x64) AppleWebKit/537.36 (KHTML, like Gecko) Chrome/90.0.4430.85 Safari/537.36" "wellnessconceptsclinic.com"
79.124.8.3 - - [01/Oct/2022:12:29:22 -0700] "GET /wp-includes/class-wp-theme-json-resolver.php HTTP/1.1" 200 - "binance.com" "Mozilla/5.0 (Windows NT 10.0; Win64; x64) AppleWebKit/537.36 (KHTML, like Gecko) Chrome/90.0.4430.85 Safari/537.36" "wellnessconceptsclinic.com"
193.142.146.138 - - [01/Oct/2022:12:29:22 -0700] "GET /wp-includes/class-wp-block-template.php HTTP/1.1" 200 - "binance.com" "Mozilla/5.0 (Windows NT 10.0; Win64; x64) AppleWebKit/537.36 (KHTML, like Gecko) Chrome/90.0.4430.85 Safari/537.36" "wellnessconceptsclinic.com"
193.142.146.138 - - [01/Oct/2022:12:29:26 -0700] "GET /wp-includes/class-wp-http.php HTTP/1.1" 500 - "binance.com" "Mozilla/5.0 (Windows NT 10.0; Win64; x64) AppleWebKit/537.36 (KHTML, like Gecko) Chrome/90.0.4430.85 Safari/537.36" "wellnessconceptsclinic.com"
79.124.8.3 - - [01/Oct/2022:12:29:28 -0700] "GET /wp-includes/class-wp-theme-json-schema.php HTTP/1.1" 200 - "binance.com" "Mozilla/5.0 (Windows NT 10.0; Win64; x64) AppleWebKit/537.36 (KHTML, like Gecko) Chrome/90.0.4430.85 Safari/537.36" "wellnessconceptsclinic.com"
193.142.146.138 - - [01/Oct/2022:12:29:29 -0700] "GET /wp-includes/class-wp-theme-json-resolver.php HTTP/1.1" 200 - "binance.com" "Mozilla/5.0 (Windows NT 10.0; Win64; x64) AppleWebKit/537.36 (KHTML, like Gecko) Chrome/90.0.4430.85 Safari/537.36" "wellnessconceptsclinic.com"
79.124.8.3 - - [01/Oct/2022:12:29:32 -0700] "GET /wp-includes/class-wp-theme-json.php HTTP/1.1" 200 - "binance.com" "Mozilla/5.0 (Windows NT 10.0; Win64; x64) AppleWebKit/537.36 (KHTML, like Gecko) Chrome/90.0.4430.85 Safari/537.36" "wellnessconceptsclinic.com"
193.142.146.138 - - [01/Oct/2022:12:29:34 -0700] "GET /wp-includes/class-wp-theme-json-schema.php HTTP/1.1" 200 - "binance.com" "Mozilla/5.0 (Windows NT 10.0; Win64; x64) AppleWebKit/537.36 (KHTML, like Gecko) Chrome/90.0.4430.85 Safari/537.36" "wellnessconceptsclinic.com"
193.142.147.68 - - [01/Oct/2022:12:29:35 -0700] "GET /wp-admin/css/colors/coffee/ HTTP/1.1" 200 440 "binance.com" "Mozilla/5.0 (Windows NT 10.0; Win64; x64) AppleWebKit/537.36 (KHTML, like Gecko) Chrome/90.0.4430.85 Safari/537.36" "wellnessconceptsclinic.com"
79.124.8.3 - - [01/Oct/2022:12:29:36 -0700] "GET /wp-includes/global-styles-and-settings.php HTTP/1.1" 200 - "binance.com" "Mozilla/5.0 (Windows NT 10.0; Win64; x64) AppleWebKit/537.36 (KHTML, like Gecko) Chrome/90.0.4430.85 Safari/537.36" "wellnessconceptsclinic.com"
193.142.146.138 - - [01/Oct/2022:12:29:37 -0700] "GET /wp-includes/class-wp-theme-json.php HTTP/1.1" 200 - "binance.com" "Mozilla/5.0 (Windows NT 10.0; Win64; x64) AppleWebKit/537.36 (KHTML, like Gecko) Chrome/90.0.4430.85 Safari/537.36" "wellnessconceptsclinic.com"
193.142.146.138 - - [01/Oct/2022:12:29:40 -0700] "GET /wp-includes/global-styles-and-settings.php HTTP/1.1" 200 - "binance.com" "Mozilla/5.0 (Windows NT 10.0; Win64; x64) AppleWebKit/537.36 (KHTML, like Gecko) Chrome/90.0.4430.85 Safari/537.36" "wellnessconceptsclinic.com"
79.124.8.3 - - [01/Oct/2022:12:29:40 -0700] "GET /wp-includes/https-detection.php HTTP/1.1" 200 - "binance.com" "Mozilla/5.0 (Windows NT 10.0; Win64; x64) AppleWebKit/537.36 (KHTML, like Gecko) Chrome/90.0.4430.85 Safari/537.36" "wellnessconceptsclinic.com"
193.142.146.138 - - [01/Oct/2022:12:29:43 -0700] "GET /wp-includes/https-detection.php HTTP/1.1" 200 - "binance.com" "Mozilla/5.0 (Windows NT 10.0; Win64; x64) AppleWebKit/537.36 (KHTML, like Gecko) Chrome/90.0.4430.85 Safari/537.36" "wellnessconceptsclinic.com"
79.124.8.3 - - [01/Oct/2022:12:29:43 -0700] "GET /wp-includes/https-migration.php HTTP/1.1" 200 - "binance.com" "Mozilla/5.0 (Windows NT 10.0; Win64; x64) AppleWebKit/537.36 (KHTML, like Gecko) Chrome/90.0.4430.85 Safari/537.36" "wellnessconceptsclinic.com"
193.142.146.138 - - [01/Oct/2022:12:29:46 -0700] "GET /wp-includes/https-migration.php HTTP/1.1" 200 - "binance.com" "Mozilla/5.0 (Windows NT 10.0; Win64; x64) AppleWebKit/537.36 (KHTML, like Gecko) Chrome/90.0.4430.85 Safari/537.36" "wellnessconceptsclinic.com"
79.124.8.3 - - [01/Oct/2022:12:29:48 -0700] "GET /wp-includes/robots-template.php HTTP/1.1" 200 - "binance.com" "Mozilla/5.0 (Windows NT 10.0; Win64; x64) AppleWebKit/537.36 (KHTML, like Gecko) Chrome/90.0.4430.85 Safari/537.36" "wellnessconceptsclinic.com"
193.142.146.138 - - [01/Oct/2022:12:29:50 -0700] "GET /wp-includes/robots-template.php HTTP/1.1" 200 - "binance.com" "Mozilla/5.0 (Windows NT 10.0; Win64; x64) AppleWebKit/537.36 (KHTML, like Gecko) Chrome/90.0.4430.85 Safari/537.36" "wellnessconceptsclinic.com"
79.124.8.3 - - [01/Oct/2022:12:29:52 -0700] "GET /wp-includes/template-canvas.php HTTP/1.1" 500 - "binance.com" "Mozilla/5.0 (Windows NT 10.0; Win64; x64) AppleWebKit/537.36 (KHTML, like Gecko) Chrome/90.0.4430.85 Safari/537.36" "wellnessconceptsclinic.com"
193.142.146.138 - - [01/Oct/2022:12:29:54 -0700] "GET /wp-includes/template-canvas.php HTTP/1.1" 500 - "binance.com" "Mozilla/5.0 (Windows NT 10.0; Win64; x64) AppleWebKit/537.36 (KHTML, like Gecko) Chrome/90.0.4430.85 Safari/537.36" "wellnessconceptsclinic.com"
79.124.8.3 - - [01/Oct/2022:12:29:55 -0700] "GET /wp-includes/theme-templates.php HTTP/1.1" 200 - "binance.com" "Mozilla/5.0 (Windows NT 10.0; Win64; x64) AppleWebKit/537.36 (KHTML, like Gecko) Chrome/90.0.4430.85 Safari/537.36" "wellnessconceptsclinic.com"
193.142.146.138 - - [01/Oct/2022:12:29:57 -0700] "GET /wp-includes/theme-templates.php HTTP/1.1" 200 - "binance.com" "Mozilla/5.0 (Windows NT 10.0; Win64; x64) AppleWebKit/537.36 (KHTML, like Gecko) Chrome/90.0.4430.85 Safari/537.36" "wellnessconceptsclinic.com"
193.142.147.68 - - [01/Oct/2022:12:29:59 -0700] "GET /wp-admin/css/colors/ectoplasm/ HTTP/1.1" 200 442 "binance.com" "Mozilla/5.0 (Windows NT 10.0; Win64; x64) AppleWebKit/537.36 (KHTML, like Gecko) Chrome/90.0.4430.85 Safari/537.36" "wellnessconceptsclinic.com"
79.124.8.3 - - [01/Oct/2022:12:29:59 -0700] "GET /wp-includes/ID3/ HTTP/1.1" 200 711 "binance.com" "Mozilla/5.0 (Windows NT 10.0; Win64; x64) AppleWebKit/537.36 (KHTML, like Gecko) Chrome/90.0.4430.85 Safari/537.36" "wellnessconceptsclinic.com"
193.142.146.138 - - [01/Oct/2022:12:30:00 -0700] "GET /wp-includes/ID3/ HTTP/1.1" 200 711 "binance.com" "Mozilla/5.0 (Windows NT 10.0; Win64; x64) AppleWebKit/537.36 (KHTML, like Gecko) Chrome/90.0.4430.85 Safari/537.36" "wellnessconceptsclinic.com"
79.124.8.3 - - [01/Oct/2022:12:30:04 -0700] "GET /wp-includes/ID3/ HTTP/1.1" 200 711 "binance.com" "Mozilla/5.0 (Windows NT 10.0; Win64; x64) AppleWebKit/537.36 (KHTML, like Gecko) Chrome/90.0.4430.85 Safari/537.36" "wellnessconceptsclinic.com"
193.142.146.138 - - [01/Oct/2022:12:30:05 -0700] "GET /wp-includes/ID3/ HTTP/1.1" 200 711 "binance.com" "Mozilla/5.0 (Windows NT 10.0; Win64; x64) AppleWebKit/537.36 (KHTML, like Gecko) Chrome/90.0.4430.85 Safari/537.36" "wellnessconceptsclinic.com"
193.142.146.138 - - [01/Oct/2022:12:30:09 -0700] "GET /wp-includes/IXR/ HTTP/1.1" 200 574 "binance.com" "Mozilla/5.0 (Windows NT 10.0; Win64; x64) AppleWebKit/537.36 (KHTML, like Gecko) Chrome/90.0.4430.85 Safari/537.36" "wellnessconceptsclinic.com"
79.124.8.3 - - [01/Oct/2022:12:30:11 -0700] "GET /wp-includes/IXR/ HTTP/1.1" 200 574 "binance.com" "Mozilla/5.0 (Windows NT 10.0; Win64; x64) AppleWebKit/537.36 (KHTML, like Gecko) Chrome/90.0.4430.85 Safari/537.36" "wellnessconceptsclinic.com"
193.142.146.138 - - [01/Oct/2022:12:30:12 -0700] "GET /wp-includes/IXR/ HTTP/1.1" 200 574 "binance.com" "Mozilla/5.0 (Windows NT 10.0; Win64; x64) AppleWebKit/537.36 (KHTML, like Gecko) Chrome/90.0.4430.85 Safari/537.36" "wellnessconceptsclinic.com"
193.142.146.138 - - [01/Oct/2022:12:30:16 -0700] "GET /wp-includes/PHPMailer/ HTTP/1.1" 200 416 "binance.com" "Mozilla/5.0 (Windows NT 10.0; Win64; x64) AppleWebKit/537.36 (KHTML, like Gecko) Chrome/90.0.4430.85 Safari/537.36" "wellnessconceptsclinic.com"
79.124.8.3 - - [01/Oct/2022:12:30:17 -0700] "GET /wp-includes/IXR/ HTTP/1.1" 200 574 "binance.com" "Mozilla/5.0 (Windows NT 10.0; Win64; x64) AppleWebKit/537.36 (KHTML, like Gecko) Chrome/90.0.4430.85 Safari/537.36" "wellnessconceptsclinic.com"
193.142.146.138 - - [01/Oct/2022:12:30:19 -0700] "GET /wp-includes/PHPMailer/ HTTP/1.1" 200 416 "binance.com" "Mozilla/5.0 (Windows NT 10.0; Win64; x64) AppleWebKit/537.36 (KHTML, like Gecko) Chrome/90.0.4430.85 Safari/537.36" "wellnessconceptsclinic.com"
193.142.146.138 - - [01/Oct/2022:12:30:22 -0700] "GET /wp-includes/Text/ HTTP/1.1" 200 407 "binance.com" "Mozilla/5.0 (Windows NT 10.0; Win64; x64) AppleWebKit/537.36 (KHTML, like Gecko) Chrome/90.0.4430.85 Safari/537.36" "wellnessconceptsclinic.com"
79.124.8.3 - - [01/Oct/2022:12:30:23 -0700] "GET /wp-includes/PHPMailer/ HTTP/1.1" 200 416 "binance.com" "Mozilla/5.0 (Windows NT 10.0; Win64; x64) AppleWebKit/537.36 (KHTML, like Gecko) Chrome/90.0.4430.85 Safari/537.36" "wellnessconceptsclinic.com"
193.142.146.138 - - [01/Oct/2022:12:30:27 -0700] "GET /wp-includes/Text/ HTTP/1.1" 200 407 "binance.com" "Mozilla/5.0 (Windows NT 10.0; Win64; x64) AppleWebKit/537.36 (KHTML, like Gecko) Chrome/90.0.4430.85 Safari/537.36" "wellnessconceptsclinic.com"
79.124.8.3 - - [01/Oct/2022:12:30:27 -0700] "GET /wp-includes/PHPMailer/ HTTP/1.1" 200 416 "binance.com" "Mozilla/5.0 (Windows NT 10.0; Win64; x64) AppleWebKit/537.36 (KHTML, like Gecko) Chrome/90.0.4430.85 Safari/537.36" "wellnessconceptsclinic.com"
193.142.146.138 - - [01/Oct/2022:12:30:32 -0700] "GET /wp-includes/Text/Diff/ HTTP/1.1" 200 419 "binance.com" "Mozilla/5.0 (Windows NT 10.0; Win64; x64) AppleWebKit/537.36 (KHTML, like Gecko) Chrome/90.0.4430.85 Safari/537.36" "wellnessconceptsclinic.com"
79.124.8.3 - - [01/Oct/2022:12:30:33 -0700] "GET /wp-includes/Text/ HTTP/1.1" 200 407 "binance.com" "Mozilla/5.0 (Windows NT 10.0; Win64; x64) AppleWebKit/537.36 (KHTML, like Gecko) Chrome/90.0.4430.85 Safari/537.36" "wellnessconceptsclinic.com"
193.142.146.138 - - [01/Oct/2022:12:30:36 -0700] "GET /wp-includes/Text/Diff/ HTTP/1.1" 200 419 "binance.com" "Mozilla/5.0 (Windows NT 10.0; Win64; x64) AppleWebKit/537.36 (KHTML, like Gecko) Chrome/90.0.4430.85 Safari/537.36" "wellnessconceptsclinic.com"
79.124.8.3 - - [01/Oct/2022:12:30:38 -0700] "GET /wp-includes/Text/ HTTP/1.1" 200 407 "binance.com" "Mozilla/5.0 (Windows NT 10.0; Win64; x64) AppleWebKit/537.36 (KHTML, like Gecko) Chrome/90.0.4430.85 Safari/537.36" "wellnessconceptsclinic.com"
193.142.146.138 - - [01/Oct/2022:12:30:40 -0700] "GET /wp-includes/Text/Diff/Engine/ HTTP/1.1" 200 449 "binance.com" "Mozilla/5.0 (Windows NT 10.0; Win64; x64) AppleWebKit/537.36 (KHTML, like Gecko) Chrome/90.0.4430.85 Safari/537.36" "wellnessconceptsclinic.com"
79.124.8.3 - - [01/Oct/2022:12:30:42 -0700] "GET /wp-includes/Text/Diff/ HTTP/1.1" 200 419 "binance.com" "Mozilla/5.0 (Windows NT 10.0; Win64; x64) AppleWebKit/537.36 (KHTML, like Gecko) Chrome/90.0.4430.85 Safari/537.36" "wellnessconceptsclinic.com"
193.142.146.138 - - [01/Oct/2022:12:30:43 -0700] "GET /wp-includes/Text/Diff/Engine/ HTTP/1.1" 200 449 "binance.com" "Mozilla/5.0 (Windows NT 10.0; Win64; x64) AppleWebKit/537.36 (KHTML, like Gecko) Chrome/90.0.4430.85 Safari/537.36" "wellnessconceptsclinic.com"
193.142.146.138 - - [01/Oct/2022:12:30:47 -0700] "GET /wp-includes/Text/Diff/Renderer/ HTTP/1.1" 200 387 "binance.com" "Mozilla/5.0 (Windows NT 10.0; Win64; x64) AppleWebKit/537.36 (KHTML, like Gecko) Chrome/90.0.4430.85 Safari/537.36" "wellnessconceptsclinic.com"
79.124.8.3 - - [01/Oct/2022:12:30:47 -0700] "GET /wp-includes/Text/Diff/ HTTP/1.1" 200 419 "binance.com" "Mozilla/5.0 (Windows NT 10.0; Win64; x64) AppleWebKit/537.36 (KHTML, like Gecko) Chrome/90.0.4430.85 Safari/537.36" "wellnessconceptsclinic.com"
193.142.146.138 - - [01/Oct/2022:12:30:50 -0700] "GET /wp-includes/Text/Diff/Renderer/ HTTP/1.1" 200 387 "binance.com" "Mozilla/5.0 (Windows NT 10.0; Win64; x64) AppleWebKit/537.36 (KHTML, like Gecko) Chrome/90.0.4430.85 Safari/537.36" "wellnessconceptsclinic.com"
79.124.8.3 - - [01/Oct/2022:12:30:51 -0700] "GET /wp-includes/Text/Diff/Engine/ HTTP/1.1" 200 449 "binance.com" "Mozilla/5.0 (Windows NT 10.0; Win64; x64) AppleWebKit/537.36 (KHTML, like Gecko) Chrome/90.0.4430.85 Safari/537.36" "wellnessconceptsclinic.com"
193.142.146.138 - - [01/Oct/2022:12:30:55 -0700] "GET /wp-includes/blocks/ HTTP/1.1" 500 - "binance.com" "Mozilla/5.0 (Windows NT 10.0; Win64; x64) AppleWebKit/537.36 (KHTML, like Gecko) Chrome/90.0.4430.85 Safari/537.36" "wellnessconceptsclinic.com"
79.124.8.3 - - [01/Oct/2022:12:30:56 -0700] "GET /wp-includes/Text/Diff/Engine/ HTTP/1.1" 200 449 "binance.com" "Mozilla/5.0 (Windows NT 10.0; Win64; x64) AppleWebKit/537.36 (KHTML, like Gecko) Chrome/90.0.4430.85 Safari/537.36" "wellnessconceptsclinic.com"
193.142.146.138 - - [01/Oct/2022:12:30:58 -0700] "GET /wp-includes/pomo/ HTTP/1.1" 200 472 "binance.com" "Mozilla/5.0 (Windows NT 10.0; Win64; x64) AppleWebKit/537.36 (KHTML, like Gecko) Chrome/90.0.4430.85 Safari/537.36" "wellnessconceptsclinic.com"
193.142.146.138 - - [01/Oct/2022:12:31:01 -0700] "GET /wp-includes/pomo/ HTTP/1.1" 200 472 "binance.com" "Mozilla/5.0 (Windows NT 10.0; Win64; x64) AppleWebKit/537.36 (KHTML, like Gecko) Chrome/90.0.4430.85 Safari/537.36" "wellnessconceptsclinic.com"
193.142.147.68 - - [01/Oct/2022:12:31:01 -0700] "GET /wp-admin/css/colors/light/ HTTP/1.1" 200 441 "binance.com" "Mozilla/5.0 (Windows NT 10.0; Win64; x64) AppleWebKit/537.36 (KHTML, like Gecko) Chrome/90.0.4430.85 Safari/537.36" "wellnessconceptsclinic.com"
79.124.8.3 - - [01/Oct/2022:12:31:02 -0700] "GET /wp-includes/Text/Diff/Renderer/ HTTP/1.1" 200 387 "binance.com" "Mozilla/5.0 (Windows NT 10.0; Win64; x64) AppleWebKit/537.36 (KHTML, like Gecko) Chrome/90.0.4430.85 Safari/537.36" "wellnessconceptsclinic.com"
193.142.146.138 - - [01/Oct/2022:12:31:05 -0700] "GET /wp-includes/sitemaps/ HTTP/1.1" 200 507 "binance.com" "Mozilla/5.0 (Windows NT 10.0; Win64; x64) AppleWebKit/537.36 (KHTML, like Gecko) Chrome/90.0.4430.85 Safari/537.36" "wellnessconceptsclinic.com"
79.124.8.3 - - [01/Oct/2022:12:31:07 -0700] "GET /wp-includes/Text/Diff/Renderer/ HTTP/1.1" 200 387 "binance.com" "Mozilla/5.0 (Windows NT 10.0; Win64; x64) AppleWebKit/537.36 (KHTML, like Gecko) Chrome/90.0.4430.85 Safari/537.36" "wellnessconceptsclinic.com"
193.142.146.138 - - [01/Oct/2022:12:31:08 -0700] "GET /wp-includes/sitemaps/ HTTP/1.1" 200 507 "binance.com" "Mozilla/5.0 (Windows NT 10.0; Win64; x64) AppleWebKit/537.36 (KHTML, like Gecko) Chrome/90.0.4430.85 Safari/537.36" "wellnessconceptsclinic.com"
193.142.146.138 - - [01/Oct/2022:12:31:12 -0700] "GET /wp-includes/sitemaps/providers/ HTTP/1.1" 200 437 "binance.com" "Mozilla/5.0 (Windows NT 10.0; Win64; x64) AppleWebKit/537.36 (KHTML, like Gecko) Chrome/90.0.4430.85 Safari/537.36" "wellnessconceptsclinic.com"
79.124.8.3 - - [01/Oct/2022:12:31:13 -0700] "GET /wp-includes/blocks/ HTTP/1.1" 500 - "binance.com" "Mozilla/5.0 (Windows NT 10.0; Win64; x64) AppleWebKit/537.36 (KHTML, like Gecko) Chrome/90.0.4430.85 Safari/537.36" "wellnessconceptsclinic.com"
79.124.8.3 - - [01/Oct/2022:12:31:17 -0700] "GET /wp-includes/pomo/ HTTP/1.1" 200 472 "binance.com" "Mozilla/5.0 (Windows NT 10.0; Win64; x64) AppleWebKit/537.36 (KHTML, like Gecko) Chrome/90.0.4430.85 Safari/537.36" "wellnessconceptsclinic.com"
193.142.146.138 - - [01/Oct/2022:12:31:17 -0700] "GET /wp-includes/sitemaps/providers/ HTTP/1.1" 200 437 "binance.com" "Mozilla/5.0 (Windows NT 10.0; Win64; x64) AppleWebKit/537.36 (KHTML, like Gecko) Chrome/90.0.4430.85 Safari/537.36" "wellnessconceptsclinic.com"
193.142.146.138 - - [01/Oct/2022:12:31:20 -0700] "GET /wp-includes/widgets/ HTTP/1.1" 200 668 "binance.com" "Mozilla/5.0 (Windows NT 10.0; Win64; x64) AppleWebKit/537.36 (KHTML, like Gecko) Chrome/90.0.4430.85 Safari/537.36" "wellnessconceptsclinic.com"
79.124.8.3 - - [01/Oct/2022:12:31:22 -0700] "GET /wp-includes/pomo/ HTTP/1.1" 200 472 "binance.com" "Mozilla/5.0 (Windows NT 10.0; Win64; x64) AppleWebKit/537.36 (KHTML, like Gecko) Chrome/90.0.4430.85 Safari/537.36" "wellnessconceptsclinic.com"
193.142.146.138 - - [01/Oct/2022:12:31:24 -0700] "GET /wp-includes/widgets/ HTTP/1.1" 200 668 "binance.com" "Mozilla/5.0 (Windows NT 10.0; Win64; x64) AppleWebKit/537.36 (KHTML, like Gecko) Chrome/90.0.4430.85 Safari/537.36" "wellnessconceptsclinic.com"
193.142.146.138 - - [01/Oct/2022:12:31:28 -0700] "GET /wp-includes/widgets/class-wp-widget-block.php HTTP/1.1" 500 - "binance.com" "Mozilla/5.0 (Windows NT 10.0; Win64; x64) AppleWebKit/537.36 (KHTML, like Gecko) Chrome/90.0.4430.85 Safari/537.36" "wellnessconceptsclinic.com"
79.124.8.3 - - [01/Oct/2022:12:31:28 -0700] "GET /wp-includes/sitemaps/ HTTP/1.1" 200 507 "binance.com" "Mozilla/5.0 (Windows NT 10.0; Win64; x64) AppleWebKit/537.36 (KHTML, like Gecko) Chrome/90.0.4430.85 Safari/537.36" "wellnessconceptsclinic.com"
193.142.146.138 - - [01/Oct/2022:12:31:31 -0700] "GET /wp-includes/css/ HTTP/1.1" 200 923 "binance.com" "Mozilla/5.0 (Windows NT 10.0; Win64; x64) AppleWebKit/537.36 (KHTML, like Gecko) Chrome/90.0.4430.85 Safari/537.36" "wellnessconceptsclinic.com"
79.124.8.3 - - [01/Oct/2022:12:31:33 -0700] "GET /wp-includes/sitemaps/ HTTP/1.1" 200 507 "binance.com" "Mozilla/5.0 (Windows NT 10.0; Win64; x64) AppleWebKit/537.36 (KHTML, like Gecko) Chrome/90.0.4430.85 Safari/537.36" "wellnessconceptsclinic.com"
193.142.146.138 - - [01/Oct/2022:12:31:35 -0700] "GET /wp-includes/css/dist/ HTTP/1.1" 200 559 "binance.com" "Mozilla/5.0 (Windows NT 10.0; Win64; x64) AppleWebKit/537.36 (KHTML, like Gecko) Chrome/90.0.4430.85 Safari/537.36" "wellnessconceptsclinic.com"
79.124.8.3 - - [01/Oct/2022:12:31:39 -0700] "GET /wp-includes/sitemaps/providers/ HTTP/1.1" 200 437 "binance.com" "Mozilla/5.0 (Windows NT 10.0; Win64; x64) AppleWebKit/537.36 (KHTML, like Gecko) Chrome/90.0.4430.85 Safari/537.36" "wellnessconceptsclinic.com"
193.142.146.138 - - [01/Oct/2022:12:31:40 -0700] "GET /wp-includes/fonts/ HTTP/1.1" 200 457 "binance.com" "Mozilla/5.0 (Windows NT 10.0; Win64; x64) AppleWebKit/537.36 (KHTML, like Gecko) Chrome/90.0.4430.85 Safari/537.36" "wellnessconceptsclinic.com"
193.142.146.138 - - [01/Oct/2022:12:31:43 -0700] "GET /wp-includes/images/ HTTP/1.1" 200 836 "binance.com" "Mozilla/5.0 (Windows NT 10.0; Win64; x64) AppleWebKit/537.36 (KHTML, like Gecko) Chrome/90.0.4430.85 Safari/537.36" "wellnessconceptsclinic.com"
79.124.8.3 - - [01/Oct/2022:12:31:44 -0700] "GET /wp-includes/sitemaps/providers/ HTTP/1.1" 200 437 "binance.com" "Mozilla/5.0 (Windows NT 10.0; Win64; x64) AppleWebKit/537.36 (KHTML, like Gecko) Chrome/90.0.4430.85 Safari/537.36" "wellnessconceptsclinic.com"
193.142.146.138 - - [01/Oct/2022:12:31:46 -0700] "GET /wp-includes/images/crystal/ HTTP/1.1" 200 547 "binance.com" "Mozilla/5.0 (Windows NT 10.0; Win64; x64) AppleWebKit/537.36 (KHTML, like Gecko) Chrome/90.0.4430.85 Safari/537.36" "wellnessconceptsclinic.com"
79.124.8.3 - - [01/Oct/2022:12:31:49 -0700] "GET /wp-includes/widgets/ HTTP/1.1" 200 668 "binance.com" "Mozilla/5.0 (Windows NT 10.0; Win64; x64) AppleWebKit/537.36 (KHTML, like Gecko) Chrome/90.0.4430.85 Safari/537.36" "wellnessconceptsclinic.com"
193.142.146.138 - - [01/Oct/2022:12:31:49 -0700] "GET /wp-includes/images/media/ HTTP/1.1" 200 516 "binance.com" "Mozilla/5.0 (Windows NT 10.0; Win64; x64) AppleWebKit/537.36 (KHTML, like Gecko) Chrome/90.0.4430.85 Safari/537.36" "wellnessconceptsclinic.com"
193.142.146.138 - - [01/Oct/2022:12:31:53 -0700] "GET /wp-includes/images/smilies/ HTTP/1.1" 200 754 "binance.com" "Mozilla/5.0 (Windows NT 10.0; Win64; x64) AppleWebKit/537.36 (KHTML, like Gecko) Chrome/90.0.4430.85 Safari/537.36" "wellnessconceptsclinic.com"
193.142.147.68 - - [01/Oct/2022:12:31:53 -0700] "GET /wp-admin/css/colors/midnight/ HTTP/1.1" 200 442 "binance.com" "Mozilla/5.0 (Windows NT 10.0; Win64; x64) AppleWebKit/537.36 (KHTML, like Gecko) Chrome/90.0.4430.85 Safari/537.36" "wellnessconceptsclinic.com"
79.124.8.3 - - [01/Oct/2022:12:31:54 -0700] "GET /wp-includes/widgets/ HTTP/1.1" 200 668 "binance.com" "Mozilla/5.0 (Windows NT 10.0; Win64; x64) AppleWebKit/537.36 (KHTML, like Gecko) Chrome/90.0.4430.85 Safari/537.36" "wellnessconceptsclinic.com"
