35.245.93.117 - - [01/Oct/2022:22:10:12 -0700] "GET /wp-content/plugins/tabs-responsive/assets/css/bootstrap-front.css?ver=5.9.4 HTTP/1.1" 200 2640 "https://wellnessconceptsclinic.com/" "Mozilla/5.0 (Linux; Android 7.0; Moto G (4)) AppleWebKit/537.36 (KHTML, like Gecko) Chrome/98.0.4695.0 Mobile Safari/537.36 Chrome-Lighthouse" "wellnessconceptsclinic.com"
35.245.93.117 - - [01/Oct/2022:22:10:12 -0700] "GET /wp-content/plugins/wp-yelp-review-slider/public/css/wprev-public_template1.css?ver=6.3 HTTP/1.1" 200 1198 "https://wellnessconceptsclinic.com/" "Mozilla/5.0 (Linux; Android 7.0; Moto G (4)) AppleWebKit/537.36 (KHTML, like Gecko) Chrome/98.0.4695.0 Mobile Safari/537.36 Chrome-Lighthouse" "wellnessconceptsclinic.com"
35.245.93.117 - - [01/Oct/2022:22:10:12 -0700] "GET /wp-content/plugins/wp-yelp-review-slider/public/css/wprs_unslider.css?ver=6.3 HTTP/1.1" 200 533 "https://wellnessconceptsclinic.com/" "Mozilla/5.0 (Linux; Android 7.0; Moto G (4)) AppleWebKit/537.36 (KHTML, like Gecko) Chrome/98.0.4695.0 Mobile Safari/537.36 Chrome-Lighthouse" "wellnessconceptsclinic.com"
35.245.93.117 - - [01/Oct/2022:22:10:12 -0700] "GET /wp-content/plugins/tabs-responsive/assets/css/animate.css?ver=5.9.4 HTTP/1.1" 200 4936 "https://wellnessconceptsclinic.com/" "Mozilla/5.0 (Linux; Android 7.0; Moto G (4)) AppleWebKit/537.36 (KHTML, like Gecko) Chrome/98.0.4695.0 Mobile Safari/537.36 Chrome-Lighthouse" "wellnessconceptsclinic.com"
35.245.93.117 - - [01/Oct/2022:22:10:12 -0700] "GET /wp-content/plugins/z-url-preview/zurlplugin.css?ver=5.9.4 HTTP/1.1" 200 20 "https://wellnessconceptsclinic.com/" "Mozilla/5.0 (Linux; Android 7.0; Moto G (4)) AppleWebKit/537.36 (KHTML, like Gecko) Chrome/98.0.4695.0 Mobile Safari/537.36 Chrome-Lighthouse" "wellnessconceptsclinic.com"
35.245.93.117 - - [01/Oct/2022:22:10:12 -0700] "GET /wp-content/plugins/wp-yelp-review-slider/public/css/wprs_unslider-dots.css?ver=6.3 HTTP/1.1" 200 247 "https://wellnessconceptsclinic.com/" "Mozilla/5.0 (Linux; Android 7.0; Moto G (4)) AppleWebKit/537.36 (KHTML, like Gecko) Chrome/98.0.4695.0 Mobile Safari/537.36 Chrome-Lighthouse" "wellnessconceptsclinic.com"
35.245.93.117 - - [01/Oct/2022:22:10:12 -0700] "GET /wp-content/plugins/wp-yelp-review-slider/public/css/wpyelp_w3.css?ver=6.3 HTTP/1.1" 200 499 "https://wellnessconceptsclinic.com/" "Mozilla/5.0 (Linux; Android 7.0; Moto G (4)) AppleWebKit/537.36 (KHTML, like Gecko) Chrome/98.0.4695.0 Mobile Safari/537.36 Chrome-Lighthouse" "wellnessconceptsclinic.com"
35.245.93.117 - - [01/Oct/2022:22:10:12 -0700] "GET /wp-includes/js/jquery/jquery.min.js?ver=3.6.0 HTTP/1.1" 200 30908 "https://wellnessconceptsclinic.com/" "Mozilla/5.0 (Linux; Android 7.0; Moto G (4)) AppleWebKit/537.36 (KHTML, like Gecko) Chrome/98.0.4695.0 Mobile Safari/537.36 Chrome-Lighthouse" "wellnessconceptsclinic.com"
35.245.93.117 - - [01/Oct/2022:22:10:12 -0700] "GET /wp-content/plugins/wp-facebook-reviews/public/js/wprs-unslider-min.js?ver=11.0 HTTP/1.1" 200 2349 "https://wellnessconceptsclinic.com/" "Mozilla/5.0 (Linux; Android 7.0; Moto G (4)) AppleWebKit/537.36 (KHTML, like Gecko) Chrome/98.0.4695.0 Mobile Safari/537.36 Chrome-Lighthouse" "wellnessconceptsclinic.com"
35.245.93.117 - - [01/Oct/2022:22:10:12 -0700] "GET /wp-includes/js/jquery/jquery-migrate.min.js?ver=3.3.2 HTTP/1.1" 200 4169 "https://wellnessconceptsclinic.com/" "Mozilla/5.0 (Linux; Android 7.0; Moto G (4)) AppleWebKit/537.36 (KHTML, like Gecko) Chrome/98.0.4695.0 Mobile Safari/537.36 Chrome-Lighthouse" "wellnessconceptsclinic.com"
35.245.93.117 - - [01/Oct/2022:22:10:12 -0700] "GET /wp-content/plugins/wp-yelp-review-slider/public/js/wprs-unslider-min.js?ver=6.3 HTTP/1.1" 200 2349 "https://wellnessconceptsclinic.com/" "Mozilla/5.0 (Linux; Android 7.0; Moto G (4)) AppleWebKit/537.36 (KHTML, like Gecko) Chrome/98.0.4695.0 Mobile Safari/537.36 Chrome-Lighthouse" "wellnessconceptsclinic.com"
35.245.93.117 - - [01/Oct/2022:22:10:12 -0700] "GET /wp-content/plugins/wp-facebook-reviews/public/js/wprev-public.js?ver=11.0 HTTP/1.1" 200 610 "https://wellnessconceptsclinic.com/" "Mozilla/5.0 (Linux; Android 7.0; Moto G (4)) AppleWebKit/537.36 (KHTML, like Gecko) Chrome/98.0.4695.0 Mobile Safari/537.36 Chrome-Lighthouse" "wellnessconceptsclinic.com"
35.245.93.117 - - [01/Oct/2022:22:10:12 -0700] "GET /wp-content/et-cache/9/et-core-unified-deferred-9.min.css?ver=1664307428 HTTP/1.1" 200 674 "https://wellnessconceptsclinic.com/" "Mozilla/5.0 (Linux; Android 7.0; Moto G (4)) AppleWebKit/537.36 (KHTML, like Gecko) Chrome/98.0.4695.0 Mobile Safari/537.36 Chrome-Lighthouse" "wellnessconceptsclinic.com"
35.245.93.117 - - [01/Oct/2022:22:10:12 -0700] "GET /wp-content/plugins/wp-yelp-review-slider/public/js/wprev-public.js?ver=6.3 HTTP/1.1" 200 609 "https://wellnessconceptsclinic.com/" "Mozilla/5.0 (Linux; Android 7.0; Moto G (4)) AppleWebKit/537.36 (KHTML, like Gecko) Chrome/98.0.4695.0 Mobile Safari/537.36 Chrome-Lighthouse" "wellnessconceptsclinic.com"
35.245.93.117 - - [01/Oct/2022:22:10:12 -0700] "GET /wp-content/plugins/divi-booster/core/icons/socicon/fonts/Socicon.woff2?87visu HTTP/1.1" 200 64512 "https://wellnessconceptsclinic.com/" "Mozilla/5.0 (Linux; Android 7.0; Moto G (4)) AppleWebKit/537.36 (KHTML, like Gecko) Chrome/98.0.4695.0 Mobile Safari/537.36 Chrome-Lighthouse" "wellnessconceptsclinic.com"
35.245.93.117 - - [01/Oct/2022:22:10:13 -0700] "GET /wp-content/plugins/divi-booster/core/icons/socicon/style.css?ver=3.7.2 HTTP/1.1" 200 2812 "https://wellnessconceptsclinic.com/" "Mozilla/5.0 (Linux; Android 7.0; Moto G (4)) AppleWebKit/537.36 (KHTML, like Gecko) Chrome/98.0.4695.0 Mobile Safari/537.36 Chrome-Lighthouse" "wellnessconceptsclinic.com"
35.245.93.117 - - [01/Oct/2022:22:10:13 -0700] "GET /wp-content/plugins/tabs-responsive/assets/js/bootstrap.js?ver=5.9.4 HTTP/1.1" 200 20 "https://wellnessconceptsclinic.com/" "Mozilla/5.0 (Linux; Android 7.0; Moto G (4)) AppleWebKit/537.36 (KHTML, like Gecko) Chrome/98.0.4695.0 Mobile Safari/537.36 Chrome-Lighthouse" "wellnessconceptsclinic.com"
35.245.93.117 - - [01/Oct/2022:22:10:13 -0700] "GET /wp-content/plugins/tabs-responsive/assets/js/tabs-custom.js?ver=5.9.4 HTTP/1.1" 200 13700 "https://wellnessconceptsclinic.com/" "Mozilla/5.0 (Linux; Android 7.0; Moto G (4)) AppleWebKit/537.36 (KHTML, like Gecko) Chrome/98.0.4695.0 Mobile Safari/537.36 Chrome-Lighthouse" "wellnessconceptsclinic.com"
35.245.93.117 - - [01/Oct/2022:22:10:13 -0700] "GET /wp-content/themes/Divi/js/scripts.min.js?ver=4.14.7 HTTP/1.1" 200 70039 "https://wellnessconceptsclinic.com/" "Mozilla/5.0 (Linux; Android 7.0; Moto G (4)) AppleWebKit/537.36 (KHTML, like Gecko) Chrome/98.0.4695.0 Mobile Safari/537.36 Chrome-Lighthouse" "wellnessconceptsclinic.com"
35.245.93.117 - - [01/Oct/2022:22:10:13 -0700] "GET /wellness/wp-content/uploads/2018/11/Screen-Shot-2018-11-06-at-9.58.39-AM.png HTTP/1.1" 200 26036 "https://wellnessconceptsclinic.com/" "Mozilla/5.0 (Linux; Android 7.0; Moto G (4)) AppleWebKit/537.36 (KHTML, like Gecko) Chrome/98.0.4695.0 Mobile Safari/537.36 Chrome-Lighthouse" "wellnessconceptsclinic.com"
35.245.93.117 - - [01/Oct/2022:22:10:13 -0700] "GET /wp-content/themes/Divi/core/admin/fonts/modules/all/modules.ttf HTTP/1.1" 200 92400 "https://wellnessconceptsclinic.com/" "Mozilla/5.0 (Linux; Android 7.0; Moto G (4)) AppleWebKit/537.36 (KHTML, like Gecko) Chrome/98.0.4695.0 Mobile Safari/537.36 Chrome-Lighthouse" "wellnessconceptsclinic.com"
35.245.93.117 - - [01/Oct/2022:22:10:13 -0700] "GET /wp-content/uploads/2021/10/Oct-2021-website-ad.jpg HTTP/1.1" 200 37692 "https://wellnessconceptsclinic.com/" "Mozilla/5.0 (Linux; Android 7.0; Moto G (4)) AppleWebKit/537.36 (KHTML, like Gecko) Chrome/98.0.4695.0 Mobile Safari/537.36 Chrome-Lighthouse" "wellnessconceptsclinic.com"
35.245.93.117 - - [01/Oct/2022:22:10:13 -0700] "GET /wp-content/uploads/2022/02/pic-2022.jpg HTTP/1.1" 200 114114 "https://wellnessconceptsclinic.com/" "Mozilla/5.0 (Linux; Android 7.0; Moto G (4)) AppleWebKit/537.36 (KHTML, like Gecko) Chrome/98.0.4695.0 Mobile Safari/537.36 Chrome-Lighthouse" "wellnessconceptsclinic.com"
35.245.93.117 - - [01/Oct/2022:22:10:13 -0700] "GET /wp-content/uploads/2022/01/MCR-Acu-pic.png HTTP/1.1" 200 23193 "https://wellnessconceptsclinic.com/" "Mozilla/5.0 (Linux; Android 7.0; Moto G (4)) AppleWebKit/537.36 (KHTML, like Gecko) Chrome/98.0.4695.0 Mobile Safari/537.36 Chrome-Lighthouse" "wellnessconceptsclinic.com"
35.245.93.117 - - [01/Oct/2022:22:10:15 -0700] "GET /wp-content/themes/Divi/includes/builder/feature/dynamic-assets/assets/js/jquery.fitvids.js?ver=4.14.7 HTTP/1.1" 200 1341 "https://wellnessconceptsclinic.com/" "Mozilla/5.0 (Linux; Android 7.0; Moto G (4)) AppleWebKit/537.36 (KHTML, like Gecko) Chrome/98.0.4695.0 Mobile Safari/537.36 Chrome-Lighthouse" "wellnessconceptsclinic.com"
35.245.93.117 - - [01/Oct/2022:22:10:18 -0700] "GET /wp-content/themes/Divi/includes/builder/feature/dynamic-assets/assets/js/hashchange.js?ver=4.14.7 HTTP/1.1" 200 5342 "https://wellnessconceptsclinic.com/" "Mozilla/5.0 (Linux; Android 7.0; Moto G (4)) AppleWebKit/537.36 (KHTML, like Gecko) Chrome/98.0.4695.0 Mobile Safari/537.36 Chrome-Lighthouse" "wellnessconceptsclinic.com"
35.245.93.117 - - [01/Oct/2022:22:10:18 -0700] "GET /wp-content/themes/Divi/core/admin/js/common.js?ver=4.14.7 HTTP/1.1" 200 566 "https://wellnessconceptsclinic.com/" "Mozilla/5.0 (Linux; Android 7.0; Moto G (4)) AppleWebKit/537.36 (KHTML, like Gecko) Chrome/98.0.4695.0 Mobile Safari/537.36 Chrome-Lighthouse" "wellnessconceptsclinic.com"
35.245.93.117 - - [01/Oct/2022:22:10:19 -0700] "GET /wp-content/uploads/wtfdivi/wp_footer.js?ver=1620759003 HTTP/1.1" 200 183 "https://wellnessconceptsclinic.com/" "Mozilla/5.0 (Linux; Android 7.0; Moto G (4)) AppleWebKit/537.36 (KHTML, like Gecko) Chrome/98.0.4695.0 Mobile Safari/537.36 Chrome-Lighthouse" "wellnessconceptsclinic.com"
35.245.93.117 - - [01/Oct/2022:22:10:19 -0700] "GET /wp-content/uploads/2021/05/185300231_1124006634769468_196384368853979452_n.jpg HTTP/1.1" 200 146243 "https://wellnessconceptsclinic.com/" "Mozilla/5.0 (Linux; Android 7.0; Moto G (4)) AppleWebKit/537.36 (KHTML, like Gecko) Chrome/98.0.4695.0 Mobile Safari/537.36 Chrome-Lighthouse" "wellnessconceptsclinic.com"
35.245.93.117 - - [01/Oct/2022:22:10:19 -0700] "GET /wp-content/uploads/2022/09/Sept-1-2022.jpg HTTP/1.1" 200 176895 "https://wellnessconceptsclinic.com/" "Mozilla/5.0 (Linux; Android 7.0; Moto G (4)) AppleWebKit/537.36 (KHTML, like Gecko) Chrome/98.0.4695.0 Mobile Safari/537.36 Chrome-Lighthouse" "wellnessconceptsclinic.com"
35.245.93.117 - - [01/Oct/2022:22:10:19 -0700] "GET /wp-content/uploads/2019/03/acupuncture-springfield-2019-drk.png HTTP/1.1" 200 19653 "https://wellnessconceptsclinic.com/" "Mozilla/5.0 (Linux; Android 7.0; Moto G (4)) AppleWebKit/537.36 (KHTML, like Gecko) Chrome/98.0.4695.0 Mobile Safari/537.36 Chrome-Lighthouse" "wellnessconceptsclinic.com"
35.245.93.117 - - [01/Oct/2022:22:10:19 -0700] "GET /wp-content/plugins/wp-flybox/static/FlyBoxSpriteLeft.png HTTP/1.1" 200 43015 "https://wellnessconceptsclinic.com/" "Mozilla/5.0 (Linux; Android 7.0; Moto G (4)) AppleWebKit/537.36 (KHTML, like Gecko) Chrome/98.0.4695.0 Mobile Safari/537.36 Chrome-Lighthouse" "wellnessconceptsclinic.com"
35.245.93.117 - - [01/Oct/2022:22:10:19 -0700] "GET /wp-includes/css/dist/block-library/style.min.css?ver=5.9.4 HTTP/1.1" 200 11206 "https://wellnessconceptsclinic.com/" "Mozilla/5.0 (Linux; Android 7.0; Moto G (4)) AppleWebKit/537.36 (KHTML, like Gecko) Chrome/98.0.4695.0 Mobile Safari/537.36 Chrome-Lighthouse" "wellnessconceptsclinic.com"
35.245.93.117 - - [01/Oct/2022:22:10:25 -0700] "GET /wp-content/themes/Divi/includes/builder/images/marker.png HTTP/1.1" 200 1940 "https://wellnessconceptsclinic.com/" "Mozilla/5.0 (Linux; Android 7.0; Moto G (4)) AppleWebKit/537.36 (KHTML, like Gecko) Chrome/98.0.4695.0 Mobile Safari/537.36 Chrome-Lighthouse" "wellnessconceptsclinic.com"
209.141.46.253 - - [01/Oct/2022:22:10:20 -0700] "GET /wp-login.php HTTP/1.1" 200 7406 "-" "Mozilla/5.0 (Macintosh; Intel Mac OS X 10.9; rv:30.0) Gecko/20100101 Firefox/30.0" "wellnessconceptsclinic.com"
10.247.24.100 - - [01/Oct/2022:22:10:27 -0700] "POST /wp-cron.php?doing_wp_cron=1664687427.5220820903778076171875 HTTP/1.1" 200 - "https://wellnessconceptsclinic.com/wp-cron.php?doing_wp_cron=1664687427.5220820903778076171875" "WordPress/5.9.4; https://wellnessconceptsclinic.com" "wellnessconceptsclinic.com"
35.245.93.117 - - [01/Oct/2022:22:10:42 -0700] "GET /robots.txt HTTP/1.1" 404 88 "-" "Mozilla/5.0 (X11; Linux x86_64) AppleWebKit/537.36 (KHTML, like Gecko) HeadlessChrome/106.0.5249.91 Safari/537.36" "wellnessconceptsclinic.com"
209.141.46.253 - - [01/Oct/2022:22:11:16 -0700] "POST /wp-login.php HTTP/1.1" 200 7813 "-" "Mozilla/5.0 (Macintosh; Intel Mac OS X 10.9; rv:30.0) Gecko/20100101 Firefox/30.0" "wellnessconceptsclinic.com"
209.141.49.253 - - [01/Oct/2022:22:19:26 -0700] "GET /wp-login.php HTTP/1.1" 200 7406 "-" "Mozilla/5.0 (Windows NT 6.1; WOW64) AppleWebKit/537.36 (KHTML, like Gecko) Chrome/35.0.1916.153 Safari/537.36" "wellnessconceptsclinic.com"
205.185.120.53 - - [01/Oct/2022:22:20:15 -0700] "GET /wp-login.php HTTP/1.1" 200 7406 "-" "Mozilla/5.0 (Windows NT 6.1; rv:30.0) Gecko/20100101 Firefox/30.0" "wellnessconceptsclinic.com"
209.141.49.253 - - [01/Oct/2022:22:20:21 -0700] "POST /wp-login.php HTTP/1.1" 200 7851 "-" "Mozilla/5.0 (Windows NT 6.1; WOW64) AppleWebKit/537.36 (KHTML, like Gecko) Chrome/35.0.1916.153 Safari/537.36" "wellnessconceptsclinic.com"
10.247.24.102 - - [01/Oct/2022:22:20:21 -0700] "POST /wp-cron.php?doing_wp_cron=1664688021.2750120162963867187500 HTTP/1.1" 200 - "https://wellnessconceptsclinic.com/wp-cron.php?doing_wp_cron=1664688021.2750120162963867187500" "WordPress/5.9.4; https://wellnessconceptsclinic.com" "wellnessconceptsclinic.com"
205.185.120.53 - - [01/Oct/2022:22:22:01 -0700] "POST /wp-login.php HTTP/1.1" 200 7851 "-" "Mozilla/5.0 (Windows NT 6.1; rv:30.0) Gecko/20100101 Firefox/30.0" "wellnessconceptsclinic.com"
10.247.24.101 - - [01/Oct/2022:22:22:07 -0700] "GET /?et_check_mod_pagespeed=on HTTP/1.1" 200 268 "https://wellnessconceptsclinic.com/?et_check_mod_pagespeed=on" "WordPress/5.9.4; https://wellnessconceptsclinic.com" "wellnessconceptsclinic.com"
114.119.140.221 - - [01/Oct/2022:22:21:59 -0700] "GET /?page_id=108 HTTP/1.1" 200 220475 "https://wellnessconceptsclinic.com?page_id=53" "Mozilla/5.0 (Linux; Android 7.0;) AppleWebKit/537.36 (KHTML, like Gecko) Mobile Safari/537.36 (compatible; PetalBot;+https://webmaster.petalsearch.com/site/petalbot)" "wellnessconceptsclinic.com"
207.46.13.140 - - [01/Oct/2022:22:22:37 -0700] "GET /wp-content/uploads/2022/09/Sept-4-2022-480x269.jpg HTTP/1.1" 200 38732 "-" "Mozilla/5.0 (compatible; bingbot/2.0; +http://www.bing.com/bingbot.htm)" "wellnessconceptsclinic.com"
162.55.85.229 - - [01/Oct/2022:22:27:15 -0700] "GET /robots.txt HTTP/1.1" 404 88 "-" "Mozilla/5.0 (compatible; BLEXBot/1.0; +http://webmeup-crawler.com/)" "wellnessconceptsclinic.com"
162.55.85.229 - - [01/Oct/2022:22:27:16 -0700] "GET /robots.txt HTTP/1.1" 404 88 "-" "Mozilla/5.0 (compatible; BLEXBot/1.0; +http://webmeup-crawler.com/)" "wellnessconceptsclinic.com"
162.55.85.229 - - [01/Oct/2022:22:27:16 -0700] "GET /sitemap HTTP/1.1" 404 88 "-" "Mozilla/5.0 (compatible; BLEXBot/1.0; +http://webmeup-crawler.com/)" "wellnessconceptsclinic.com"
162.55.85.229 - - [01/Oct/2022:22:27:18 -0700] "GET /robots.txt HTTP/1.1" 404 88 "-" "Mozilla/5.0 (compatible; BLEXBot/1.0; +http://webmeup-crawler.com/)" "www.wellnessconceptsclinic.com"
162.55.85.229 - - [01/Oct/2022:22:27:19 -0700] "GET /robots.txt HTTP/1.1" 404 88 "-" "Mozilla/5.0 (compatible; BLEXBot/1.0; +http://webmeup-crawler.com/)" "www.wellnessconceptsclinic.com"
162.55.85.229 - - [01/Oct/2022:22:27:21 -0700] "GET /sitemap HTTP/1.1" 404 88 "-" "Mozilla/5.0 (compatible; BLEXBot/1.0; +http://webmeup-crawler.com/)" "www.wellnessconceptsclinic.com"
162.55.85.229 - - [01/Oct/2022:22:27:24 -0700] "GET /sitemap HTTP/1.1" 404 88 "-" "Mozilla/5.0 (compatible; BLEXBot/1.0; +http://webmeup-crawler.com/)" "wellnessconceptsclinic.com"
162.55.85.229 - - [01/Oct/2022:22:27:26 -0700] "GET /sitemap HTTP/1.1" 404 88 "-" "Mozilla/5.0 (compatible; BLEXBot/1.0; +http://webmeup-crawler.com/)" "www.wellnessconceptsclinic.com"
162.55.85.229 - - [01/Oct/2022:22:27:31 -0700] "GET /sitemap.txt HTTP/1.1" 404 88 "-" "Mozilla/5.0 (compatible; BLEXBot/1.0; +http://webmeup-crawler.com/)" "wellnessconceptsclinic.com"
162.55.85.229 - - [01/Oct/2022:22:27:35 -0700] "GET /sitemap.txt HTTP/1.1" 404 88 "-" "Mozilla/5.0 (compatible; BLEXBot/1.0; +http://webmeup-crawler.com/)" "www.wellnessconceptsclinic.com"
162.55.85.229 - - [01/Oct/2022:22:27:39 -0700] "GET /sitemap.txt HTTP/1.1" 404 88 "-" "Mozilla/5.0 (compatible; BLEXBot/1.0; +http://webmeup-crawler.com/)" "wellnessconceptsclinic.com"
162.55.85.229 - - [01/Oct/2022:22:27:46 -0700] "GET /sitemap.txt HTTP/1.1" 404 88 "-" "Mozilla/5.0 (compatible; BLEXBot/1.0; +http://webmeup-crawler.com/)" "www.wellnessconceptsclinic.com"
207.46.13.138 - - [01/Oct/2022:22:29:36 -0700] "GET /?page_id=411 HTTP/1.1" 200 136322 "-" "Mozilla/5.0 AppleWebKit/537.36 (KHTML, like Gecko; compatible; bingbot/2.0; +http://www.bing.com/bingbot.htm) Chrome/103.0.5060.134 Safari/537.36" "wellnessconceptsclinic.com"
207.46.13.138 - - [01/Oct/2022:22:29:44 -0700] "GET /?page_id=98 HTTP/1.1" 200 189614 "-" "Mozilla/5.0 (compatible; bingbot/2.0; +http://www.bing.com/bingbot.htm)" "wellnessconceptsclinic.com"
40.77.167.52 - - [01/Oct/2022:22:29:46 -0700] "GET /?page_id=64 HTTP/1.1" 200 139307 "-" "Mozilla/5.0 (compatible; bingbot/2.0; +http://www.bing.com/bingbot.htm)" "wellnessconceptsclinic.com"
207.46.13.111 - - [01/Oct/2022:22:29:52 -0700] "GET /?page_id=34 HTTP/1.1" 200 136053 "-" "Mozilla/5.0 (compatible; bingbot/2.0; +http://www.bing.com/bingbot.htm)" "wellnessconceptsclinic.com"
207.46.13.111 - - [01/Oct/2022:22:30:00 -0700] "GET /?page_id=606 HTTP/1.1" 200 121663 "-" "Mozilla/5.0 (compatible; bingbot/2.0; +http://www.bing.com/bingbot.htm)" "wellnessconceptsclinic.com"
107.185.21.176 - - [01/Oct/2022:22:34:39 -0700] "GET /wp-content/uploads/2018/11/detox2.png HTTP/1.1" 200 749422 "https://www.google.com/" "Mozilla/5.0 (iPhone; CPU iPhone OS 16_0 like Mac OS X) AppleWebKit/605.1.15 (KHTML, like Gecko) Version/16.0 Mobile/15E148 Safari/604.1" "wellnessconceptsclinic.com"
216.244.66.194 - - [01/Oct/2022:22:41:29 -0700] "GET /robots.txt HTTP/1.1" 404 73 "-" "Mozilla/5.0 (compatible; DotBot/1.2; +https://opensiteexplorer.org/dotbot; help@moz.com)" "www.wellnessconceptsclinic.com"
216.244.66.194 - - [01/Oct/2022:22:41:29 -0700] "GET /robots.txt HTTP/1.1" 404 73 "-" "Mozilla/5.0 (compatible; DotBot/1.2; +https://opensiteexplorer.org/dotbot; help@moz.com)" "wellnessconceptsclinic.com"
114.119.135.36 - - [01/Oct/2022:22:57:48 -0700] "GET /?page_id=606 HTTP/1.1" 200 117544 "https://wellnessconceptsclinic.com?page_id=53" "Mozilla/5.0 (Linux; Android 7.0;) AppleWebKit/537.36 (KHTML, like Gecko) Mobile Safari/537.36 (compatible; PetalBot;+https://webmaster.petalsearch.com/site/petalbot)" "wellnessconceptsclinic.com"
10.247.24.100 - - [01/Oct/2022:22:57:54 -0700] "POST /wp-cron.php?doing_wp_cron=1664690274.8585400581359863281250 HTTP/1.1" 200 - "https://wellnessconceptsclinic.com/wp-cron.php?doing_wp_cron=1664690274.8585400581359863281250" "WordPress/5.9.4; https://wellnessconceptsclinic.com" "wellnessconceptsclinic.com"
79.113.75.232 - - [01/Oct/2022:23:14:30 -0700] "GET /wp-content/uploads/2018/11/detox2.png HTTP/1.1" 200 749422 "https://www.google.com/" "Mozilla/5.0 (Linux; Android 12; SM-G973F) AppleWebKit/537.36 (KHTML, like Gecko) Chrome/106.0.0.0 Mobile Safari/537.36" "wellnessconceptsclinic.com"
209.141.44.126 - - [01/Oct/2022:23:38:07 -0700] "GET /wp-login.php HTTP/1.1" 200 7406 "-" "Mozilla/5.0 (Macintosh; Intel Mac OS X 10_7_5) AppleWebKit/537.36 (KHTML, like Gecko) Chrome/36.0.1985.125 Safari/537.36" "wellnessconceptsclinic.com"
10.247.24.101 - - [01/Oct/2022:23:38:14 -0700] "POST /wp-cron.php?doing_wp_cron=1664692694.9071130752563476562500 HTTP/1.1" 200 - "https://wellnessconceptsclinic.com/wp-cron.php?doing_wp_cron=1664692694.9071130752563476562500" "WordPress/5.9.4; https://wellnessconceptsclinic.com" "wellnessconceptsclinic.com"
209.141.44.126 - - [01/Oct/2022:23:39:06 -0700] "POST /wp-login.php HTTP/1.1" 200 7851 "-" "Mozilla/5.0 (Macintosh; Intel Mac OS X 10_7_5) AppleWebKit/537.36 (KHTML, like Gecko) Chrome/36.0.1985.125 Safari/537.36" "wellnessconceptsclinic.com"
51.222.253.19 - - [01/Oct/2022:23:54:40 -0700] "GET /robots.txt HTTP/1.1" 404 88 "-" "Mozilla/5.0 (compatible; AhrefsBot/7.0; +http://ahrefs.com/robot/)" "wellnessconceptsclinic.com"
46.8.16.116 - - [02/Oct/2022:00:03:13 -0700] "GET /archivarix.cms.php HTTP/1.1" 404 88 "-" "Mozilla/5.0 (Macintosh; Intel Mac OS X 10_15_7) AppleWebKit/537.36 (KHTML, like Gecko) Chrome/103.0.5060.134 Safari/537.36" "wellnessconceptsclinic.com"
209.141.57.9 - - [02/Oct/2022:00:10:49 -0700] "GET /wp-login.php HTTP/1.1" 200 7406 "-" "Mozilla/5.0 (compatible; MSIE 10.0; Windows NT 6.1; WOW64; Trident/6.0)" "wellnessconceptsclinic.com"
10.247.24.100 - - [02/Oct/2022:00:10:56 -0700] "POST /wp-cron.php?doing_wp_cron=1664694656.5208139419555664062500 HTTP/1.1" 200 - "https://wellnessconceptsclinic.com/wp-cron.php?doing_wp_cron=1664694656.5208139419555664062500" "WordPress/5.9.4; https://wellnessconceptsclinic.com" "wellnessconceptsclinic.com"
209.141.57.9 - - [02/Oct/2022:00:10:57 -0700] "POST /wp-login.php HTTP/1.1" 200 7851 "-" "Mozilla/5.0 (compatible; MSIE 10.0; Windows NT 6.1; WOW64; Trident/6.0)" "wellnessconceptsclinic.com"
207.46.13.111 - - [02/Oct/2022:00:17:00 -0700] "GET /wp-content/uploads/2022/09/Sept-2-2022-1280x718.jpg HTTP/1.1" 200 134075 "-" "Mozilla/5.0 (compatible; bingbot/2.0; +http://www.bing.com/bingbot.htm)" "wellnessconceptsclinic.com"
42.60.16.120 - - [02/Oct/2022:00:19:54 -0700] "GET /robots.txt HTTP/1.1" 404 88 "-" "Mozilla/5.0 (Windows NT 10.0; Win64; x64) AppleWebKit/537.36 (KHTML, like Gecko) Chrome/92.0.4515.159 Safari/537.36" "www.wellnessconceptsclinic.com"
66.249.66.139 - - [02/Oct/2022:00:22:58 -0700] "GET /robots.txt HTTP/1.1" 404 88 "-" "Mozilla/5.0 (compatible; Googlebot/2.1; +http://www.google.com/bot.html)" "www.wellnessconceptsclinic.com"
31.13.127.8 - - [02/Oct/2022:00:38:14 -0700] "HEAD / HTTP/1.1" 200 - "-" "facebookexternalhit/1.1 (+http://www.facebook.com/externalhit_uatext.php)" "wellnessconceptsclinic.com"
10.247.24.102 - - [02/Oct/2022:00:38:21 -0700] "POST /wp-cron.php?doing_wp_cron=1664696301.5457749366760253906250 HTTP/1.1" 200 - "https://wellnessconceptsclinic.com/wp-cron.php?doing_wp_cron=1664696301.5457749366760253906250" "WordPress/5.9.4; https://wellnessconceptsclinic.com" "wellnessconceptsclinic.com"
4.227.219.56 - - [02/Oct/2022:00:39:07 -0700] "GET / HTTP/1.1" 200 162355 "-" "Mozilla/5.0 (Windows NT 10.0; Win64; x64) AppleWebKit/537.36 (KHTML, like Gecko) Chrome/78.0.3904.108 Safari/537.36" "wellnessconceptsclinic.com"
4.227.219.56 - - [02/Oct/2022:00:39:08 -0700] "GET /wp-includes/wlwmanifest.xml HTTP/1.1" 200 1045 "-" "Mozilla/5.0 (Windows NT 10.0; Win64; x64) AppleWebKit/537.36 (KHTML, like Gecko) Chrome/78.0.3904.108 Safari/537.36" "wellnessconceptsclinic.com"
4.227.219.56 - - [02/Oct/2022:00:39:08 -0700] "GET /?author=1 HTTP/1.1" 200 74915 "-" "Mozilla/5.0 (Windows NT 10.0; Win64; x64) AppleWebKit/537.36 (KHTML, like Gecko) Chrome/78.0.3904.108 Safari/537.36" "wellnessconceptsclinic.com"
4.227.219.56 - - [02/Oct/2022:00:39:14 -0700] "GET /?author=2 HTTP/1.1" 200 74962 "-" "Mozilla/5.0 (Windows NT 10.0; Win64; x64) AppleWebKit/537.36 (KHTML, like Gecko) Chrome/78.0.3904.108 Safari/537.36" "wellnessconceptsclinic.com"
4.227.219.56 - - [02/Oct/2022:00:39:21 -0700] "GET /wp-json/wp/v2/users/ HTTP/1.1" 404 73 "-" "Mozilla/5.0 (Windows NT 10.0; Win64; x64) AppleWebKit/537.36 (KHTML, like Gecko) Chrome/78.0.3904.108 Safari/537.36" "wellnessconceptsclinic.com"
4.227.219.56 - - [02/Oct/2022:00:39:21 -0700] "GET /wp-json/oembed/1.0/embed?url=https://wellnessconceptsclinic.com/ HTTP/1.1" 404 73 "-" "Mozilla/5.0 (Windows NT 10.0; Win64; x64) AppleWebKit/537.36 (KHTML, like Gecko) Chrome/78.0.3904.108 Safari/537.36" "wellnessconceptsclinic.com"
4.227.219.56 - - [02/Oct/2022:00:39:21 -0700] "POST /xmlrpc.php HTTP/1.1" 500 4957 "-" "Mozilla/5.0 (Windows NT 10.0; Win64; x64) AppleWebKit/537.36 (KHTML, like Gecko) Chrome/78.0.3904.108 Safari/537.36" "wellnessconceptsclinic.com"
157.55.39.245 - - [02/Oct/2022:00:39:32 -0700] "GET /wp-content/uploads/2018/11/Teri-Copy-200x300.jpg HTTP/1.1" 200 13354 "-" "Mozilla/5.0 AppleWebKit/537.36 (KHTML, like Gecko; compatible; bingbot/2.0; +http://www.bing.com/bingbot.htm) Chrome/103.0.5060.134 Safari/537.36" "wellnessconceptsclinic.com"
207.46.13.140 - - [02/Oct/2022:00:43:00 -0700] "GET /wp-content/plugins/z-url-preview/zurlplugin.css?ver=5.9.4 HTTP/1.1" 200 20 "-" "Mozilla/5.0 (compatible; bingbot/2.0; +http://www.bing.com/bingbot.htm)" "wellnessconceptsclinic.com"
207.46.13.138 - - [02/Oct/2022:00:43:07 -0700] "GET /wp-content/plugins/wp-facebook-reviews/public/css/wprev-fb-combine.css?ver=11.0 HTTP/1.1" 200 1859 "-" "Mozilla/5.0 (compatible; bingbot/2.0; +http://www.bing.com/bingbot.htm)" "wellnessconceptsclinic.com"
207.46.13.138 - - [02/Oct/2022:00:53:58 -0700] "GET /wp-content/uploads/2022/09/Sept-4-2022.jpg HTTP/1.1" 200 191920 "-" "Mozilla/5.0 (compatible; bingbot/2.0; +http://www.bing.com/bingbot.htm)" "wellnessconceptsclinic.com"
207.46.13.140 - - [02/Oct/2022:01:02:02 -0700] "GET /wp-content/uploads/2022/09/Sept-5-2022-480x270.jpg HTTP/1.1" 200 31849 "-" "Mozilla/5.0 (compatible; bingbot/2.0; +http://www.bing.com/bingbot.htm)" "wellnessconceptsclinic.com"
98.236.253.65 - - [02/Oct/2022:01:03:57 -0700] "GET /wp-content/uploads/2018/11/detox2.png HTTP/1.1" 200 749422 "https://www.google.com/" "Mozilla/5.0 (iPhone; CPU iPhone OS 15_6_1 like Mac OS X) AppleWebKit/605.1.15 (KHTML, like Gecko) Version/15.6.1 Mobile/15E148 Safari/604.1" "wellnessconceptsclinic.com"
37.139.53.82 - - [02/Oct/2022:01:07:49 -0700] "GET /?page_id=98 HTTP/1.1" 200 189624 "https://wellnessconceptsclinic.com/?page_id=98" "Mozilla/5.0 (Windows NT 6.3; Win64; x64) AppleWebKit/537.36 (KHTML, like Gecko) Chrome/83.0.4103.44 Safari/537.36" "wellnessconceptsclinic.com"
10.247.24.100 - - [02/Oct/2022:01:07:58 -0700] "POST /wp-cron.php?doing_wp_cron=1664698077.9325358867645263671875 HTTP/1.1" 200 - "https://wellnessconceptsclinic.com/wp-cron.php?doing_wp_cron=1664698077.9325358867645263671875" "WordPress/5.9.4; https://wellnessconceptsclinic.com" "wellnessconceptsclinic.com"
37.139.53.82 - - [02/Oct/2022:01:08:08 -0700] "POST /?page_id=98 HTTP/1.1" 200 186438 "https://wellnessconceptsclinic.com/?page_id=98" "Mozilla/5.0 (Windows NT 6.3; Win64; x64) AppleWebKit/537.36 (KHTML, like Gecko) Chrome/83.0.4103.44 Safari/537.36" "wellnessconceptsclinic.com"
66.249.66.141 - - [02/Oct/2022:01:24:55 -0700] "GET /robots.txt HTTP/1.1" 404 88 "-" "Mozilla/5.0 (compatible; Googlebot/2.1; +http://www.google.com/bot.html)" "www.wellnessconceptsclinic.com"
66.249.66.198 - - [02/Oct/2022:01:25:02 -0700] "GET /robots.txt HTTP/1.1" 404 88 "-" "Mozilla/5.0 (compatible; Googlebot/2.1; +http://www.google.com/bot.html)" "wellnessconceptsclinic.com"
193.142.147.68 - - [02/Oct/2022:01:28:30 -0700] "GET /wp-login.php HTTP/1.1" 200 7406 "-" "Mozilla/5.0 (compatible; MSIE 9.0; Windows NT 6.1; Trident/5.0)" "wellnessconceptsclinic.com"
10.247.24.102 - - [02/Oct/2022:01:28:36 -0700] "POST /wp-cron.php?doing_wp_cron=1664699316.4328711032867431640625 HTTP/1.1" 200 - "https://wellnessconceptsclinic.com/wp-cron.php?doing_wp_cron=1664699316.4328711032867431640625" "WordPress/5.9.4; https://wellnessconceptsclinic.com" "wellnessconceptsclinic.com"
213.162.80.153 - - [02/Oct/2022:01:29:30 -0700] "GET /wp-content/uploads/2018/11/detox2.png HTTP/1.1" 200 749422 "https://www.google.com/" "Mozilla/5.0 (Linux; Android 7.1.2; LM-X410.FN Build/N2G47H; wv) AppleWebKit/537.36 (KHTML, like Gecko) Version/4.0 Chrome/105.0.5195.136 Mobile Safari/537.36 GoogleApp/13.20.11.23.arm" "wellnessconceptsclinic.com"
213.162.80.153 - - [02/Oct/2022:01:29:41 -0700] "GET /wp-content/uploads/2018/11/detox2.png HTTP/1.1" 200 749422 "-" "com.google.android.googlequicksearchbox/301197106 (Linux; U; Android 7.1.2; en_GB; LM-X410.FN; Build/N2G47H; Cronet/105.0.5195.26)" "wellnessconceptsclinic.com"
193.142.147.68 - - [02/Oct/2022:01:30:05 -0700] "POST /wp-login.php HTTP/1.1" 200 7777 "-" "Mozilla/5.0 (Windows NT 6.1; WOW64) AppleWebKit/537.36 (KHTML, like Gecko) Chrome/56.0.2924.90 Safari/537.36 2345Explorer/9.3.2.17331" "wellnessconceptsclinic.com"
193.142.147.68 - - [02/Oct/2022:01:30:11 -0700] "POST /wp-login.php HTTP/1.1" 200 7794 "-" "Mozilla/5.0 (Windows NT 6.1; WOW64) AppleWebKit/537.36 (KHTML, like Gecko) Chrome/56.0.2924.90 Safari/537.36 2345Explorer/9.3.2.17331" "wellnessconceptsclinic.com"
193.142.147.68 - - [02/Oct/2022:01:30:17 -0700] "POST /wp-login.php HTTP/1.1" 200 7833 "-" "Mozilla/5.0 (Windows NT 6.1; WOW64) AppleWebKit/537.36 (KHTML, like Gecko) Chrome/56.0.2924.90 Safari/537.36 2345Explorer/9.3.2.17331" "wellnessconceptsclinic.com"
193.142.147.68 - - [02/Oct/2022:01:30:23 -0700] "POST /wp-login.php HTTP/1.1" 200 7795 "-" "Mozilla/5.0 (Windows NT 6.1; WOW64) AppleWebKit/537.36 (KHTML, like Gecko) Chrome/56.0.2924.90 Safari/537.36 2345Explorer/9.3.2.17331" "wellnessconceptsclinic.com"
207.46.13.140 - - [02/Oct/2022:01:31:34 -0700] "GET /wp-content/uploads/2018/11/detox1.png HTTP/1.1" 200 266208 "-" "Mozilla/5.0 (compatible; bingbot/2.0; +http://www.bing.com/bingbot.htm)" "wellnessconceptsclinic.com"
138.68.182.188 - - [02/Oct/2022:01:34:56 -0700] "GET / HTTP/1.1" 200 162355 "-" "Mozilla/5.0 (Windows NT 10.0; Win64; x64) AppleWebKit/537.36 (KHTML, like Gecko) Chrome/80.0.3987.149 Safari/537.36" "wellnessconceptsclinic.com"
138.68.182.188 - - [02/Oct/2022:01:34:58 -0700] "GET /wp-includes/wlwmanifest.xml HTTP/1.1" 200 1045 "-" "Mozilla/5.0 (Windows NT 10.0; Win64; x64) AppleWebKit/537.36 (KHTML, like Gecko) Chrome/80.0.3987.149 Safari/537.36" "wellnessconceptsclinic.com"
138.68.182.188 - - [02/Oct/2022:01:34:59 -0700] "GET /wp-login.php HTTP/1.1" 200 7406 "-" "Mozilla/5.0 (Windows NT 10.0; Win64; x64) AppleWebKit/537.36 (KHTML, like Gecko) Chrome/80.0.3987.149 Safari/537.36" "wellnessconceptsclinic.com"
138.68.182.188 - - [02/Oct/2022:01:35:04 -0700] "GET /?author=1 HTTP/1.1" 200 74915 "-" "Mozilla/5.0 (Windows NT 10.0; Win64; x64) AppleWebKit/537.36 (KHTML, like Gecko) Chrome/80.0.3987.149 Safari/537.36" "wellnessconceptsclinic.com"
138.68.182.188 - - [02/Oct/2022:01:35:14 -0700] "GET /?author=2 HTTP/1.1" 200 74962 "-" "Mozilla/5.0 (Windows NT 10.0; Win64; x64) AppleWebKit/537.36 (KHTML, like Gecko) Chrome/80.0.3987.149 Safari/537.36" "wellnessconceptsclinic.com"
138.68.182.188 - - [02/Oct/2022:01:35:24 -0700] "GET /wp-json/wp/v2/users/ HTTP/1.1" 404 73 "-" "Mozilla/5.0 (Windows NT 10.0; Win64; x64) AppleWebKit/537.36 (KHTML, like Gecko) Chrome/80.0.3987.149 Safari/537.36" "wellnessconceptsclinic.com"
138.68.182.188 - - [02/Oct/2022:01:35:24 -0700] "GET /wp-json/oembed/1.0/embed?url=https://wellnessconceptsclinic.com/ HTTP/1.1" 404 73 "-" "Mozilla/5.0 (Windows NT 10.0; Win64; x64) AppleWebKit/537.36 (KHTML, like Gecko) Chrome/80.0.3987.149 Safari/537.36" "wellnessconceptsclinic.com"
138.68.182.188 - - [02/Oct/2022:01:35:24 -0700] "POST /xmlrpc.php HTTP/1.1" 500 5365 "-" "Mozilla/5.0 (Windows NT 10.0; Win64; x64) AppleWebKit/537.36 (KHTML, like Gecko) Chrome/80.0.3987.149 Safari/537.36" "wellnessconceptsclinic.com"
138.68.182.188 - - [02/Oct/2022:01:35:24 -0700] "POST /wp-login.php HTTP/1.1" 500 6005 "https://wellnessconceptsclinic.com//wp-login.php" "Mozilla/5.0 (Windows NT 10.0; Win64; x64) AppleWebKit/537.36 (KHTML, like Gecko) Chrome/80.0.3987.149 Safari/537.36" "wellnessconceptsclinic.com"
194.38.20.161 - - [02/Oct/2022:01:37:14 -0700] "GET /wp-content/themes/nuance/functions/jwpanel/scripts/valums_uploader/php.php HTTP/1.1" 404 73 "-" "ALittle Client" "wellnessconceptsclinic.com"
54.36.148.23 - - [02/Oct/2022:01:49:40 -0700] "GET /robots.txt HTTP/1.1" 404 88 "-" "Mozilla/5.0 (compatible; AhrefsBot/7.0; +http://ahrefs.com/robot/)" "www.wellnessconceptsclinic.com"
43.142.249.119 - - [02/Oct/2022:01:53:13 -0700] "GET / HTTP/1.1" 301 20 "-" "Mozilla/5.0 (Linux; Android 6.0; Nexus 5 Build/MRA58N) AppleWebKit/537.36 (KHTML, like Gecko) Chrome/81.0.4044.138 Mobile Safari/537.36" "www.wellnessconceptsclinic.com"
43.142.249.119 - - [02/Oct/2022:01:53:27 -0700] "GET / HTTP/1.1" 200 29587 "https://www.wellnessconceptsclinic.com:443" "Mozilla/5.0 (Linux; Android 6.0; Nexus 5 Build/MRA58N) AppleWebKit/537.36 (KHTML, like Gecko) Chrome/81.0.4044.138 Mobile Safari/537.36" "wellnessconceptsclinic.com"
43.142.249.119 - - [02/Oct/2022:01:53:33 -0700] "GET / HTTP/1.1" 301 20 "-" "Mozilla/5.0 (Linux; Android 6.0; Nexus 5 Build/MRA58N) AppleWebKit/537.36 (KHTML, like Gecko) Chrome/81.0.4044.138 Mobile Safari/537.36" "www.wellnessconceptsclinic.com"
43.142.249.119 - - [02/Oct/2022:01:53:39 -0700] "GET / HTTP/1.1" 200 29587 "https://www.wellnessconceptsclinic.com:443" "Mozilla/5.0 (Linux; Android 6.0; Nexus 5 Build/MRA58N) AppleWebKit/537.36 (KHTML, like Gecko) Chrome/81.0.4044.138 Mobile Safari/537.36" "wellnessconceptsclinic.com"
207.46.13.140 - - [02/Oct/2022:01:53:58 -0700] "GET /?page_id=786 HTTP/1.1" 200 138171 "-" "Mozilla/5.0 (compatible; bingbot/2.0; +http://www.bing.com/bingbot.htm)" "wellnessconceptsclinic.com"
207.46.13.24 - - [02/Oct/2022:01:54:02 -0700] "GET /?page_id=53 HTTP/1.1" 200 136136 "-" "Mozilla/5.0 (compatible; bingbot/2.0; +http://www.bing.com/bingbot.htm)" "wellnessconceptsclinic.com"
207.46.13.111 - - [02/Oct/2022:01:54:20 -0700] "GET /?page_id=81 HTTP/1.1" 200 136696 "-" "Mozilla/5.0 (compatible; bingbot/2.0; +http://www.bing.com/bingbot.htm)" "wellnessconceptsclinic.com"
216.244.66.194 - - [02/Oct/2022:01:56:19 -0700] "GET /robots.txt HTTP/1.1" 404 73 "-" "Mozilla/5.0 (compatible; DotBot/1.2; +https://opensiteexplorer.org/dotbot; help@moz.com)" "wellnessconceptsclinic.com"
20.109.101.102 - - [02/Oct/2022:02:27:06 -0700] "POST /xmlrpc.php HTTP/1.1" 200 401 "-" "Mozilla/5.0 (Windows NT 10.0; Win64; x64; rv:96.0) Gecko/20100101 Firefox/96" "wellnessconceptsclinic.com"
10.247.24.101 - - [02/Oct/2022:02:27:17 -0700] "POST /wp-cron.php?doing_wp_cron=1664702837.2696468830108642578125 HTTP/1.1" 200 - "https://wellnessconceptsclinic.com/wp-cron.php?doing_wp_cron=1664702837.2696468830108642578125" "WordPress/5.9.4; https://wellnessconceptsclinic.com" "wellnessconceptsclinic.com"
185.178.193.83 - - [02/Oct/2022:02:33:31 -0700] "POST /xmlrpc.php HTTP/1.1" 200 401 "-" "Mozilla/5.0 (Windows NT 10.0; Win64; x64; rv:96.0) Gecko/20100101 Firefox/96" "wellnessconceptsclinic.com"
114.119.153.137 - - [02/Oct/2022:02:38:28 -0700] "GET /?page_id=281 HTTP/1.1" 200 134131 "https://www.springfieldrestaurantsmap.com/businesses/view/84104" "Mozilla/5.0 (Linux; Android 7.0;) AppleWebKit/537.36 (KHTML, like Gecko) Mobile Safari/537.36 (compatible; PetalBot;+https://webmaster.petalsearch.com/site/petalbot)" "wellnessconceptsclinic.com"
93.113.111.193 - - [02/Oct/2022:02:39:54 -0700] "POST /xmlrpc.php HTTP/1.1" 200 401 "-" "Mozilla/5.0 (Windows NT 10.0; Win64; x64; rv:96.0) Gecko/20100101 Firefox/96" "wellnessconceptsclinic.com"
104.161.80.219 - - [02/Oct/2022:02:45:25 -0700] "POST /xmlrpc.php HTTP/1.1" 200 401 "-" "Mozilla/5.0 (Windows NT 10.0; Win64; x64; rv:96.0) Gecko/20100101 Firefox/96" "wellnessconceptsclinic.com"
193.142.147.68 - - [02/Oct/2022:02:48:48 -0700] "GET /wp-login.php HTTP/1.1" 200 7406 "-" "Mozilla/5.0 (compatible; MSIE 9.0; Windows NT 6.1; Trident/5.0)" "wellnessconceptsclinic.com"
205.185.116.156 - - [02/Oct/2022:02:50:49 -0700] "GET /wp-login.php HTTP/1.1" 200 7406 "-" "Mozilla/5.0 (Macintosh; Intel Mac OS X 10.9; rv:31.0) Gecko/20100101 Firefox/31.0" "wellnessconceptsclinic.com"
205.185.116.156 - - [02/Oct/2022:02:51:08 -0700] "POST /wp-login.php HTTP/1.1" 200 7851 "-" "Mozilla/5.0 (Macintosh; Intel Mac OS X 10.9; rv:31.0) Gecko/20100101 Firefox/31.0" "wellnessconceptsclinic.com"
66.45.251.157 - - [02/Oct/2022:02:51:16 -0700] "POST /xmlrpc.php HTTP/1.1" 200 401 "-" "Mozilla/5.0 (Windows NT 10.0; Win64; x64; rv:96.0) Gecko/20100101 Firefox/96" "wellnessconceptsclinic.com"
146.75.179.24 - - [02/Oct/2022:02:56:13 -0700] "GET /tnm_bysiness/why-microsoft-should-ice-its-work-for-americas-toxic-ice/ HTTP/1.1" 404 88 "-" "Mozilla/5.0" "wellnessconceptsclinic.com"
162.240.216.162 - - [02/Oct/2022:02:57:15 -0700] "POST /xmlrpc.php HTTP/1.1" 200 401 "-" "Mozilla/5.0 (Windows NT 10.0; Win64; x64; rv:96.0) Gecko/20100101 Firefox/96" "wellnessconceptsclinic.com"
193.142.147.68 - - [02/Oct/2022:02:59:14 -0700] "POST /wp-login.php HTTP/1.1" 200 7777 "-" "Mozilla/5.0 (Windows NT 6.1; WOW64) AppleWebKit/537.36 (KHTML, like Gecko) Chrome/56.0.2924.90 Safari/537.36 2345Explorer/9.3.2.17331" "wellnessconceptsclinic.com"
193.142.147.68 - - [02/Oct/2022:02:59:26 -0700] "POST /wp-login.php HTTP/1.1" 500 4973 "-" "Mozilla/5.0 (Windows NT 6.1; WOW64) AppleWebKit/537.36 (KHTML, like Gecko) Chrome/56.0.2924.90 Safari/537.36 2345Explorer/9.3.2.17331" "wellnessconceptsclinic.com"
193.142.147.68 - - [02/Oct/2022:02:59:27 -0700] "POST /wp-login.php HTTP/1.1" 200 7833 "-" "Mozilla/5.0 (Windows NT 6.1; WOW64) AppleWebKit/537.36 (KHTML, like Gecko) Chrome/56.0.2924.90 Safari/537.36 2345Explorer/9.3.2.17331" "wellnessconceptsclinic.com"
193.142.147.68 - - [02/Oct/2022:02:59:33 -0700] "POST /wp-login.php HTTP/1.1" 500 4973 "-" "Mozilla/5.0 (Windows NT 6.1; WOW64) AppleWebKit/537.36 (KHTML, like Gecko) Chrome/56.0.2924.90 Safari/537.36 2345Explorer/9.3.2.17331" "wellnessconceptsclinic.com"
193.142.147.68 - - [02/Oct/2022:02:59:45 -0700] "POST /wp-login.php HTTP/1.1" 500 4973 "-" "Mozilla/5.0 (Windows NT 6.1; WOW64) AppleWebKit/537.36 (KHTML, like Gecko) Chrome/56.0.2924.90 Safari/537.36 2345Explorer/9.3.2.17331" "wellnessconceptsclinic.com"
193.142.147.68 - - [02/Oct/2022:02:59:45 -0700] "POST /wp-login.php HTTP/1.1" 500 4973 "-" "Mozilla/5.0 (Windows NT 6.1; WOW64) AppleWebKit/537.36 (KHTML, like Gecko) Chrome/56.0.2924.90 Safari/537.36 2345Explorer/9.3.2.17331" "wellnessconceptsclinic.com"
81.68.222.69 - - [02/Oct/2022:03:01:55 -0700] "POST /xmlrpc.php HTTP/1.1" 200 401 "-" "Mozilla/5.0 (Windows NT 10.0; Win64; x64; rv:96.0) Gecko/20100101 Firefox/96" "wellnessconceptsclinic.com"
146.56.186.107 - - [02/Oct/2022:03:06:35 -0700] "GET /?author=21 HTTP/1.1" 404 70528 "-" "Mozilla/5.0 (Windows NT 10.0; Win64; x64) AppleWebKit/537.36 (KHTML, like Gecko) Chrome/87.0.4280.141 Safari/537.36" "wellnessconceptsclinic.com"
185.26.156.154 - - [02/Oct/2022:03:06:38 -0700] "GET /?author=11 HTTP/1.1" 404 70528 "-" "Mozilla/5.0 (Windows NT 10.0) AppleWebKit/537.36 (KHTML, like Gecko) Chrome/72.0.3626.121 Safari/537.36" "wellnessconceptsclinic.com"
10.247.24.101 - - [02/Oct/2022:03:06:42 -0700] "POST /wp-cron.php?doing_wp_cron=1664705202.0603630542755126953125 HTTP/1.1" 200 - "https://wellnessconceptsclinic.com/wp-cron.php?doing_wp_cron=1664705202.0603630542755126953125" "WordPress/5.9.4; https://wellnessconceptsclinic.com" "wellnessconceptsclinic.com"
146.56.186.107 - - [02/Oct/2022:03:06:44 -0700] "GET /?author=21 HTTP/1.1" 404 70528 "-" "Mozilla/5.0 (Windows NT 10.0; Win64; x64) AppleWebKit/537.36 (KHTML, like Gecko) Chrome/87.0.4280.141 Safari/537.36" "wellnessconceptsclinic.com"
185.26.156.154 - - [02/Oct/2022:03:06:47 -0700] "GET /?author=11 HTTP/1.1" 404 70528 "-" "Mozilla/5.0 (Windows NT 10.0) AppleWebKit/537.36 (KHTML, like Gecko) Chrome/72.0.3626.121 Safari/537.36" "wellnessconceptsclinic.com"
146.56.186.107 - - [02/Oct/2022:03:06:53 -0700] "GET /?author=22 HTTP/1.1" 404 70528 "-" "Mozilla/5.0 (Windows NT 10.0; Win64; x64) AppleWebKit/537.36 (KHTML, like Gecko) Chrome/87.0.4280.141 Safari/537.36" "wellnessconceptsclinic.com"
185.26.156.154 - - [02/Oct/2022:03:06:54 -0700] "GET /?author=12 HTTP/1.1" 404 70528 "-" "Mozilla/5.0 (Windows NT 10.0) AppleWebKit/537.36 (KHTML, like Gecko) Chrome/72.0.3626.121 Safari/537.36" "wellnessconceptsclinic.com"
194.233.74.254 - - [02/Oct/2022:03:06:54 -0700] "GET /?author=31 HTTP/1.1" 404 70533 "-" "Mozilla/5.0 (Linux; Android 10) AppleWebKit/537.36 (KHTML, like Gecko) Chrome/91.0.4472.114 Mobile Safari/537.36" "wellnessconceptsclinic.com"
146.56.186.107 - - [02/Oct/2022:03:07:00 -0700] "GET /?author=22 HTTP/1.1" 404 70528 "-" "Mozilla/5.0 (Windows NT 10.0; Win64; x64) AppleWebKit/537.36 (KHTML, like Gecko) Chrome/87.0.4280.141 Safari/537.36" "wellnessconceptsclinic.com"
185.26.156.154 - - [02/Oct/2022:03:07:03 -0700] "GET /?author=12 HTTP/1.1" 404 70528 "-" "Mozilla/5.0 (Windows NT 10.0) AppleWebKit/537.36 (KHTML, like Gecko) Chrome/72.0.3626.121 Safari/537.36" "wellnessconceptsclinic.com"
194.233.74.254 - - [02/Oct/2022:03:07:03 -0700] "GET /?author=31 HTTP/1.1" 404 70533 "-" "Mozilla/5.0 (Linux; Android 10) AppleWebKit/537.36 (KHTML, like Gecko) Chrome/91.0.4472.114 Mobile Safari/537.36" "wellnessconceptsclinic.com"
146.56.186.107 - - [02/Oct/2022:03:07:06 -0700] "GET /?author=23 HTTP/1.1" 404 70528 "-" "Mozilla/5.0 (Windows NT 10.0; Win64; x64) AppleWebKit/537.36 (KHTML, like Gecko) Chrome/87.0.4280.141 Safari/537.36" "wellnessconceptsclinic.com"
185.26.156.154 - - [02/Oct/2022:03:07:10 -0700] "GET /?author=13 HTTP/1.1" 404 70528 "-" "Mozilla/5.0 (Windows NT 10.0) AppleWebKit/537.36 (KHTML, like Gecko) Chrome/72.0.3626.121 Safari/537.36" "wellnessconceptsclinic.com"
194.233.74.254 - - [02/Oct/2022:03:07:11 -0700] "GET /?author=32 HTTP/1.1" 404 70533 "-" "Mozilla/5.0 (Linux; Android 10) AppleWebKit/537.36 (KHTML, like Gecko) Chrome/91.0.4472.114 Mobile Safari/537.36" "wellnessconceptsclinic.com"
146.56.186.107 - - [02/Oct/2022:03:07:14 -0700] "GET /?author=23 HTTP/1.1" 404 70528 "-" "Mozilla/5.0 (Windows NT 10.0; Win64; x64) AppleWebKit/537.36 (KHTML, like Gecko) Chrome/87.0.4280.141 Safari/537.36" "wellnessconceptsclinic.com"
194.233.74.254 - - [02/Oct/2022:03:07:19 -0700] "GET /?author=32 HTTP/1.1" 404 70533 "-" "Mozilla/5.0 (Linux; Android 10) AppleWebKit/537.36 (KHTML, like Gecko) Chrome/91.0.4472.114 Mobile Safari/537.36" "wellnessconceptsclinic.com"
185.26.156.154 - - [02/Oct/2022:03:07:18 -0700] "GET /?author=13 HTTP/1.1" 404 70528 "-" "Mozilla/5.0 (Windows NT 10.0) AppleWebKit/537.36 (KHTML, like Gecko) Chrome/72.0.3626.121 Safari/537.36" "wellnessconceptsclinic.com"
146.56.186.107 - - [02/Oct/2022:03:07:22 -0700] "GET /?author=24 HTTP/1.1" 404 70528 "-" "Mozilla/5.0 (Windows NT 10.0; Win64; x64) AppleWebKit/537.36 (KHTML, like Gecko) Chrome/87.0.4280.141 Safari/537.36" "wellnessconceptsclinic.com"
185.26.156.154 - - [02/Oct/2022:03:07:26 -0700] "GET /?author=14 HTTP/1.1" 404 70528 "-" "Mozilla/5.0 (Windows NT 10.0) AppleWebKit/537.36 (KHTML, like Gecko) Chrome/72.0.3626.121 Safari/537.36" "wellnessconceptsclinic.com"
194.233.74.254 - - [02/Oct/2022:03:07:27 -0700] "GET /?author=33 HTTP/1.1" 404 70533 "-" "Mozilla/5.0 (Linux; Android 10) AppleWebKit/537.36 (KHTML, like Gecko) Chrome/91.0.4472.114 Mobile Safari/537.36" "wellnessconceptsclinic.com"
146.56.186.107 - - [02/Oct/2022:03:07:31 -0700] "GET /?author=24 HTTP/1.1" 404 70528 "-" "Mozilla/5.0 (Windows NT 10.0; Win64; x64) AppleWebKit/537.36 (KHTML, like Gecko) Chrome/87.0.4280.141 Safari/537.36" "wellnessconceptsclinic.com"
194.233.74.254 - - [02/Oct/2022:03:07:37 -0700] "GET /?author=33 HTTP/1.1" 404 70533 "-" "Mozilla/5.0 (Linux; Android 10) AppleWebKit/537.36 (KHTML, like Gecko) Chrome/91.0.4472.114 Mobile Safari/537.36" "wellnessconceptsclinic.com"
14.241.225.96 - - [02/Oct/2022:03:07:32 -0700] "POST /xmlrpc.php HTTP/1.1" 200 401 "-" "Mozilla/5.0 (Windows NT 10.0; Win64; x64; rv:96.0) Gecko/20100101 Firefox/96" "wellnessconceptsclinic.com"
185.26.156.154 - - [02/Oct/2022:03:07:36 -0700] "GET /?author=14 HTTP/1.1" 404 70528 "-" "Mozilla/5.0 (Windows NT 10.0) AppleWebKit/537.36 (KHTML, like Gecko) Chrome/72.0.3626.121 Safari/537.36" "wellnessconceptsclinic.com"
146.56.186.107 - - [02/Oct/2022:03:07:41 -0700] "GET /?author=25 HTTP/1.1" 404 70528 "-" "Mozilla/5.0 (Windows NT 10.0; Win64; x64) AppleWebKit/537.36 (KHTML, like Gecko) Chrome/87.0.4280.141 Safari/537.36" "wellnessconceptsclinic.com"
194.233.74.254 - - [02/Oct/2022:03:07:43 -0700] "GET /?author=34 HTTP/1.1" 404 70533 "-" "Mozilla/5.0 (Linux; Android 10) AppleWebKit/537.36 (KHTML, like Gecko) Chrome/91.0.4472.114 Mobile Safari/537.36" "wellnessconceptsclinic.com"
185.26.156.154 - - [02/Oct/2022:03:07:44 -0700] "GET /?author=15 HTTP/1.1" 404 70528 "-" "Mozilla/5.0 (Windows NT 10.0) AppleWebKit/537.36 (KHTML, like Gecko) Chrome/72.0.3626.121 Safari/537.36" "wellnessconceptsclinic.com"
146.56.186.107 - - [02/Oct/2022:03:07:48 -0700] "GET /?author=25 HTTP/1.1" 404 70528 "-" "Mozilla/5.0 (Windows NT 10.0; Win64; x64) AppleWebKit/537.36 (KHTML, like Gecko) Chrome/87.0.4280.141 Safari/537.36" "wellnessconceptsclinic.com"
194.233.74.254 - - [02/Oct/2022:03:07:51 -0700] "GET /?author=34 HTTP/1.1" 404 70533 "-" "Mozilla/5.0 (Linux; Android 10) AppleWebKit/537.36 (KHTML, like Gecko) Chrome/91.0.4472.114 Mobile Safari/537.36" "wellnessconceptsclinic.com"
185.26.156.154 - - [02/Oct/2022:03:07:52 -0700] "GET /?author=15 HTTP/1.1" 404 70528 "-" "Mozilla/5.0 (Windows NT 10.0) AppleWebKit/537.36 (KHTML, like Gecko) Chrome/72.0.3626.121 Safari/537.36" "wellnessconceptsclinic.com"
146.56.186.107 - - [02/Oct/2022:03:07:55 -0700] "GET /?author=26 HTTP/1.1" 404 70528 "-" "Mozilla/5.0 (Windows NT 10.0; Win64; x64) AppleWebKit/537.36 (KHTML, like Gecko) Chrome/87.0.4280.141 Safari/537.36" "wellnessconceptsclinic.com"
141.94.87.67 - - [02/Oct/2022:03:07:57 -0700] "GET /?author=41 HTTP/1.1" 404 70526 "-" "Mozilla/5.0 (X11; Ubuntu; Linux i686; rv:24.0) Gecko/20100101 Firefox/24.0" "wellnessconceptsclinic.com"
194.233.74.254 - - [02/Oct/2022:03:07:58 -0700] "GET /?author=35 HTTP/1.1" 404 70533 "-" "Mozilla/5.0 (Linux; Android 10) AppleWebKit/537.36 (KHTML, like Gecko) Chrome/91.0.4472.114 Mobile Safari/537.36" "wellnessconceptsclinic.com"
185.26.156.154 - - [02/Oct/2022:03:07:58 -0700] "GET /?author=16 HTTP/1.1" 404 70528 "-" "Mozilla/5.0 (Windows NT 10.0) AppleWebKit/537.36 (KHTML, like Gecko) Chrome/72.0.3626.121 Safari/537.36" "wellnessconceptsclinic.com"
146.56.186.107 - - [02/Oct/2022:03:08:02 -0700] "GET /?author=26 HTTP/1.1" 404 70528 "-" "Mozilla/5.0 (Windows NT 10.0; Win64; x64) AppleWebKit/537.36 (KHTML, like Gecko) Chrome/87.0.4280.141 Safari/537.36" "wellnessconceptsclinic.com"
141.94.87.67 - - [02/Oct/2022:03:08:03 -0700] "GET /?author=41 HTTP/1.1" 404 70526 "-" "Mozilla/5.0 (X11; Ubuntu; Linux i686; rv:24.0) Gecko/20100101 Firefox/24.0" "wellnessconceptsclinic.com"
185.26.156.154 - - [02/Oct/2022:03:08:05 -0700] "GET /?author=16 HTTP/1.1" 404 70528 "-" "Mozilla/5.0 (Windows NT 10.0) AppleWebKit/537.36 (KHTML, like Gecko) Chrome/72.0.3626.121 Safari/537.36" "wellnessconceptsclinic.com"
194.233.74.254 - - [02/Oct/2022:03:08:06 -0700] "GET /?author=35 HTTP/1.1" 404 70533 "-" "Mozilla/5.0 (Linux; Android 10) AppleWebKit/537.36 (KHTML, like Gecko) Chrome/91.0.4472.114 Mobile Safari/537.36" "wellnessconceptsclinic.com"
146.56.186.107 - - [02/Oct/2022:03:08:08 -0700] "GET /?author=27 HTTP/1.1" 404 70528 "-" "Mozilla/5.0 (Windows NT 10.0; Win64; x64) AppleWebKit/537.36 (KHTML, like Gecko) Chrome/87.0.4280.141 Safari/537.36" "wellnessconceptsclinic.com"
141.94.87.67 - - [02/Oct/2022:03:08:09 -0700] "GET /?author=42 HTTP/1.1" 404 70526 "-" "Mozilla/5.0 (X11; Ubuntu; Linux i686; rv:24.0) Gecko/20100101 Firefox/24.0" "wellnessconceptsclinic.com"
185.26.156.154 - - [02/Oct/2022:03:08:12 -0700] "GET /?author=17 HTTP/1.1" 404 70528 "-" "Mozilla/5.0 (Windows NT 10.0) AppleWebKit/537.36 (KHTML, like Gecko) Chrome/72.0.3626.121 Safari/537.36" "wellnessconceptsclinic.com"
194.233.74.254 - - [02/Oct/2022:03:08:13 -0700] "GET /?author=36 HTTP/1.1" 404 70533 "-" "Mozilla/5.0 (Linux; Android 10) AppleWebKit/537.36 (KHTML, like Gecko) Chrome/91.0.4472.114 Mobile Safari/537.36" "wellnessconceptsclinic.com"
146.56.186.107 - - [02/Oct/2022:03:08:15 -0700] "GET /?author=27 HTTP/1.1" 404 70528 "-" "Mozilla/5.0 (Windows NT 10.0; Win64; x64) AppleWebKit/537.36 (KHTML, like Gecko) Chrome/87.0.4280.141 Safari/537.36" "wellnessconceptsclinic.com"
141.94.87.67 - - [02/Oct/2022:03:08:16 -0700] "GET /?author=42 HTTP/1.1" 404 70526 "-" "Mozilla/5.0 (X11; Ubuntu; Linux i686; rv:24.0) Gecko/20100101 Firefox/24.0" "wellnessconceptsclinic.com"
185.26.156.154 - - [02/Oct/2022:03:08:19 -0700] "GET /?author=17 HTTP/1.1" 404 70528 "-" "Mozilla/5.0 (Windows NT 10.0) AppleWebKit/537.36 (KHTML, like Gecko) Chrome/72.0.3626.121 Safari/537.36" "wellnessconceptsclinic.com"
194.233.74.254 - - [02/Oct/2022:03:08:21 -0700] "GET /?author=36 HTTP/1.1" 404 70533 "-" "Mozilla/5.0 (Linux; Android 10) AppleWebKit/537.36 (KHTML, like Gecko) Chrome/91.0.4472.114 Mobile Safari/537.36" "wellnessconceptsclinic.com"
141.94.87.67 - - [02/Oct/2022:03:08:24 -0700] "GET /?author=43 HTTP/1.1" 404 70526 "-" "Mozilla/5.0 (X11; Ubuntu; Linux i686; rv:24.0) Gecko/20100101 Firefox/24.0" "wellnessconceptsclinic.com"
194.233.74.254 - - [02/Oct/2022:03:08:28 -0700] "GET /?author=37 HTTP/1.1" 404 70533 "-" "Mozilla/5.0 (Linux; Android 10) AppleWebKit/537.36 (KHTML, like Gecko) Chrome/91.0.4472.114 Mobile Safari/537.36" "wellnessconceptsclinic.com"
185.26.156.154 - - [02/Oct/2022:03:08:26 -0700] "GET /?author=18 HTTP/1.1" 404 70528 "-" "Mozilla/5.0 (Windows NT 10.0) AppleWebKit/537.36 (KHTML, like Gecko) Chrome/72.0.3626.121 Safari/537.36" "wellnessconceptsclinic.com"
141.94.87.67 - - [02/Oct/2022:03:08:32 -0700] "GET /?author=43 HTTP/1.1" 404 70526 "-" "Mozilla/5.0 (X11; Ubuntu; Linux i686; rv:24.0) Gecko/20100101 Firefox/24.0" "wellnessconceptsclinic.com"
