91.134.248.249 - - [02/Oct/2022:03:16:01 -0700] "GET /?author=8 HTTP/1.1" 404 70528 "-" "Mozilla/5.0 (Windows NT 6.1; WOW64; rv:52.0) Gecko/20100101 Firefox/52.0" "wellnessconceptsclinic.com"
89.46.105.179 - - [02/Oct/2022:03:16:03 -0700] "GET /?author=17 HTTP/1.1" 404 70526 "-" "Mozilla/5.0 (X11; Ubuntu; Linux i686; rv:24.0) Gecko/20100101 Firefox/24.0" "wellnessconceptsclinic.com"
148.72.170.190 - - [02/Oct/2022:03:16:06 -0700] "GET /?author=28 HTTP/1.1" 404 70528 "-" "Mozilla/5.0 (Windows NT 5.1) AppleWebKit/537.36 (KHTML, like Gecko) Chrome/46.0.2490.71 Safari/537.36" "wellnessconceptsclinic.com"
91.134.248.249 - - [02/Oct/2022:03:16:08 -0700] "GET /?author=8 HTTP/1.1" 404 70528 "-" "Mozilla/5.0 (Windows NT 6.1; WOW64; rv:52.0) Gecko/20100101 Firefox/52.0" "wellnessconceptsclinic.com"
89.46.105.179 - - [02/Oct/2022:03:16:11 -0700] "GET /?author=17 HTTP/1.1" 404 70526 "-" "Mozilla/5.0 (X11; Ubuntu; Linux i686; rv:24.0) Gecko/20100101 Firefox/24.0" "wellnessconceptsclinic.com"
148.72.170.190 - - [02/Oct/2022:03:16:13 -0700] "GET /?author=28 HTTP/1.1" 404 70528 "-" "Mozilla/5.0 (Windows NT 5.1) AppleWebKit/537.36 (KHTML, like Gecko) Chrome/46.0.2490.71 Safari/537.36" "wellnessconceptsclinic.com"
91.134.248.249 - - [02/Oct/2022:03:16:16 -0700] "GET /?author=9 HTTP/1.1" 404 70528 "-" "Mozilla/5.0 (Windows NT 6.1; WOW64; rv:52.0) Gecko/20100101 Firefox/52.0" "wellnessconceptsclinic.com"
89.46.105.179 - - [02/Oct/2022:03:16:19 -0700] "GET /?author=18 HTTP/1.1" 404 70526 "-" "Mozilla/5.0 (X11; Ubuntu; Linux i686; rv:24.0) Gecko/20100101 Firefox/24.0" "wellnessconceptsclinic.com"
91.134.248.249 - - [02/Oct/2022:03:16:23 -0700] "GET /?author=9 HTTP/1.1" 404 70528 "-" "Mozilla/5.0 (Windows NT 6.1; WOW64; rv:52.0) Gecko/20100101 Firefox/52.0" "wellnessconceptsclinic.com"
89.46.105.179 - - [02/Oct/2022:03:16:26 -0700] "GET /?author=18 HTTP/1.1" 404 70526 "-" "Mozilla/5.0 (X11; Ubuntu; Linux i686; rv:24.0) Gecko/20100101 Firefox/24.0" "wellnessconceptsclinic.com"
91.134.248.249 - - [02/Oct/2022:03:16:27 -0700] "GET /?author=31 HTTP/1.1" 404 70528 "-" "Mozilla/5.0 (Windows NT 10.0; Win64; x64) AppleWebKit/537.36 (KHTML, like Gecko) Chrome/88.0.4324.190 Safari/537.36" "wellnessconceptsclinic.com"
91.134.248.249 - - [02/Oct/2022:03:16:30 -0700] "GET /?author=10 HTTP/1.1" 404 70528 "-" "Mozilla/5.0 (Windows NT 6.1; WOW64; rv:52.0) Gecko/20100101 Firefox/52.0" "wellnessconceptsclinic.com"
89.46.105.179 - - [02/Oct/2022:03:16:34 -0700] "GET /?author=19 HTTP/1.1" 404 70526 "-" "Mozilla/5.0 (X11; Ubuntu; Linux i686; rv:24.0) Gecko/20100101 Firefox/24.0" "wellnessconceptsclinic.com"
91.134.248.249 - - [02/Oct/2022:03:16:36 -0700] "GET /?author=31 HTTP/1.1" 404 70528 "-" "Mozilla/5.0 (Windows NT 10.0; Win64; x64) AppleWebKit/537.36 (KHTML, like Gecko) Chrome/88.0.4324.190 Safari/537.36" "wellnessconceptsclinic.com"
91.134.248.249 - - [02/Oct/2022:03:16:38 -0700] "GET /?author=10 HTTP/1.1" 404 70528 "-" "Mozilla/5.0 (Windows NT 6.1; WOW64; rv:52.0) Gecko/20100101 Firefox/52.0" "wellnessconceptsclinic.com"
148.72.170.190 - - [02/Oct/2022:03:16:42 -0700] "GET /?author=1 HTTP/1.1" 200 74915 "-" "Mozilla/5.0 (Windows NT 10.0) AppleWebKit/537.36 (KHTML, like Gecko) Chrome/91.0.4472.114 Safari/537.36" "wellnessconceptsclinic.com"
91.134.248.249 - - [02/Oct/2022:03:16:43 -0700] "GET /?author=32 HTTP/1.1" 404 70528 "-" "Mozilla/5.0 (Windows NT 10.0; Win64; x64) AppleWebKit/537.36 (KHTML, like Gecko) Chrome/88.0.4324.190 Safari/537.36" "wellnessconceptsclinic.com"
89.46.105.179 - - [02/Oct/2022:03:16:40 -0700] "GET /?author=19 HTTP/1.1" 404 70526 "-" "Mozilla/5.0 (X11; Ubuntu; Linux i686; rv:24.0) Gecko/20100101 Firefox/24.0" "wellnessconceptsclinic.com"
148.72.170.190 - - [02/Oct/2022:03:16:49 -0700] "GET /?author=1 HTTP/1.1" 200 74915 "-" "Mozilla/5.0 (Windows NT 10.0) AppleWebKit/537.36 (KHTML, like Gecko) Chrome/91.0.4472.114 Safari/537.36" "wellnessconceptsclinic.com"
89.46.105.179 - - [02/Oct/2022:03:16:49 -0700] "GET /?author=41 HTTP/1.1" 404 70528 "-" "Mozilla/5.0 (Windows NT 5.1; rv:33.0) Gecko/20100101 Firefox/33.0" "wellnessconceptsclinic.com"
91.134.248.249 - - [02/Oct/2022:03:16:50 -0700] "GET /?author=32 HTTP/1.1" 404 70528 "-" "Mozilla/5.0 (Windows NT 10.0; Win64; x64) AppleWebKit/537.36 (KHTML, like Gecko) Chrome/88.0.4324.190 Safari/537.36" "wellnessconceptsclinic.com"
89.46.105.179 - - [02/Oct/2022:03:16:50 -0700] "GET /?author=20 HTTP/1.1" 404 70526 "-" "Mozilla/5.0 (X11; Ubuntu; Linux i686; rv:24.0) Gecko/20100101 Firefox/24.0" "wellnessconceptsclinic.com"
148.72.170.190 - - [02/Oct/2022:03:16:55 -0700] "GET /?author=2 HTTP/1.1" 200 74962 "-" "Mozilla/5.0 (Windows NT 10.0) AppleWebKit/537.36 (KHTML, like Gecko) Chrome/91.0.4472.114 Safari/537.36" "wellnessconceptsclinic.com"
89.46.105.179 - - [02/Oct/2022:03:16:56 -0700] "GET /?author=41 HTTP/1.1" 404 70528 "-" "Mozilla/5.0 (Windows NT 5.1; rv:33.0) Gecko/20100101 Firefox/33.0" "wellnessconceptsclinic.com"
91.134.248.249 - - [02/Oct/2022:03:16:57 -0700] "GET /?author=33 HTTP/1.1" 404 70528 "-" "Mozilla/5.0 (Windows NT 10.0; Win64; x64) AppleWebKit/537.36 (KHTML, like Gecko) Chrome/88.0.4324.190 Safari/537.36" "wellnessconceptsclinic.com"
89.46.105.179 - - [02/Oct/2022:03:16:58 -0700] "GET /?author=20 HTTP/1.1" 404 70526 "-" "Mozilla/5.0 (X11; Ubuntu; Linux i686; rv:24.0) Gecko/20100101 Firefox/24.0" "wellnessconceptsclinic.com"
89.46.105.179 - - [02/Oct/2022:03:17:03 -0700] "GET /?author=42 HTTP/1.1" 404 70528 "-" "Mozilla/5.0 (Windows NT 5.1; rv:33.0) Gecko/20100101 Firefox/33.0" "wellnessconceptsclinic.com"
148.72.170.190 - - [02/Oct/2022:03:17:02 -0700] "GET /?author=2 HTTP/1.1" 200 74962 "-" "Mozilla/5.0 (Windows NT 10.0) AppleWebKit/537.36 (KHTML, like Gecko) Chrome/91.0.4472.114 Safari/537.36" "wellnessconceptsclinic.com"
91.134.248.249 - - [02/Oct/2022:03:17:03 -0700] "GET /?author=33 HTTP/1.1" 404 70528 "-" "Mozilla/5.0 (Windows NT 10.0; Win64; x64) AppleWebKit/537.36 (KHTML, like Gecko) Chrome/88.0.4324.190 Safari/537.36" "wellnessconceptsclinic.com"
89.46.105.179 - - [02/Oct/2022:03:17:08 -0700] "GET /?author=42 HTTP/1.1" 404 70528 "-" "Mozilla/5.0 (Windows NT 5.1; rv:33.0) Gecko/20100101 Firefox/33.0" "wellnessconceptsclinic.com"
148.72.170.190 - - [02/Oct/2022:03:17:09 -0700] "GET /?author=3 HTTP/1.1" 404 70528 "-" "Mozilla/5.0 (Windows NT 10.0) AppleWebKit/537.36 (KHTML, like Gecko) Chrome/91.0.4472.114 Safari/537.36" "wellnessconceptsclinic.com"
91.134.248.249 - - [02/Oct/2022:03:17:10 -0700] "GET /?author=34 HTTP/1.1" 404 70528 "-" "Mozilla/5.0 (Windows NT 10.0; Win64; x64) AppleWebKit/537.36 (KHTML, like Gecko) Chrome/88.0.4324.190 Safari/537.36" "wellnessconceptsclinic.com"
89.46.105.179 - - [02/Oct/2022:03:17:15 -0700] "GET /?author=43 HTTP/1.1" 404 70528 "-" "Mozilla/5.0 (Windows NT 5.1; rv:33.0) Gecko/20100101 Firefox/33.0" "wellnessconceptsclinic.com"
148.72.170.190 - - [02/Oct/2022:03:17:15 -0700] "GET /?author=3 HTTP/1.1" 404 70528 "-" "Mozilla/5.0 (Windows NT 10.0) AppleWebKit/537.36 (KHTML, like Gecko) Chrome/91.0.4472.114 Safari/537.36" "wellnessconceptsclinic.com"
91.134.248.249 - - [02/Oct/2022:03:17:17 -0700] "GET /?author=34 HTTP/1.1" 404 70528 "-" "Mozilla/5.0 (Windows NT 10.0; Win64; x64) AppleWebKit/537.36 (KHTML, like Gecko) Chrome/88.0.4324.190 Safari/537.36" "wellnessconceptsclinic.com"
89.46.105.179 - - [02/Oct/2022:03:17:22 -0700] "GET /?author=43 HTTP/1.1" 404 70528 "-" "Mozilla/5.0 (Windows NT 5.1; rv:33.0) Gecko/20100101 Firefox/33.0" "wellnessconceptsclinic.com"
148.72.170.190 - - [02/Oct/2022:03:17:22 -0700] "GET /?author=4 HTTP/1.1" 404 70528 "-" "Mozilla/5.0 (Windows NT 10.0) AppleWebKit/537.36 (KHTML, like Gecko) Chrome/91.0.4472.114 Safari/537.36" "wellnessconceptsclinic.com"
91.134.248.249 - - [02/Oct/2022:03:17:23 -0700] "GET /?author=35 HTTP/1.1" 404 70528 "-" "Mozilla/5.0 (Windows NT 10.0; Win64; x64) AppleWebKit/537.36 (KHTML, like Gecko) Chrome/88.0.4324.190 Safari/537.36" "wellnessconceptsclinic.com"
148.72.170.190 - - [02/Oct/2022:03:17:29 -0700] "GET /?author=4 HTTP/1.1" 404 70528 "-" "Mozilla/5.0 (Windows NT 10.0) AppleWebKit/537.36 (KHTML, like Gecko) Chrome/91.0.4472.114 Safari/537.36" "wellnessconceptsclinic.com"
89.46.105.179 - - [02/Oct/2022:03:17:29 -0700] "GET /?author=44 HTTP/1.1" 404 70528 "-" "Mozilla/5.0 (Windows NT 5.1; rv:33.0) Gecko/20100101 Firefox/33.0" "wellnessconceptsclinic.com"
91.134.248.249 - - [02/Oct/2022:03:17:30 -0700] "GET /?author=35 HTTP/1.1" 404 70528 "-" "Mozilla/5.0 (Windows NT 10.0; Win64; x64) AppleWebKit/537.36 (KHTML, like Gecko) Chrome/88.0.4324.190 Safari/537.36" "wellnessconceptsclinic.com"
148.72.170.190 - - [02/Oct/2022:03:17:35 -0700] "GET /?author=5 HTTP/1.1" 404 70528 "-" "Mozilla/5.0 (Windows NT 10.0) AppleWebKit/537.36 (KHTML, like Gecko) Chrome/91.0.4472.114 Safari/537.36" "wellnessconceptsclinic.com"
89.46.105.179 - - [02/Oct/2022:03:17:35 -0700] "GET /?author=44 HTTP/1.1" 404 70528 "-" "Mozilla/5.0 (Windows NT 5.1; rv:33.0) Gecko/20100101 Firefox/33.0" "wellnessconceptsclinic.com"
91.134.248.249 - - [02/Oct/2022:03:17:37 -0700] "GET /?author=36 HTTP/1.1" 404 70528 "-" "Mozilla/5.0 (Windows NT 10.0; Win64; x64) AppleWebKit/537.36 (KHTML, like Gecko) Chrome/88.0.4324.190 Safari/537.36" "wellnessconceptsclinic.com"
148.72.170.190 - - [02/Oct/2022:03:17:40 -0700] "GET /?author=5 HTTP/1.1" 404 70528 "-" "Mozilla/5.0 (Windows NT 10.0) AppleWebKit/537.36 (KHTML, like Gecko) Chrome/91.0.4472.114 Safari/537.36" "wellnessconceptsclinic.com"
89.46.105.179 - - [02/Oct/2022:03:17:41 -0700] "GET /?author=45 HTTP/1.1" 404 70528 "-" "Mozilla/5.0 (Windows NT 5.1; rv:33.0) Gecko/20100101 Firefox/33.0" "wellnessconceptsclinic.com"
91.134.248.249 - - [02/Oct/2022:03:17:43 -0700] "GET /?author=36 HTTP/1.1" 404 70528 "-" "Mozilla/5.0 (Windows NT 10.0; Win64; x64) AppleWebKit/537.36 (KHTML, like Gecko) Chrome/88.0.4324.190 Safari/537.36" "wellnessconceptsclinic.com"
148.72.170.190 - - [02/Oct/2022:03:17:47 -0700] "GET /?author=6 HTTP/1.1" 404 70528 "-" "Mozilla/5.0 (Windows NT 10.0) AppleWebKit/537.36 (KHTML, like Gecko) Chrome/91.0.4472.114 Safari/537.36" "wellnessconceptsclinic.com"
89.46.105.179 - - [02/Oct/2022:03:17:48 -0700] "GET /?author=45 HTTP/1.1" 404 70528 "-" "Mozilla/5.0 (Windows NT 5.1; rv:33.0) Gecko/20100101 Firefox/33.0" "wellnessconceptsclinic.com"
91.134.248.249 - - [02/Oct/2022:03:17:49 -0700] "GET /?author=37 HTTP/1.1" 404 70528 "-" "Mozilla/5.0 (Windows NT 10.0; Win64; x64) AppleWebKit/537.36 (KHTML, like Gecko) Chrome/88.0.4324.190 Safari/537.36" "wellnessconceptsclinic.com"
148.72.170.190 - - [02/Oct/2022:03:17:52 -0700] "GET /?author=6 HTTP/1.1" 404 70528 "-" "Mozilla/5.0 (Windows NT 10.0) AppleWebKit/537.36 (KHTML, like Gecko) Chrome/91.0.4472.114 Safari/537.36" "wellnessconceptsclinic.com"
89.46.105.179 - - [02/Oct/2022:03:17:54 -0700] "GET /?author=46 HTTP/1.1" 404 70528 "-" "Mozilla/5.0 (Windows NT 5.1; rv:33.0) Gecko/20100101 Firefox/33.0" "wellnessconceptsclinic.com"
91.134.248.249 - - [02/Oct/2022:03:17:55 -0700] "GET /?author=37 HTTP/1.1" 404 70528 "-" "Mozilla/5.0 (Windows NT 10.0; Win64; x64) AppleWebKit/537.36 (KHTML, like Gecko) Chrome/88.0.4324.190 Safari/537.36" "wellnessconceptsclinic.com"
148.72.170.190 - - [02/Oct/2022:03:17:59 -0700] "GET /?author=7 HTTP/1.1" 404 70528 "-" "Mozilla/5.0 (Windows NT 10.0) AppleWebKit/537.36 (KHTML, like Gecko) Chrome/91.0.4472.114 Safari/537.36" "wellnessconceptsclinic.com"
89.46.105.179 - - [02/Oct/2022:03:18:00 -0700] "GET /?author=46 HTTP/1.1" 404 70528 "-" "Mozilla/5.0 (Windows NT 5.1; rv:33.0) Gecko/20100101 Firefox/33.0" "wellnessconceptsclinic.com"
91.134.248.249 - - [02/Oct/2022:03:18:03 -0700] "GET /?author=38 HTTP/1.1" 404 70528 "-" "Mozilla/5.0 (Windows NT 10.0; Win64; x64) AppleWebKit/537.36 (KHTML, like Gecko) Chrome/88.0.4324.190 Safari/537.36" "wellnessconceptsclinic.com"
148.72.170.190 - - [02/Oct/2022:03:18:04 -0700] "GET /?author=7 HTTP/1.1" 404 70528 "-" "Mozilla/5.0 (Windows NT 10.0) AppleWebKit/537.36 (KHTML, like Gecko) Chrome/91.0.4472.114 Safari/537.36" "wellnessconceptsclinic.com"
89.46.105.179 - - [02/Oct/2022:03:18:06 -0700] "GET /?author=47 HTTP/1.1" 404 70528 "-" "Mozilla/5.0 (Windows NT 5.1; rv:33.0) Gecko/20100101 Firefox/33.0" "wellnessconceptsclinic.com"
148.72.170.190 - - [02/Oct/2022:03:18:10 -0700] "GET /?author=8 HTTP/1.1" 404 70528 "-" "Mozilla/5.0 (Windows NT 10.0) AppleWebKit/537.36 (KHTML, like Gecko) Chrome/91.0.4472.114 Safari/537.36" "wellnessconceptsclinic.com"
91.134.248.249 - - [02/Oct/2022:03:18:09 -0700] "GET /?author=38 HTTP/1.1" 404 70528 "-" "Mozilla/5.0 (Windows NT 10.0; Win64; x64) AppleWebKit/537.36 (KHTML, like Gecko) Chrome/88.0.4324.190 Safari/537.36" "wellnessconceptsclinic.com"
89.46.105.179 - - [02/Oct/2022:03:18:14 -0700] "GET /?author=47 HTTP/1.1" 404 70528 "-" "Mozilla/5.0 (Windows NT 5.1; rv:33.0) Gecko/20100101 Firefox/33.0" "wellnessconceptsclinic.com"
148.72.170.190 - - [02/Oct/2022:03:18:15 -0700] "GET /?author=8 HTTP/1.1" 404 70528 "-" "Mozilla/5.0 (Windows NT 10.0) AppleWebKit/537.36 (KHTML, like Gecko) Chrome/91.0.4472.114 Safari/537.36" "wellnessconceptsclinic.com"
91.134.248.249 - - [02/Oct/2022:03:18:17 -0700] "GET /?author=39 HTTP/1.1" 404 70528 "-" "Mozilla/5.0 (Windows NT 10.0; Win64; x64) AppleWebKit/537.36 (KHTML, like Gecko) Chrome/88.0.4324.190 Safari/537.36" "wellnessconceptsclinic.com"
89.46.105.179 - - [02/Oct/2022:03:18:21 -0700] "GET /?author=48 HTTP/1.1" 404 70528 "-" "Mozilla/5.0 (Windows NT 5.1; rv:33.0) Gecko/20100101 Firefox/33.0" "wellnessconceptsclinic.com"
91.134.248.249 - - [02/Oct/2022:03:18:23 -0700] "GET /?author=39 HTTP/1.1" 404 70528 "-" "Mozilla/5.0 (Windows NT 10.0; Win64; x64) AppleWebKit/537.36 (KHTML, like Gecko) Chrome/88.0.4324.190 Safari/537.36" "wellnessconceptsclinic.com"
139.59.230.191 - - [02/Oct/2022:03:18:30 -0700] "GET /wp-22.php HTTP/1.1" 404 73 "-" "-" "wellnessconceptsclinic.com"
89.46.105.179 - - [02/Oct/2022:03:18:27 -0700] "GET /?author=48 HTTP/1.1" 404 70528 "-" "Mozilla/5.0 (Windows NT 5.1; rv:33.0) Gecko/20100101 Firefox/33.0" "wellnessconceptsclinic.com"
91.134.248.249 - - [02/Oct/2022:03:18:30 -0700] "GET /?author=40 HTTP/1.1" 404 70528 "-" "Mozilla/5.0 (Windows NT 10.0; Win64; x64) AppleWebKit/537.36 (KHTML, like Gecko) Chrome/88.0.4324.190 Safari/537.36" "wellnessconceptsclinic.com"
91.134.248.249 - - [02/Oct/2022:03:18:32 -0700] "GET /?author=11 HTTP/1.1" 500 85 "-" "Mozilla/5.0 (Windows NT 6.2; Win64; x64) AppleWebKit/537.36 (KHTML, like Gecko) Chrome/60.0.3112.90 Safari/537.36" "wellnessconceptsclinic.com"
89.46.105.179 - - [02/Oct/2022:03:18:34 -0700] "GET /?author=49 HTTP/1.1" 404 70528 "-" "Mozilla/5.0 (Windows NT 5.1; rv:33.0) Gecko/20100101 Firefox/33.0" "wellnessconceptsclinic.com"
91.134.248.249 - - [02/Oct/2022:03:18:36 -0700] "GET /?author=40 HTTP/1.1" 404 70528 "-" "Mozilla/5.0 (Windows NT 10.0; Win64; x64) AppleWebKit/537.36 (KHTML, like Gecko) Chrome/88.0.4324.190 Safari/537.36" "wellnessconceptsclinic.com"
89.46.105.179 - - [02/Oct/2022:03:18:40 -0700] "GET /?author=49 HTTP/1.1" 404 70528 "-" "Mozilla/5.0 (Windows NT 5.1; rv:33.0) Gecko/20100101 Firefox/33.0" "wellnessconceptsclinic.com"
66.94.117.33 - - [02/Oct/2022:03:18:43 -0700] "POST /xmlrpc.php HTTP/1.1" 200 401 "-" "Mozilla/5.0 (Windows NT 10.0; Win64; x64; rv:96.0) Gecko/20100101 Firefox/96" "wellnessconceptsclinic.com"
91.134.248.249 - - [02/Oct/2022:03:18:39 -0700] "GET /?author=11 HTTP/1.1" 404 70528 "-" "Mozilla/5.0 (Windows NT 6.2; Win64; x64) AppleWebKit/537.36 (KHTML, like Gecko) Chrome/60.0.3112.90 Safari/537.36" "wellnessconceptsclinic.com"
89.46.105.179 - - [02/Oct/2022:03:18:45 -0700] "GET /?author=50 HTTP/1.1" 404 70528 "-" "Mozilla/5.0 (Windows NT 5.1; rv:33.0) Gecko/20100101 Firefox/33.0" "wellnessconceptsclinic.com"
89.46.105.179 - - [02/Oct/2022:03:18:52 -0700] "GET /?author=21 HTTP/1.1" 404 70533 "-" "Mozilla/5.0 (Linux; Android 10; LM-Q720) AppleWebKit/537.36 (KHTML, like Gecko) Chrome/91.0.4472.114 Mobile Safari/537.36" "wellnessconceptsclinic.com"
91.134.248.249 - - [02/Oct/2022:03:18:50 -0700] "GET /?author=12 HTTP/1.1" 404 70528 "-" "Mozilla/5.0 (Windows NT 6.2; Win64; x64) AppleWebKit/537.36 (KHTML, like Gecko) Chrome/60.0.3112.90 Safari/537.36" "wellnessconceptsclinic.com"
89.46.105.179 - - [02/Oct/2022:03:18:51 -0700] "GET /?author=50 HTTP/1.1" 404 70528 "-" "Mozilla/5.0 (Windows NT 5.1; rv:33.0) Gecko/20100101 Firefox/33.0" "wellnessconceptsclinic.com"
89.46.105.179 - - [02/Oct/2022:03:18:58 -0700] "GET /?author=21 HTTP/1.1" 404 70533 "-" "Mozilla/5.0 (Linux; Android 10; LM-Q720) AppleWebKit/537.36 (KHTML, like Gecko) Chrome/91.0.4472.114 Mobile Safari/537.36" "wellnessconceptsclinic.com"
91.134.248.249 - - [02/Oct/2022:03:18:58 -0700] "GET /?author=12 HTTP/1.1" 404 70528 "-" "Mozilla/5.0 (Windows NT 6.2; Win64; x64) AppleWebKit/537.36 (KHTML, like Gecko) Chrome/60.0.3112.90 Safari/537.36" "wellnessconceptsclinic.com"
89.46.105.179 - - [02/Oct/2022:03:19:05 -0700] "GET /?author=22 HTTP/1.1" 404 70533 "-" "Mozilla/5.0 (Linux; Android 10; LM-Q720) AppleWebKit/537.36 (KHTML, like Gecko) Chrome/91.0.4472.114 Mobile Safari/537.36" "wellnessconceptsclinic.com"
91.134.248.249 - - [02/Oct/2022:03:19:05 -0700] "GET /?author=13 HTTP/1.1" 404 70528 "-" "Mozilla/5.0 (Windows NT 6.2; Win64; x64) AppleWebKit/537.36 (KHTML, like Gecko) Chrome/60.0.3112.90 Safari/537.36" "wellnessconceptsclinic.com"
91.134.248.249 - - [02/Oct/2022:03:19:11 -0700] "GET /?author=13 HTTP/1.1" 404 70528 "-" "Mozilla/5.0 (Windows NT 6.2; Win64; x64) AppleWebKit/537.36 (KHTML, like Gecko) Chrome/60.0.3112.90 Safari/537.36" "wellnessconceptsclinic.com"
89.46.105.179 - - [02/Oct/2022:03:19:11 -0700] "GET /?author=22 HTTP/1.1" 404 70533 "-" "Mozilla/5.0 (Linux; Android 10; LM-Q720) AppleWebKit/537.36 (KHTML, like Gecko) Chrome/91.0.4472.114 Mobile Safari/537.36" "wellnessconceptsclinic.com"
91.134.248.249 - - [02/Oct/2022:03:19:17 -0700] "GET /?author=14 HTTP/1.1" 404 70528 "-" "Mozilla/5.0 (Windows NT 6.2; Win64; x64) AppleWebKit/537.36 (KHTML, like Gecko) Chrome/60.0.3112.90 Safari/537.36" "wellnessconceptsclinic.com"
89.46.105.179 - - [02/Oct/2022:03:19:17 -0700] "GET /?author=23 HTTP/1.1" 404 70533 "-" "Mozilla/5.0 (Linux; Android 10; LM-Q720) AppleWebKit/537.36 (KHTML, like Gecko) Chrome/91.0.4472.114 Mobile Safari/537.36" "wellnessconceptsclinic.com"
91.134.248.249 - - [02/Oct/2022:03:19:23 -0700] "GET /?author=14 HTTP/1.1" 404 70528 "-" "Mozilla/5.0 (Windows NT 6.2; Win64; x64) AppleWebKit/537.36 (KHTML, like Gecko) Chrome/60.0.3112.90 Safari/537.36" "wellnessconceptsclinic.com"
89.46.105.179 - - [02/Oct/2022:03:19:24 -0700] "GET /?author=23 HTTP/1.1" 404 70533 "-" "Mozilla/5.0 (Linux; Android 10; LM-Q720) AppleWebKit/537.36 (KHTML, like Gecko) Chrome/91.0.4472.114 Mobile Safari/537.36" "wellnessconceptsclinic.com"
91.134.248.249 - - [02/Oct/2022:03:19:28 -0700] "GET /?author=15 HTTP/1.1" 404 70528 "-" "Mozilla/5.0 (Windows NT 6.2; Win64; x64) AppleWebKit/537.36 (KHTML, like Gecko) Chrome/60.0.3112.90 Safari/537.36" "wellnessconceptsclinic.com"
89.46.105.179 - - [02/Oct/2022:03:19:31 -0700] "GET /?author=24 HTTP/1.1" 404 70533 "-" "Mozilla/5.0 (Linux; Android 10; LM-Q720) AppleWebKit/537.36 (KHTML, like Gecko) Chrome/91.0.4472.114 Mobile Safari/537.36" "wellnessconceptsclinic.com"
91.134.248.249 - - [02/Oct/2022:03:19:34 -0700] "GET /?author=15 HTTP/1.1" 404 70528 "-" "Mozilla/5.0 (Windows NT 6.2; Win64; x64) AppleWebKit/537.36 (KHTML, like Gecko) Chrome/60.0.3112.90 Safari/537.36" "wellnessconceptsclinic.com"
89.46.105.179 - - [02/Oct/2022:03:19:38 -0700] "GET /?author=24 HTTP/1.1" 404 70533 "-" "Mozilla/5.0 (Linux; Android 10; LM-Q720) AppleWebKit/537.36 (KHTML, like Gecko) Chrome/91.0.4472.114 Mobile Safari/537.36" "wellnessconceptsclinic.com"
91.134.248.249 - - [02/Oct/2022:03:19:41 -0700] "GET /?author=16 HTTP/1.1" 404 70528 "-" "Mozilla/5.0 (Windows NT 6.2; Win64; x64) AppleWebKit/537.36 (KHTML, like Gecko) Chrome/60.0.3112.90 Safari/537.36" "wellnessconceptsclinic.com"
89.46.105.179 - - [02/Oct/2022:03:19:45 -0700] "GET /?author=25 HTTP/1.1" 404 70533 "-" "Mozilla/5.0 (Linux; Android 10; LM-Q720) AppleWebKit/537.36 (KHTML, like Gecko) Chrome/91.0.4472.114 Mobile Safari/537.36" "wellnessconceptsclinic.com"
91.134.248.249 - - [02/Oct/2022:03:19:46 -0700] "GET /?author=16 HTTP/1.1" 404 70528 "-" "Mozilla/5.0 (Windows NT 6.2; Win64; x64) AppleWebKit/537.36 (KHTML, like Gecko) Chrome/60.0.3112.90 Safari/537.36" "wellnessconceptsclinic.com"
89.46.105.179 - - [02/Oct/2022:03:19:52 -0700] "GET /?author=25 HTTP/1.1" 404 70533 "-" "Mozilla/5.0 (Linux; Android 10; LM-Q720) AppleWebKit/537.36 (KHTML, like Gecko) Chrome/91.0.4472.114 Mobile Safari/537.36" "wellnessconceptsclinic.com"
91.134.248.249 - - [02/Oct/2022:03:19:53 -0700] "GET /?author=17 HTTP/1.1" 404 70528 "-" "Mozilla/5.0 (Windows NT 6.2; Win64; x64) AppleWebKit/537.36 (KHTML, like Gecko) Chrome/60.0.3112.90 Safari/537.36" "wellnessconceptsclinic.com"
89.46.105.179 - - [02/Oct/2022:03:20:00 -0700] "GET /?author=26 HTTP/1.1" 404 70533 "-" "Mozilla/5.0 (Linux; Android 10; LM-Q720) AppleWebKit/537.36 (KHTML, like Gecko) Chrome/91.0.4472.114 Mobile Safari/537.36" "wellnessconceptsclinic.com"
91.134.248.249 - - [02/Oct/2022:03:20:00 -0700] "GET /?author=17 HTTP/1.1" 404 70528 "-" "Mozilla/5.0 (Windows NT 6.2; Win64; x64) AppleWebKit/537.36 (KHTML, like Gecko) Chrome/60.0.3112.90 Safari/537.36" "wellnessconceptsclinic.com"
89.46.105.179 - - [02/Oct/2022:03:20:05 -0700] "GET /?author=26 HTTP/1.1" 404 70533 "-" "Mozilla/5.0 (Linux; Android 10; LM-Q720) AppleWebKit/537.36 (KHTML, like Gecko) Chrome/91.0.4472.114 Mobile Safari/537.36" "wellnessconceptsclinic.com"
91.134.248.249 - - [02/Oct/2022:03:20:07 -0700] "GET /?author=18 HTTP/1.1" 404 70528 "-" "Mozilla/5.0 (Windows NT 6.2; Win64; x64) AppleWebKit/537.36 (KHTML, like Gecko) Chrome/60.0.3112.90 Safari/537.36" "wellnessconceptsclinic.com"
91.134.248.249 - - [02/Oct/2022:03:20:13 -0700] "GET /?author=18 HTTP/1.1" 404 70528 "-" "Mozilla/5.0 (Windows NT 6.2; Win64; x64) AppleWebKit/537.36 (KHTML, like Gecko) Chrome/60.0.3112.90 Safari/537.36" "wellnessconceptsclinic.com"
89.46.105.179 - - [02/Oct/2022:03:20:11 -0700] "GET /?author=27 HTTP/1.1" 404 70533 "-" "Mozilla/5.0 (Linux; Android 10; LM-Q720) AppleWebKit/537.36 (KHTML, like Gecko) Chrome/91.0.4472.114 Mobile Safari/537.36" "wellnessconceptsclinic.com"
10.247.24.100 - - [02/Oct/2022:03:20:17 -0700] "POST /wp-cron.php?doing_wp_cron=1664706017.6669480800628662109375 HTTP/1.1" 200 - "https://wellnessconceptsclinic.com/wp-cron.php?doing_wp_cron=1664706017.6669480800628662109375" "WordPress/5.9.4; https://wellnessconceptsclinic.com" "wellnessconceptsclinic.com"
89.46.105.179 - - [02/Oct/2022:03:20:19 -0700] "GET /?author=27 HTTP/1.1" 404 70533 "-" "Mozilla/5.0 (Linux; Android 10; LM-Q720) AppleWebKit/537.36 (KHTML, like Gecko) Chrome/91.0.4472.114 Mobile Safari/537.36" "wellnessconceptsclinic.com"
91.134.248.249 - - [02/Oct/2022:03:20:19 -0700] "GET /?author=19 HTTP/1.1" 404 70528 "-" "Mozilla/5.0 (Windows NT 6.2; Win64; x64) AppleWebKit/537.36 (KHTML, like Gecko) Chrome/60.0.3112.90 Safari/537.36" "wellnessconceptsclinic.com"
89.46.105.179 - - [02/Oct/2022:03:20:26 -0700] "GET /?author=28 HTTP/1.1" 404 70533 "-" "Mozilla/5.0 (Linux; Android 10; LM-Q720) AppleWebKit/537.36 (KHTML, like Gecko) Chrome/91.0.4472.114 Mobile Safari/537.36" "wellnessconceptsclinic.com"
91.134.248.249 - - [02/Oct/2022:03:20:26 -0700] "GET /?author=19 HTTP/1.1" 404 70528 "-" "Mozilla/5.0 (Windows NT 6.2; Win64; x64) AppleWebKit/537.36 (KHTML, like Gecko) Chrome/60.0.3112.90 Safari/537.36" "wellnessconceptsclinic.com"
91.134.248.249 - - [02/Oct/2022:03:20:32 -0700] "GET /?author=20 HTTP/1.1" 404 70528 "-" "Mozilla/5.0 (Windows NT 6.2; Win64; x64) AppleWebKit/537.36 (KHTML, like Gecko) Chrome/60.0.3112.90 Safari/537.36" "wellnessconceptsclinic.com"
89.46.105.179 - - [02/Oct/2022:03:20:32 -0700] "GET /?author=28 HTTP/1.1" 404 70533 "-" "Mozilla/5.0 (Linux; Android 10; LM-Q720) AppleWebKit/537.36 (KHTML, like Gecko) Chrome/91.0.4472.114 Mobile Safari/537.36" "wellnessconceptsclinic.com"
91.134.248.249 - - [02/Oct/2022:03:20:38 -0700] "GET /?author=20 HTTP/1.1" 404 70528 "-" "Mozilla/5.0 (Windows NT 6.2; Win64; x64) AppleWebKit/537.36 (KHTML, like Gecko) Chrome/60.0.3112.90 Safari/537.36" "wellnessconceptsclinic.com"
89.46.105.179 - - [02/Oct/2022:03:20:39 -0700] "GET /?author=29 HTTP/1.1" 404 70533 "-" "Mozilla/5.0 (Linux; Android 10; LM-Q720) AppleWebKit/537.36 (KHTML, like Gecko) Chrome/91.0.4472.114 Mobile Safari/537.36" "wellnessconceptsclinic.com"
89.46.105.179 - - [02/Oct/2022:03:20:46 -0700] "GET /?author=29 HTTP/1.1" 404 70533 "-" "Mozilla/5.0 (Linux; Android 10; LM-Q720) AppleWebKit/537.36 (KHTML, like Gecko) Chrome/91.0.4472.114 Mobile Safari/537.36" "wellnessconceptsclinic.com"
89.46.105.179 - - [02/Oct/2022:03:20:53 -0700] "GET /?author=30 HTTP/1.1" 404 70533 "-" "Mozilla/5.0 (Linux; Android 10; LM-Q720) AppleWebKit/537.36 (KHTML, like Gecko) Chrome/91.0.4472.114 Mobile Safari/537.36" "wellnessconceptsclinic.com"
89.46.105.179 - - [02/Oct/2022:03:20:59 -0700] "GET /?author=30 HTTP/1.1" 404 70533 "-" "Mozilla/5.0 (Linux; Android 10; LM-Q720) AppleWebKit/537.36 (KHTML, like Gecko) Chrome/91.0.4472.114 Mobile Safari/537.36" "wellnessconceptsclinic.com"
109.233.192.83 - - [02/Oct/2022:03:23:55 -0700] "POST /xmlrpc.php HTTP/1.1" 200 401 "-" "Mozilla/5.0 (Windows NT 10.0; Win64; x64; rv:96.0) Gecko/20100101 Firefox/96" "wellnessconceptsclinic.com"
159.89.170.41 - - [02/Oct/2022:03:28:43 -0700] "POST /xmlrpc.php HTTP/1.1" 200 401 "-" "Mozilla/5.0 (Windows NT 10.0; Win64; x64; rv:96.0) Gecko/20100101 Firefox/96" "wellnessconceptsclinic.com"
66.249.66.139 - - [02/Oct/2022:03:32:29 -0700] "GET /ads.txt HTTP/1.1" 404 88 "-" "Mozilla/5.0 (compatible; Googlebot/2.1; +http://www.google.com/bot.html)" "www.wellnessconceptsclinic.com"
157.245.246.208 - - [02/Oct/2022:03:33:08 -0700] "POST /xmlrpc.php HTTP/1.1" 200 401 "-" "Mozilla/5.0 (Windows NT 10.0; Win64; x64; rv:96.0) Gecko/20100101 Firefox/96" "wellnessconceptsclinic.com"
42.200.109.156 - - [02/Oct/2022:03:37:45 -0700] "POST /xmlrpc.php HTTP/1.1" 200 401 "-" "Mozilla/5.0 (Windows NT 10.0; Win64; x64; rv:96.0) Gecko/20100101 Firefox/96" "wellnessconceptsclinic.com"
114.119.135.72 - - [02/Oct/2022:03:38:44 -0700] "GET /robots.txt HTTP/1.1" 404 88 "-" "Mozilla/5.0 (compatible;PetalBot;+https://webmaster.petalsearch.com/site/petalbot)" "www.wellnessconceptsclinic.com"
206.189.128.226 - - [02/Oct/2022:03:42:21 -0700] "POST /xmlrpc.php HTTP/1.1" 200 401 "-" "Mozilla/5.0 (Windows NT 10.0; Win64; x64; rv:96.0) Gecko/20100101 Firefox/96" "wellnessconceptsclinic.com"
188.212.34.36 - - [02/Oct/2022:03:46:46 -0700] "POST /xmlrpc.php HTTP/1.1" 200 401 "-" "Mozilla/5.0 (Windows NT 10.0; Win64; x64; rv:96.0) Gecko/20100101 Firefox/96" "wellnessconceptsclinic.com"
199.201.110.199 - - [02/Oct/2022:03:50:42 -0700] "POST /xmlrpc.php HTTP/1.1" 200 401 "-" "Mozilla/5.0 (Windows NT 10.0; Win64; x64; rv:96.0) Gecko/20100101 Firefox/96" "wellnessconceptsclinic.com"
42.236.10.105 - - [02/Oct/2022:03:53:28 -0700] "GET / HTTP/1.1" 200 29587 "https://wellnessconceptsclinic.com/" "Mozilla/5.0 (Windows NT 6.1; WOW64) AppleWebKit/537.36 (KHTML, like Gecko) Chrome/50.0.2661.102 Safari/537.36; 360Spider" "wellnessconceptsclinic.com"
103.92.27.198 - - [02/Oct/2022:03:54:49 -0700] "POST /xmlrpc.php HTTP/1.1" 200 401 "-" "Mozilla/5.0 (Windows NT 10.0; Win64; x64; rv:96.0) Gecko/20100101 Firefox/96" "wellnessconceptsclinic.com"
180.163.220.43 - - [02/Oct/2022:03:56:15 -0700] "GET / HTTP/1.1" 301 20 "https://www.wellnessconceptsclinic.com/" "Mozilla/5.0 (Windows NT 6.1; WOW64) AppleWebKit/537.36 (KHTML, like Gecko) Chrome/50.0.2661.102 Safari/537.36; 360Spider" "www.wellnessconceptsclinic.com"
47.104.66.61 - - [02/Oct/2022:04:00:46 -0700] "POST /xmlrpc.php HTTP/1.1" 200 401 "-" "Mozilla/5.0 (Windows NT 10.0; Win64; x64; rv:96.0) Gecko/20100101 Firefox/96" "wellnessconceptsclinic.com"
46.8.111.186 - - [02/Oct/2022:04:03:22 -0700] "GET /archivarix.cms.php HTTP/1.1" 404 88 "-" "Mozilla/5.0 (Macintosh; Intel Mac OS X 10_15_7) AppleWebKit/537.36 (KHTML, like Gecko) Chrome/103.0.5060.134 Safari/537.36" "wellnessconceptsclinic.com"
190.145.68.131 - - [02/Oct/2022:04:05:13 -0700] "POST /xmlrpc.php HTTP/1.1" 200 401 "-" "Mozilla/5.0 (Windows NT 10.0; Win64; x64; rv:96.0) Gecko/20100101 Firefox/96" "wellnessconceptsclinic.com"
10.247.24.100 - - [02/Oct/2022:04:05:20 -0700] "POST /wp-cron.php?doing_wp_cron=1664708720.9182929992675781250000 HTTP/1.1" 200 - "https://wellnessconceptsclinic.com/wp-cron.php?doing_wp_cron=1664708720.9182929992675781250000" "WordPress/5.9.4; https://wellnessconceptsclinic.com" "wellnessconceptsclinic.com"
110.40.227.238 - - [02/Oct/2022:04:06:36 -0700] "GET / HTTP/1.1" 200 29587 "http://wellnessconceptsclinic.com" "Mozilla/5.0 (Linux; Android 6.0; Nexus 5 Build/MRA58N) AppleWebKit/537.36 (KHTML, like Gecko) Chrome/81.0.4044.138 Mobile Safari/537.36" "wellnessconceptsclinic.com"
150.95.112.79 - - [02/Oct/2022:04:09:20 -0700] "POST /xmlrpc.php HTTP/1.1" 200 401 "-" "Mozilla/5.0 (Windows NT 10.0; Win64; x64; rv:96.0) Gecko/20100101 Firefox/96" "wellnessconceptsclinic.com"
103.90.235.91 - - [02/Oct/2022:04:13:19 -0700] "POST /xmlrpc.php HTTP/1.1" 200 401 "-" "Mozilla/5.0 (Windows NT 10.0; Win64; x64; rv:96.0) Gecko/20100101 Firefox/96" "wellnessconceptsclinic.com"
81.88.52.210 - - [02/Oct/2022:04:17:41 -0700] "POST /xmlrpc.php HTTP/1.1" 200 401 "-" "Mozilla/5.0 (Windows NT 10.0; Win64; x64; rv:96.0) Gecko/20100101 Firefox/96" "wellnessconceptsclinic.com"
103.153.68.244 - - [02/Oct/2022:04:21:33 -0700] "POST /xmlrpc.php HTTP/1.1" 200 401 "-" "Mozilla/5.0 (Windows NT 10.0; Win64; x64; rv:96.0) Gecko/20100101 Firefox/96" "wellnessconceptsclinic.com"
10.247.24.100 - - [02/Oct/2022:04:21:40 -0700] "POST /wp-cron.php?doing_wp_cron=1664709700.0248510837554931640625 HTTP/1.1" 200 - "https://wellnessconceptsclinic.com/wp-cron.php?doing_wp_cron=1664709700.0248510837554931640625" "WordPress/5.9.4; https://wellnessconceptsclinic.com" "wellnessconceptsclinic.com"
104.236.45.171 - - [02/Oct/2022:04:25:57 -0700] "POST /xmlrpc.php HTTP/1.1" 200 401 "-" "Mozilla/5.0 (Windows NT 10.0; Win64; x64; rv:96.0) Gecko/20100101 Firefox/96" "wellnessconceptsclinic.com"
148.72.214.59 - - [02/Oct/2022:04:30:03 -0700] "POST /xmlrpc.php HTTP/1.1" 200 401 "-" "Mozilla/5.0 (Windows NT 10.0; Win64; x64; rv:96.0) Gecko/20100101 Firefox/96" "wellnessconceptsclinic.com"
3.12.55.205 - - [02/Oct/2022:04:34:32 -0700] "GET /wp-login.php HTTP/1.1" 200 7406 "-" "Mozilla/5.0 (Windows NT 10.0; Win64; x64; rv:96.0) Gecko/20100101 Firefox/96" "wellnessconceptsclinic.com"
3.12.55.205 - - [02/Oct/2022:04:34:41 -0700] "POST /wp-login.php HTTP/1.1" 200 7779 "-" "Mozilla/5.0 (Windows NT 10.0; Win64; x64; rv:96.0) Gecko/20100101 Firefox/96" "wellnessconceptsclinic.com"
167.235.144.102 - - [02/Oct/2022:04:41:01 -0700] "GET /wp-content/uploads/2019/08/Patient-Information-Packet.png HTTP/1.1" 200 324847 "-" "Mozilla/5.0 (X11; Fedora; Linux x86_64) AppleWebKit/537.36 (KHTML, like Gecko) Chrome/79.0.3945.117 Safari/537.36" "wellnessconceptsclinic.com"
184.168.125.241 - - [02/Oct/2022:04:43:07 -0700] "GET /wp-login.php HTTP/1.1" 200 7406 "-" "Mozilla/5.0 (Windows NT 10.0; Win64; x64; rv:96.0) Gecko/20100101 Firefox/96" "wellnessconceptsclinic.com"
184.168.125.241 - - [02/Oct/2022:04:43:18 -0700] "POST /wp-login.php HTTP/1.1" 200 7780 "-" "Mozilla/5.0 (Windows NT 10.0; Win64; x64; rv:96.0) Gecko/20100101 Firefox/96" "wellnessconceptsclinic.com"
109.206.241.123 - - [02/Oct/2022:04:49:42 -0700] "GET /wp-admin/css/ HTTP/1.1" 200 1573 "binance.com" "Mozilla/5.0 (Windows NT 10.0; Win64; x64) AppleWebKit/537.36 (KHTML, like Gecko) Chrome/90.0.4430.85 Safari/537.36" "wellnessconceptsclinic.com"
109.206.241.123 - - [02/Oct/2022:04:49:47 -0700] "GET /wp-content/uploads/2022/10/ HTTP/1.1" 200 331 "binance.com" "Mozilla/5.0 (Windows NT 10.0; Win64; x64) AppleWebKit/537.36 (KHTML, like Gecko) Chrome/90.0.4430.85 Safari/537.36" "wellnessconceptsclinic.com"
109.206.241.123 - - [02/Oct/2022:04:49:53 -0700] "GET /wp-content/uploads/2022/09/ HTTP/1.1" 200 1181 "binance.com" "Mozilla/5.0 (Windows NT 10.0; Win64; x64) AppleWebKit/537.36 (KHTML, like Gecko) Chrome/90.0.4430.85 Safari/537.36" "wellnessconceptsclinic.com"
109.206.241.123 - - [02/Oct/2022:04:49:58 -0700] "GET /wp-content/uploads/ HTTP/1.1" 200 393 "binance.com" "Mozilla/5.0 (Windows NT 10.0; Win64; x64) AppleWebKit/537.36 (KHTML, like Gecko) Chrome/90.0.4430.85 Safari/537.36" "wellnessconceptsclinic.com"
109.206.241.123 - - [02/Oct/2022:04:50:02 -0700] "GET /wp-content/upgrade/ HTTP/1.1" 200 324 "binance.com" "Mozilla/5.0 (Windows NT 10.0; Win64; x64) AppleWebKit/537.36 (KHTML, like Gecko) Chrome/90.0.4430.85 Safari/537.36" "wellnessconceptsclinic.com"
109.206.241.123 - - [02/Oct/2022:04:50:05 -0700] "GET /wp-content/languages/ HTTP/1.1" 404 88 "binance.com" "Mozilla/5.0 (Windows NT 10.0; Win64; x64) AppleWebKit/537.36 (KHTML, like Gecko) Chrome/90.0.4430.85 Safari/537.36" "wellnessconceptsclinic.com"
109.206.241.123 - - [02/Oct/2022:04:50:08 -0700] "GET /wp-admin/includes/ HTTP/1.1" 200 2005 "binance.com" "Mozilla/5.0 (Windows NT 10.0; Win64; x64) AppleWebKit/537.36 (KHTML, like Gecko) Chrome/90.0.4430.85 Safari/537.36" "wellnessconceptsclinic.com"
109.206.241.123 - - [02/Oct/2022:04:50:15 -0700] "GET /wp-admin/includes/ HTTP/1.1" 200 2005 "binance.com" "Mozilla/5.0 (Windows NT 10.0; Win64; x64) AppleWebKit/537.36 (KHTML, like Gecko) Chrome/90.0.4430.85 Safari/537.36" "wellnessconceptsclinic.com"
109.206.241.123 - - [02/Oct/2022:04:50:23 -0700] "GET /wp-admin/maint/ HTTP/1.1" 200 371 "binance.com" "Mozilla/5.0 (Windows NT 10.0; Win64; x64) AppleWebKit/537.36 (KHTML, like Gecko) Chrome/90.0.4430.85 Safari/537.36" "wellnessconceptsclinic.com"
109.206.241.123 - - [02/Oct/2022:04:50:27 -0700] "GET /wp-admin/maint/ HTTP/1.1" 200 371 "binance.com" "Mozilla/5.0 (Windows NT 10.0; Win64; x64) AppleWebKit/537.36 (KHTML, like Gecko) Chrome/90.0.4430.85 Safari/537.36" "wellnessconceptsclinic.com"
109.206.241.123 - - [02/Oct/2022:04:50:29 -0700] "GET /wp-admin/network/ HTTP/1.1" 302 - "binance.com" "Mozilla/5.0 (Windows NT 10.0; Win64; x64) AppleWebKit/537.36 (KHTML, like Gecko) Chrome/90.0.4430.85 Safari/537.36" "wellnessconceptsclinic.com"
109.206.241.123 - - [02/Oct/2022:04:50:37 -0700] "GET /wp-login.php?redirect_to=https%3A%2F%2Fwellnessconceptsclinic.com%2Fwp-admin%2Fnetwork%2F&reauth=1 HTTP/1.1" 200 7417 "binance.com" "Mozilla/5.0 (Windows NT 10.0; Win64; x64) AppleWebKit/537.36 (KHTML, like Gecko) Chrome/90.0.4430.85 Safari/537.36" "wellnessconceptsclinic.com"
109.206.241.123 - - [02/Oct/2022:04:50:50 -0700] "GET /wp-admin/user/ HTTP/1.1" 302 - "binance.com" "Mozilla/5.0 (Windows NT 10.0; Win64; x64) AppleWebKit/537.36 (KHTML, like Gecko) Chrome/90.0.4430.85 Safari/537.36" "wellnessconceptsclinic.com"
109.206.241.123 - - [02/Oct/2022:04:51:01 -0700] "GET /wp-login.php?redirect_to=https%3A%2F%2Fwellnessconceptsclinic.com%2Fwp-admin%2Fuser%2F&reauth=1 HTTP/1.1" 200 7414 "binance.com" "Mozilla/5.0 (Windows NT 10.0; Win64; x64) AppleWebKit/537.36 (KHTML, like Gecko) Chrome/90.0.4430.85 Safari/537.36" "wellnessconceptsclinic.com"
109.206.241.123 - - [02/Oct/2022:04:51:13 -0700] "GET /wp-admin/css/ HTTP/1.1" 200 1573 "binance.com" "Mozilla/5.0 (Windows NT 10.0; Win64; x64) AppleWebKit/537.36 (KHTML, like Gecko) Chrome/90.0.4430.85 Safari/537.36" "wellnessconceptsclinic.com"
109.206.241.123 - - [02/Oct/2022:04:51:24 -0700] "GET /wp-admin/css/colors/ HTTP/1.1" 200 554 "binance.com" "Mozilla/5.0 (Windows NT 10.0; Win64; x64) AppleWebKit/537.36 (KHTML, like Gecko) Chrome/90.0.4430.85 Safari/537.36" "wellnessconceptsclinic.com"
109.206.241.123 - - [02/Oct/2022:04:51:32 -0700] "GET /wp-admin/css/colors/blue/ HTTP/1.1" 200 439 "binance.com" "Mozilla/5.0 (Windows NT 10.0; Win64; x64) AppleWebKit/537.36 (KHTML, like Gecko) Chrome/90.0.4430.85 Safari/537.36" "wellnessconceptsclinic.com"
109.206.241.123 - - [02/Oct/2022:04:51:37 -0700] "GET /wp-admin/css/colors/coffee/ HTTP/1.1" 200 440 "binance.com" "Mozilla/5.0 (Windows NT 10.0; Win64; x64) AppleWebKit/537.36 (KHTML, like Gecko) Chrome/90.0.4430.85 Safari/537.36" "wellnessconceptsclinic.com"
109.206.241.123 - - [02/Oct/2022:04:51:40 -0700] "GET /wp-admin/css/colors/ectoplasm/ HTTP/1.1" 200 442 "binance.com" "Mozilla/5.0 (Windows NT 10.0; Win64; x64) AppleWebKit/537.36 (KHTML, like Gecko) Chrome/90.0.4430.85 Safari/537.36" "wellnessconceptsclinic.com"
109.206.241.123 - - [02/Oct/2022:04:51:44 -0700] "GET /wp-admin/css/colors/light/ HTTP/1.1" 200 441 "binance.com" "Mozilla/5.0 (Windows NT 10.0; Win64; x64) AppleWebKit/537.36 (KHTML, like Gecko) Chrome/90.0.4430.85 Safari/537.36" "wellnessconceptsclinic.com"
109.206.241.123 - - [02/Oct/2022:04:51:50 -0700] "GET /wp-admin/css/colors/midnight/ HTTP/1.1" 200 442 "binance.com" "Mozilla/5.0 (Windows NT 10.0; Win64; x64) AppleWebKit/537.36 (KHTML, like Gecko) Chrome/90.0.4430.85 Safari/537.36" "wellnessconceptsclinic.com"
109.206.241.123 - - [02/Oct/2022:04:51:56 -0700] "GET /wp-admin/css/colors/modern/ HTTP/1.1" 200 440 "binance.com" "Mozilla/5.0 (Windows NT 10.0; Win64; x64) AppleWebKit/537.36 (KHTML, like Gecko) Chrome/90.0.4430.85 Safari/537.36" "wellnessconceptsclinic.com"
109.206.241.123 - - [02/Oct/2022:04:52:02 -0700] "GET /wp-admin/css/colors/ocean/ HTTP/1.1" 200 439 "binance.com" "Mozilla/5.0 (Windows NT 10.0; Win64; x64) AppleWebKit/537.36 (KHTML, like Gecko) Chrome/90.0.4430.85 Safari/537.36" "wellnessconceptsclinic.com"
109.206.241.123 - - [02/Oct/2022:04:52:05 -0700] "GET /wp-admin/css/colors/sunrise/%20 HTTP/1.1" 404 88 "binance.com" "Mozilla/5.0 (Windows NT 10.0; Win64; x64) AppleWebKit/537.36 (KHTML, like Gecko) Chrome/90.0.4430.85 Safari/537.36" "wellnessconceptsclinic.com"
109.206.241.123 - - [02/Oct/2022:04:52:09 -0700] "GET /wp-admin/images/ HTTP/1.1" 200 1477 "binance.com" "Mozilla/5.0 (Windows NT 10.0; Win64; x64) AppleWebKit/537.36 (KHTML, like Gecko) Chrome/90.0.4430.85 Safari/537.36" "wellnessconceptsclinic.com"
109.206.241.123 - - [02/Oct/2022:04:52:12 -0700] "GET /wp-admin/js/ HTTP/1.1" 200 1792 "binance.com" "Mozilla/5.0 (Windows NT 10.0; Win64; x64) AppleWebKit/537.36 (KHTML, like Gecko) Chrome/90.0.4430.85 Safari/537.36" "wellnessconceptsclinic.com"
109.206.241.123 - - [02/Oct/2022:04:52:13 -0700] "GET /wp-admin/js/widgets/ HTTP/1.1" 200 587 "binance.com" "Mozilla/5.0 (Windows NT 10.0; Win64; x64) AppleWebKit/537.36 (KHTML, like Gecko) Chrome/90.0.4430.85 Safari/537.36" "wellnessconceptsclinic.com"
109.206.241.123 - - [02/Oct/2022:04:52:15 -0700] "GET /wp-includes/ HTTP/1.1" 200 3964 "binance.com" "Mozilla/5.0 (Windows NT 10.0; Win64; x64) AppleWebKit/537.36 (KHTML, like Gecko) Chrome/90.0.4430.85 Safari/537.36" "wellnessconceptsclinic.com"
109.206.241.123 - - [02/Oct/2022:04:52:17 -0700] "GET /wp-includes/ HTTP/1.1" 200 3964 "binance.com" "Mozilla/5.0 (Windows NT 10.0; Win64; x64) AppleWebKit/537.36 (KHTML, like Gecko) Chrome/90.0.4430.85 Safari/537.36" "wellnessconceptsclinic.com"
109.206.241.123 - - [02/Oct/2022:04:52:27 -0700] "GET /wp-includes/block-editor.php HTTP/1.1" 200 - "binance.com" "Mozilla/5.0 (Windows NT 10.0; Win64; x64) AppleWebKit/537.36 (KHTML, like Gecko) Chrome/90.0.4430.85 Safari/537.36" "wellnessconceptsclinic.com"
109.206.241.123 - - [02/Oct/2022:04:52:29 -0700] "GET /wp-includes/block-template-utils.php HTTP/1.1" 200 - "binance.com" "Mozilla/5.0 (Windows NT 10.0; Win64; x64) AppleWebKit/537.36 (KHTML, like Gecko) Chrome/90.0.4430.85 Safari/537.36" "wellnessconceptsclinic.com"
109.206.241.123 - - [02/Oct/2022:04:52:30 -0700] "GET /wp-includes/block-template.php HTTP/1.1" 200 - "binance.com" "Mozilla/5.0 (Windows NT 10.0; Win64; x64) AppleWebKit/537.36 (KHTML, like Gecko) Chrome/90.0.4430.85 Safari/537.36" "wellnessconceptsclinic.com"
109.206.241.123 - - [02/Oct/2022:04:52:32 -0700] "GET /wp-includes/class-wp-block-editor-context.php HTTP/1.1" 200 - "binance.com" "Mozilla/5.0 (Windows NT 10.0; Win64; x64) AppleWebKit/537.36 (KHTML, like Gecko) Chrome/90.0.4430.85 Safari/537.36" "wellnessconceptsclinic.com"
109.206.241.123 - - [02/Oct/2022:04:52:35 -0700] "GET /wp-includes/class-wp-block-template.php HTTP/1.1" 200 - "binance.com" "Mozilla/5.0 (Windows NT 10.0; Win64; x64) AppleWebKit/537.36 (KHTML, like Gecko) Chrome/90.0.4430.85 Safari/537.36" "wellnessconceptsclinic.com"
109.206.241.123 - - [02/Oct/2022:04:52:40 -0700] "GET /wp-includes/class-wp-http.php HTTP/1.1" 500 - "binance.com" "Mozilla/5.0 (Windows NT 10.0; Win64; x64) AppleWebKit/537.36 (KHTML, like Gecko) Chrome/90.0.4430.85 Safari/537.36" "wellnessconceptsclinic.com"
109.206.241.123 - - [02/Oct/2022:04:52:45 -0700] "GET /wp-includes/class-wp-theme-json-resolver.php HTTP/1.1" 200 - "binance.com" "Mozilla/5.0 (Windows NT 10.0; Win64; x64) AppleWebKit/537.36 (KHTML, like Gecko) Chrome/90.0.4430.85 Safari/537.36" "wellnessconceptsclinic.com"
109.206.241.123 - - [02/Oct/2022:04:52:47 -0700] "GET /wp-includes/class-wp-theme-json-schema.php HTTP/1.1" 200 - "binance.com" "Mozilla/5.0 (Windows NT 10.0; Win64; x64) AppleWebKit/537.36 (KHTML, like Gecko) Chrome/90.0.4430.85 Safari/537.36" "wellnessconceptsclinic.com"
109.206.241.123 - - [02/Oct/2022:04:52:48 -0700] "GET /wp-includes/class-wp-theme-json.php HTTP/1.1" 200 - "binance.com" "Mozilla/5.0 (Windows NT 10.0; Win64; x64) AppleWebKit/537.36 (KHTML, like Gecko) Chrome/90.0.4430.85 Safari/537.36" "wellnessconceptsclinic.com"
109.206.241.123 - - [02/Oct/2022:04:52:49 -0700] "GET /wp-includes/global-styles-and-settings.php HTTP/1.1" 200 - "binance.com" "Mozilla/5.0 (Windows NT 10.0; Win64; x64) AppleWebKit/537.36 (KHTML, like Gecko) Chrome/90.0.4430.85 Safari/537.36" "wellnessconceptsclinic.com"
109.206.241.123 - - [02/Oct/2022:04:52:50 -0700] "GET /wp-includes/https-detection.php HTTP/1.1" 200 - "binance.com" "Mozilla/5.0 (Windows NT 10.0; Win64; x64) AppleWebKit/537.36 (KHTML, like Gecko) Chrome/90.0.4430.85 Safari/537.36" "wellnessconceptsclinic.com"
109.206.241.123 - - [02/Oct/2022:04:52:54 -0700] "GET /wp-includes/https-migration.php HTTP/1.1" 200 - "binance.com" "Mozilla/5.0 (Windows NT 10.0; Win64; x64) AppleWebKit/537.36 (KHTML, like Gecko) Chrome/90.0.4430.85 Safari/537.36" "wellnessconceptsclinic.com"
109.206.241.123 - - [02/Oct/2022:04:52:55 -0700] "GET /wp-includes/robots-template.php HTTP/1.1" 200 - "binance.com" "Mozilla/5.0 (Windows NT 10.0; Win64; x64) AppleWebKit/537.36 (KHTML, like Gecko) Chrome/90.0.4430.85 Safari/537.36" "wellnessconceptsclinic.com"
109.206.241.123 - - [02/Oct/2022:04:52:57 -0700] "GET /wp-includes/template-canvas.php HTTP/1.1" 500 - "binance.com" "Mozilla/5.0 (Windows NT 10.0; Win64; x64) AppleWebKit/537.36 (KHTML, like Gecko) Chrome/90.0.4430.85 Safari/537.36" "wellnessconceptsclinic.com"
109.206.241.123 - - [02/Oct/2022:04:52:58 -0700] "GET /wp-includes/theme-templates.php HTTP/1.1" 200 - "binance.com" "Mozilla/5.0 (Windows NT 10.0; Win64; x64) AppleWebKit/537.36 (KHTML, like Gecko) Chrome/90.0.4430.85 Safari/537.36" "wellnessconceptsclinic.com"
109.206.241.123 - - [02/Oct/2022:04:52:59 -0700] "GET /wp-includes/ID3/ HTTP/1.1" 200 711 "binance.com" "Mozilla/5.0 (Windows NT 10.0; Win64; x64) AppleWebKit/537.36 (KHTML, like Gecko) Chrome/90.0.4430.85 Safari/537.36" "wellnessconceptsclinic.com"
109.206.241.123 - - [02/Oct/2022:04:53:01 -0700] "GET /wp-includes/ID3/ HTTP/1.1" 200 711 "binance.com" "Mozilla/5.0 (Windows NT 10.0; Win64; x64) AppleWebKit/537.36 (KHTML, like Gecko) Chrome/90.0.4430.85 Safari/537.36" "wellnessconceptsclinic.com"
109.206.241.123 - - [02/Oct/2022:04:53:02 -0700] "GET /wp-includes/IXR/ HTTP/1.1" 200 574 "binance.com" "Mozilla/5.0 (Windows NT 10.0; Win64; x64) AppleWebKit/537.36 (KHTML, like Gecko) Chrome/90.0.4430.85 Safari/537.36" "wellnessconceptsclinic.com"
109.206.241.123 - - [02/Oct/2022:04:53:04 -0700] "GET /wp-includes/IXR/ HTTP/1.1" 200 574 "binance.com" "Mozilla/5.0 (Windows NT 10.0; Win64; x64) AppleWebKit/537.36 (KHTML, like Gecko) Chrome/90.0.4430.85 Safari/537.36" "wellnessconceptsclinic.com"
109.206.241.123 - - [02/Oct/2022:04:53:07 -0700] "GET /wp-includes/PHPMailer/ HTTP/1.1" 200 416 "binance.com" "Mozilla/5.0 (Windows NT 10.0; Win64; x64) AppleWebKit/537.36 (KHTML, like Gecko) Chrome/90.0.4430.85 Safari/537.36" "wellnessconceptsclinic.com"
109.206.241.123 - - [02/Oct/2022:04:53:08 -0700] "GET /wp-includes/PHPMailer/ HTTP/1.1" 200 416 "binance.com" "Mozilla/5.0 (Windows NT 10.0; Win64; x64) AppleWebKit/537.36 (KHTML, like Gecko) Chrome/90.0.4430.85 Safari/537.36" "wellnessconceptsclinic.com"
109.206.241.123 - - [02/Oct/2022:04:53:10 -0700] "GET /wp-includes/Text/ HTTP/1.1" 200 407 "binance.com" "Mozilla/5.0 (Windows NT 10.0; Win64; x64) AppleWebKit/537.36 (KHTML, like Gecko) Chrome/90.0.4430.85 Safari/537.36" "wellnessconceptsclinic.com"
109.206.241.123 - - [02/Oct/2022:04:53:11 -0700] "GET /wp-includes/Text/ HTTP/1.1" 200 407 "binance.com" "Mozilla/5.0 (Windows NT 10.0; Win64; x64) AppleWebKit/537.36 (KHTML, like Gecko) Chrome/90.0.4430.85 Safari/537.36" "wellnessconceptsclinic.com"
109.206.241.123 - - [02/Oct/2022:04:53:12 -0700] "GET /wp-includes/Text/Diff/ HTTP/1.1" 200 419 "binance.com" "Mozilla/5.0 (Windows NT 10.0; Win64; x64) AppleWebKit/537.36 (KHTML, like Gecko) Chrome/90.0.4430.85 Safari/537.36" "wellnessconceptsclinic.com"
109.206.241.123 - - [02/Oct/2022:04:53:13 -0700] "GET /wp-includes/Text/Diff/ HTTP/1.1" 200 419 "binance.com" "Mozilla/5.0 (Windows NT 10.0; Win64; x64) AppleWebKit/537.36 (KHTML, like Gecko) Chrome/90.0.4430.85 Safari/537.36" "wellnessconceptsclinic.com"
109.206.241.123 - - [02/Oct/2022:04:53:14 -0700] "GET /wp-includes/Text/Diff/Engine/ HTTP/1.1" 200 449 "binance.com" "Mozilla/5.0 (Windows NT 10.0; Win64; x64) AppleWebKit/537.36 (KHTML, like Gecko) Chrome/90.0.4430.85 Safari/537.36" "wellnessconceptsclinic.com"
109.206.241.123 - - [02/Oct/2022:04:53:16 -0700] "GET /wp-includes/Text/Diff/Engine/ HTTP/1.1" 200 449 "binance.com" "Mozilla/5.0 (Windows NT 10.0; Win64; x64) AppleWebKit/537.36 (KHTML, like Gecko) Chrome/90.0.4430.85 Safari/537.36" "wellnessconceptsclinic.com"
109.206.241.123 - - [02/Oct/2022:04:53:19 -0700] "GET /wp-includes/Text/Diff/Renderer/ HTTP/1.1" 200 387 "binance.com" "Mozilla/5.0 (Windows NT 10.0; Win64; x64) AppleWebKit/537.36 (KHTML, like Gecko) Chrome/90.0.4430.85 Safari/537.36" "wellnessconceptsclinic.com"
109.206.241.123 - - [02/Oct/2022:04:53:22 -0700] "GET /wp-includes/Text/Diff/Renderer/ HTTP/1.1" 200 387 "binance.com" "Mozilla/5.0 (Windows NT 10.0; Win64; x64) AppleWebKit/537.36 (KHTML, like Gecko) Chrome/90.0.4430.85 Safari/537.36" "wellnessconceptsclinic.com"
109.206.241.123 - - [02/Oct/2022:04:53:23 -0700] "GET /wp-includes/blocks/ HTTP/1.1" 500 - "binance.com" "Mozilla/5.0 (Windows NT 10.0; Win64; x64) AppleWebKit/537.36 (KHTML, like Gecko) Chrome/90.0.4430.85 Safari/537.36" "wellnessconceptsclinic.com"
109.206.241.123 - - [02/Oct/2022:04:53:25 -0700] "GET /wp-includes/pomo/ HTTP/1.1" 200 472 "binance.com" "Mozilla/5.0 (Windows NT 10.0; Win64; x64) AppleWebKit/537.36 (KHTML, like Gecko) Chrome/90.0.4430.85 Safari/537.36" "wellnessconceptsclinic.com"
109.206.241.123 - - [02/Oct/2022:04:53:26 -0700] "GET /wp-includes/pomo/ HTTP/1.1" 200 472 "binance.com" "Mozilla/5.0 (Windows NT 10.0; Win64; x64) AppleWebKit/537.36 (KHTML, like Gecko) Chrome/90.0.4430.85 Safari/537.36" "wellnessconceptsclinic.com"
109.206.241.123 - - [02/Oct/2022:04:53:28 -0700] "GET /wp-includes/sitemaps/ HTTP/1.1" 200 507 "binance.com" "Mozilla/5.0 (Windows NT 10.0; Win64; x64) AppleWebKit/537.36 (KHTML, like Gecko) Chrome/90.0.4430.85 Safari/537.36" "wellnessconceptsclinic.com"
109.206.241.123 - - [02/Oct/2022:04:53:30 -0700] "GET /wp-includes/sitemaps/ HTTP/1.1" 200 507 "binance.com" "Mozilla/5.0 (Windows NT 10.0; Win64; x64) AppleWebKit/537.36 (KHTML, like Gecko) Chrome/90.0.4430.85 Safari/537.36" "wellnessconceptsclinic.com"
109.206.241.123 - - [02/Oct/2022:04:53:32 -0700] "GET /wp-includes/sitemaps/providers/ HTTP/1.1" 200 437 "binance.com" "Mozilla/5.0 (Windows NT 10.0; Win64; x64) AppleWebKit/537.36 (KHTML, like Gecko) Chrome/90.0.4430.85 Safari/537.36" "wellnessconceptsclinic.com"
109.206.241.123 - - [02/Oct/2022:04:53:35 -0700] "GET /wp-includes/sitemaps/providers/ HTTP/1.1" 200 437 "binance.com" "Mozilla/5.0 (Windows NT 10.0; Win64; x64) AppleWebKit/537.36 (KHTML, like Gecko) Chrome/90.0.4430.85 Safari/537.36" "wellnessconceptsclinic.com"
109.206.241.123 - - [02/Oct/2022:04:53:38 -0700] "GET /wp-includes/widgets/ HTTP/1.1" 200 668 "binance.com" "Mozilla/5.0 (Windows NT 10.0; Win64; x64) AppleWebKit/537.36 (KHTML, like Gecko) Chrome/90.0.4430.85 Safari/537.36" "wellnessconceptsclinic.com"
109.206.241.123 - - [02/Oct/2022:04:53:46 -0700] "GET /wp-includes/widgets/ HTTP/1.1" 200 668 "binance.com" "Mozilla/5.0 (Windows NT 10.0; Win64; x64) AppleWebKit/537.36 (KHTML, like Gecko) Chrome/90.0.4430.85 Safari/537.36" "wellnessconceptsclinic.com"
109.206.241.123 - - [02/Oct/2022:04:53:56 -0700] "GET /wp-includes/widgets/class-wp-widget-block.php HTTP/1.1" 500 - "binance.com" "Mozilla/5.0 (Windows NT 10.0; Win64; x64) AppleWebKit/537.36 (KHTML, like Gecko) Chrome/90.0.4430.85 Safari/537.36" "wellnessconceptsclinic.com"
109.206.241.123 - - [02/Oct/2022:04:53:59 -0700] "GET /wp-includes/css/ HTTP/1.1" 200 923 "binance.com" "Mozilla/5.0 (Windows NT 10.0; Win64; x64) AppleWebKit/537.36 (KHTML, like Gecko) Chrome/90.0.4430.85 Safari/537.36" "wellnessconceptsclinic.com"
109.206.241.123 - - [02/Oct/2022:04:54:05 -0700] "GET /wp-includes/css/dist/ HTTP/1.1" 200 559 "binance.com" "Mozilla/5.0 (Windows NT 10.0; Win64; x64) AppleWebKit/537.36 (KHTML, like Gecko) Chrome/90.0.4430.85 Safari/537.36" "wellnessconceptsclinic.com"
109.206.241.123 - - [02/Oct/2022:04:54:14 -0700] "GET /wp-includes/fonts/ HTTP/1.1" 200 457 "binance.com" "Mozilla/5.0 (Windows NT 10.0; Win64; x64) AppleWebKit/537.36 (KHTML, like Gecko) Chrome/90.0.4430.85 Safari/537.36" "wellnessconceptsclinic.com"
