185.26.156.154 - - [02/Oct/2022:03:08:34 -0700] "GET /?author=18 HTTP/1.1" 404 70528 "-" "Mozilla/5.0 (Windows NT 10.0) AppleWebKit/537.36 (KHTML, like Gecko) Chrome/72.0.3626.121 Safari/537.36" "wellnessconceptsclinic.com"
194.233.74.254 - - [02/Oct/2022:03:08:34 -0700] "GET /?author=37 HTTP/1.1" 404 70533 "-" "Mozilla/5.0 (Linux; Android 10) AppleWebKit/537.36 (KHTML, like Gecko) Chrome/91.0.4472.114 Mobile Safari/537.36" "wellnessconceptsclinic.com"
194.233.74.254 - - [02/Oct/2022:03:08:34 -0700] "GET /?author=1 HTTP/1.1" 200 74915 "-" "Mozilla/5.0 (Windows NT 10.0; Win64; x64) AppleWebKit/537.36 (KHTML, like Gecko) Chrome/64.0.3282.186 Safari/537.36" "wellnessconceptsclinic.com"
141.94.87.67 - - [02/Oct/2022:03:08:38 -0700] "GET /?author=44 HTTP/1.1" 404 70526 "-" "Mozilla/5.0 (X11; Ubuntu; Linux i686; rv:24.0) Gecko/20100101 Firefox/24.0" "wellnessconceptsclinic.com"
185.26.156.154 - - [02/Oct/2022:03:08:40 -0700] "GET /?author=19 HTTP/1.1" 404 70528 "-" "Mozilla/5.0 (Windows NT 10.0) AppleWebKit/537.36 (KHTML, like Gecko) Chrome/72.0.3626.121 Safari/537.36" "wellnessconceptsclinic.com"
194.233.74.254 - - [02/Oct/2022:03:08:41 -0700] "GET /?author=38 HTTP/1.1" 404 70533 "-" "Mozilla/5.0 (Linux; Android 10) AppleWebKit/537.36 (KHTML, like Gecko) Chrome/91.0.4472.114 Mobile Safari/537.36" "wellnessconceptsclinic.com"
141.94.87.67 - - [02/Oct/2022:03:08:46 -0700] "GET /?author=44 HTTP/1.1" 404 70526 "-" "Mozilla/5.0 (X11; Ubuntu; Linux i686; rv:24.0) Gecko/20100101 Firefox/24.0" "wellnessconceptsclinic.com"
194.233.74.254 - - [02/Oct/2022:03:08:42 -0700] "GET /?author=1 HTTP/1.1" 200 74915 "-" "Mozilla/5.0 (Windows NT 10.0; Win64; x64) AppleWebKit/537.36 (KHTML, like Gecko) Chrome/64.0.3282.186 Safari/537.36" "wellnessconceptsclinic.com"
185.26.156.154 - - [02/Oct/2022:03:08:48 -0700] "GET /?author=19 HTTP/1.1" 404 70528 "-" "Mozilla/5.0 (Windows NT 10.0) AppleWebKit/537.36 (KHTML, like Gecko) Chrome/72.0.3626.121 Safari/537.36" "wellnessconceptsclinic.com"
141.94.87.67 - - [02/Oct/2022:03:08:50 -0700] "GET /?author=41 HTTP/1.1" 404 70528 "-" "Mozilla/5.0 (Windows NT 10.0; Win64; x64) AppleWebKit/537.36 (KHTML, like Gecko) Chrome/91.0.4472.114 Safari/537.36" "wellnessconceptsclinic.com"
194.233.74.254 - - [02/Oct/2022:03:08:50 -0700] "GET /?author=38 HTTP/1.1" 404 70533 "-" "Mozilla/5.0 (Linux; Android 10) AppleWebKit/537.36 (KHTML, like Gecko) Chrome/91.0.4472.114 Mobile Safari/537.36" "wellnessconceptsclinic.com"
141.94.87.67 - - [02/Oct/2022:03:08:52 -0700] "GET /?author=45 HTTP/1.1" 404 70526 "-" "Mozilla/5.0 (X11; Ubuntu; Linux i686; rv:24.0) Gecko/20100101 Firefox/24.0" "wellnessconceptsclinic.com"
194.233.74.254 - - [02/Oct/2022:03:08:54 -0700] "GET /?author=2 HTTP/1.1" 200 74962 "-" "Mozilla/5.0 (Windows NT 10.0; Win64; x64) AppleWebKit/537.36 (KHTML, like Gecko) Chrome/64.0.3282.186 Safari/537.36" "wellnessconceptsclinic.com"
185.26.156.154 - - [02/Oct/2022:03:08:56 -0700] "GET /?author=20 HTTP/1.1" 404 70528 "-" "Mozilla/5.0 (Windows NT 10.0) AppleWebKit/537.36 (KHTML, like Gecko) Chrome/72.0.3626.121 Safari/537.36" "wellnessconceptsclinic.com"
194.233.74.254 - - [02/Oct/2022:03:08:58 -0700] "GET /?author=39 HTTP/1.1" 404 70533 "-" "Mozilla/5.0 (Linux; Android 10) AppleWebKit/537.36 (KHTML, like Gecko) Chrome/91.0.4472.114 Mobile Safari/537.36" "wellnessconceptsclinic.com"
141.94.87.67 - - [02/Oct/2022:03:08:56 -0700] "GET /?author=41 HTTP/1.1" 404 70528 "-" "Mozilla/5.0 (Windows NT 10.0; Win64; x64) AppleWebKit/537.36 (KHTML, like Gecko) Chrome/91.0.4472.114 Safari/537.36" "wellnessconceptsclinic.com"
194.233.74.254 - - [02/Oct/2022:03:09:03 -0700] "GET /?author=2 HTTP/1.1" 200 74962 "-" "Mozilla/5.0 (Windows NT 10.0; Win64; x64) AppleWebKit/537.36 (KHTML, like Gecko) Chrome/64.0.3282.186 Safari/537.36" "wellnessconceptsclinic.com"
141.94.87.67 - - [02/Oct/2022:03:08:59 -0700] "GET /?author=45 HTTP/1.1" 404 70526 "-" "Mozilla/5.0 (X11; Ubuntu; Linux i686; rv:24.0) Gecko/20100101 Firefox/24.0" "wellnessconceptsclinic.com"
194.233.74.254 - - [02/Oct/2022:03:09:05 -0700] "GET /?author=39 HTTP/1.1" 404 70533 "-" "Mozilla/5.0 (Linux; Android 10) AppleWebKit/537.36 (KHTML, like Gecko) Chrome/91.0.4472.114 Mobile Safari/537.36" "wellnessconceptsclinic.com"
185.26.156.154 - - [02/Oct/2022:03:09:04 -0700] "GET /?author=20 HTTP/1.1" 404 70528 "-" "Mozilla/5.0 (Windows NT 10.0) AppleWebKit/537.36 (KHTML, like Gecko) Chrome/72.0.3626.121 Safari/537.36" "wellnessconceptsclinic.com"
141.94.87.67 - - [02/Oct/2022:03:09:06 -0700] "GET /?author=42 HTTP/1.1" 404 70528 "-" "Mozilla/5.0 (Windows NT 10.0; Win64; x64) AppleWebKit/537.36 (KHTML, like Gecko) Chrome/91.0.4472.114 Safari/537.36" "wellnessconceptsclinic.com"
141.94.87.67 - - [02/Oct/2022:03:09:09 -0700] "GET /?author=46 HTTP/1.1" 404 70526 "-" "Mozilla/5.0 (X11; Ubuntu; Linux i686; rv:24.0) Gecko/20100101 Firefox/24.0" "wellnessconceptsclinic.com"
194.233.74.254 - - [02/Oct/2022:03:09:11 -0700] "GET /?author=40 HTTP/1.1" 404 70533 "-" "Mozilla/5.0 (Linux; Android 10) AppleWebKit/537.36 (KHTML, like Gecko) Chrome/91.0.4472.114 Mobile Safari/537.36" "wellnessconceptsclinic.com"
194.233.74.254 - - [02/Oct/2022:03:09:10 -0700] "GET /?author=3 HTTP/1.1" 404 70528 "-" "Mozilla/5.0 (Windows NT 10.0; Win64; x64) AppleWebKit/537.36 (KHTML, like Gecko) Chrome/64.0.3282.186 Safari/537.36" "wellnessconceptsclinic.com"
141.94.87.67 - - [02/Oct/2022:03:09:14 -0700] "GET /?author=42 HTTP/1.1" 404 70528 "-" "Mozilla/5.0 (Windows NT 10.0; Win64; x64) AppleWebKit/537.36 (KHTML, like Gecko) Chrome/91.0.4472.114 Safari/537.36" "wellnessconceptsclinic.com"
141.94.87.67 - - [02/Oct/2022:03:09:17 -0700] "GET /?author=46 HTTP/1.1" 404 70526 "-" "Mozilla/5.0 (X11; Ubuntu; Linux i686; rv:24.0) Gecko/20100101 Firefox/24.0" "wellnessconceptsclinic.com"
194.233.74.254 - - [02/Oct/2022:03:09:18 -0700] "GET /?author=3 HTTP/1.1" 404 70528 "-" "Mozilla/5.0 (Windows NT 10.0; Win64; x64) AppleWebKit/537.36 (KHTML, like Gecko) Chrome/64.0.3282.186 Safari/537.36" "wellnessconceptsclinic.com"
194.233.74.254 - - [02/Oct/2022:03:09:18 -0700] "GET /?author=40 HTTP/1.1" 404 70533 "-" "Mozilla/5.0 (Linux; Android 10) AppleWebKit/537.36 (KHTML, like Gecko) Chrome/91.0.4472.114 Mobile Safari/537.36" "wellnessconceptsclinic.com"
141.94.87.67 - - [02/Oct/2022:03:09:21 -0700] "GET /?author=43 HTTP/1.1" 404 70528 "-" "Mozilla/5.0 (Windows NT 10.0; Win64; x64) AppleWebKit/537.36 (KHTML, like Gecko) Chrome/91.0.4472.114 Safari/537.36" "wellnessconceptsclinic.com"
141.94.87.67 - - [02/Oct/2022:03:09:24 -0700] "GET /?author=47 HTTP/1.1" 404 70526 "-" "Mozilla/5.0 (X11; Ubuntu; Linux i686; rv:24.0) Gecko/20100101 Firefox/24.0" "wellnessconceptsclinic.com"
194.233.74.254 - - [02/Oct/2022:03:09:25 -0700] "GET /?author=4 HTTP/1.1" 404 70528 "-" "Mozilla/5.0 (Windows NT 10.0; Win64; x64) AppleWebKit/537.36 (KHTML, like Gecko) Chrome/64.0.3282.186 Safari/537.36" "wellnessconceptsclinic.com"
141.94.87.67 - - [02/Oct/2022:03:09:28 -0700] "GET /?author=43 HTTP/1.1" 404 70528 "-" "Mozilla/5.0 (Windows NT 10.0; Win64; x64) AppleWebKit/537.36 (KHTML, like Gecko) Chrome/91.0.4472.114 Safari/537.36" "wellnessconceptsclinic.com"
141.94.87.67 - - [02/Oct/2022:03:09:30 -0700] "GET /?author=47 HTTP/1.1" 404 70526 "-" "Mozilla/5.0 (X11; Ubuntu; Linux i686; rv:24.0) Gecko/20100101 Firefox/24.0" "wellnessconceptsclinic.com"
194.233.74.254 - - [02/Oct/2022:03:09:32 -0700] "GET /?author=4 HTTP/1.1" 404 70528 "-" "Mozilla/5.0 (Windows NT 10.0; Win64; x64) AppleWebKit/537.36 (KHTML, like Gecko) Chrome/64.0.3282.186 Safari/537.36" "wellnessconceptsclinic.com"
141.94.87.67 - - [02/Oct/2022:03:09:35 -0700] "GET /?author=44 HTTP/1.1" 404 70528 "-" "Mozilla/5.0 (Windows NT 10.0; Win64; x64) AppleWebKit/537.36 (KHTML, like Gecko) Chrome/91.0.4472.114 Safari/537.36" "wellnessconceptsclinic.com"
141.94.87.67 - - [02/Oct/2022:03:09:35 -0700] "GET /?author=48 HTTP/1.1" 404 70526 "-" "Mozilla/5.0 (X11; Ubuntu; Linux i686; rv:24.0) Gecko/20100101 Firefox/24.0" "wellnessconceptsclinic.com"
194.233.74.254 - - [02/Oct/2022:03:09:39 -0700] "GET /?author=5 HTTP/1.1" 404 70528 "-" "Mozilla/5.0 (Windows NT 10.0; Win64; x64) AppleWebKit/537.36 (KHTML, like Gecko) Chrome/64.0.3282.186 Safari/537.36" "wellnessconceptsclinic.com"
141.94.87.67 - - [02/Oct/2022:03:09:41 -0700] "GET /?author=44 HTTP/1.1" 404 70528 "-" "Mozilla/5.0 (Windows NT 10.0; Win64; x64) AppleWebKit/537.36 (KHTML, like Gecko) Chrome/91.0.4472.114 Safari/537.36" "wellnessconceptsclinic.com"
141.94.87.67 - - [02/Oct/2022:03:09:42 -0700] "GET /?author=48 HTTP/1.1" 404 70526 "-" "Mozilla/5.0 (X11; Ubuntu; Linux i686; rv:24.0) Gecko/20100101 Firefox/24.0" "wellnessconceptsclinic.com"
194.233.74.254 - - [02/Oct/2022:03:09:47 -0700] "GET /?author=5 HTTP/1.1" 404 70528 "-" "Mozilla/5.0 (Windows NT 10.0; Win64; x64) AppleWebKit/537.36 (KHTML, like Gecko) Chrome/64.0.3282.186 Safari/537.36" "wellnessconceptsclinic.com"
141.94.87.67 - - [02/Oct/2022:03:09:49 -0700] "GET /?author=45 HTTP/1.1" 404 70528 "-" "Mozilla/5.0 (Windows NT 10.0; Win64; x64) AppleWebKit/537.36 (KHTML, like Gecko) Chrome/91.0.4472.114 Safari/537.36" "wellnessconceptsclinic.com"
141.94.87.67 - - [02/Oct/2022:03:09:51 -0700] "GET /?author=49 HTTP/1.1" 404 70526 "-" "Mozilla/5.0 (X11; Ubuntu; Linux i686; rv:24.0) Gecko/20100101 Firefox/24.0" "wellnessconceptsclinic.com"
194.233.74.254 - - [02/Oct/2022:03:09:56 -0700] "GET /?author=6 HTTP/1.1" 404 70528 "-" "Mozilla/5.0 (Windows NT 10.0; Win64; x64) AppleWebKit/537.36 (KHTML, like Gecko) Chrome/64.0.3282.186 Safari/537.36" "wellnessconceptsclinic.com"
141.94.87.67 - - [02/Oct/2022:03:09:57 -0700] "GET /?author=45 HTTP/1.1" 404 70528 "-" "Mozilla/5.0 (Windows NT 10.0; Win64; x64) AppleWebKit/537.36 (KHTML, like Gecko) Chrome/91.0.4472.114 Safari/537.36" "wellnessconceptsclinic.com"
141.94.87.67 - - [02/Oct/2022:03:09:58 -0700] "GET /?author=49 HTTP/1.1" 404 70526 "-" "Mozilla/5.0 (X11; Ubuntu; Linux i686; rv:24.0) Gecko/20100101 Firefox/24.0" "wellnessconceptsclinic.com"
194.233.74.254 - - [02/Oct/2022:03:10:03 -0700] "GET /?author=6 HTTP/1.1" 404 70528 "-" "Mozilla/5.0 (Windows NT 10.0; Win64; x64) AppleWebKit/537.36 (KHTML, like Gecko) Chrome/64.0.3282.186 Safari/537.36" "wellnessconceptsclinic.com"
141.94.87.67 - - [02/Oct/2022:03:10:03 -0700] "GET /?author=46 HTTP/1.1" 404 70528 "-" "Mozilla/5.0 (Windows NT 10.0; Win64; x64) AppleWebKit/537.36 (KHTML, like Gecko) Chrome/91.0.4472.114 Safari/537.36" "wellnessconceptsclinic.com"
141.94.87.67 - - [02/Oct/2022:03:10:03 -0700] "GET /?author=50 HTTP/1.1" 404 70526 "-" "Mozilla/5.0 (X11; Ubuntu; Linux i686; rv:24.0) Gecko/20100101 Firefox/24.0" "wellnessconceptsclinic.com"
103.199.18.41 - - [02/Oct/2022:03:10:04 -0700] "GET /?author=21 HTTP/1.1" 404 70528 "-" "Mozilla/5.0 (Windows NT 10.0; Win64; x64; rv:67.0) Gecko/20100101 Firefox/67.0" "wellnessconceptsclinic.com"
194.233.74.254 - - [02/Oct/2022:03:10:09 -0700] "GET /?author=7 HTTP/1.1" 404 70528 "-" "Mozilla/5.0 (Windows NT 10.0; Win64; x64) AppleWebKit/537.36 (KHTML, like Gecko) Chrome/64.0.3282.186 Safari/537.36" "wellnessconceptsclinic.com"
141.94.87.67 - - [02/Oct/2022:03:10:09 -0700] "GET /?author=46 HTTP/1.1" 404 70528 "-" "Mozilla/5.0 (Windows NT 10.0; Win64; x64) AppleWebKit/537.36 (KHTML, like Gecko) Chrome/91.0.4472.114 Safari/537.36" "wellnessconceptsclinic.com"
141.94.87.67 - - [02/Oct/2022:03:10:10 -0700] "GET /?author=50 HTTP/1.1" 404 70526 "-" "Mozilla/5.0 (X11; Ubuntu; Linux i686; rv:24.0) Gecko/20100101 Firefox/24.0" "wellnessconceptsclinic.com"
103.199.18.41 - - [02/Oct/2022:03:10:12 -0700] "GET /?author=21 HTTP/1.1" 404 70528 "-" "Mozilla/5.0 (Windows NT 10.0; Win64; x64; rv:67.0) Gecko/20100101 Firefox/67.0" "wellnessconceptsclinic.com"
194.233.74.254 - - [02/Oct/2022:03:10:15 -0700] "GET /?author=7 HTTP/1.1" 404 70528 "-" "Mozilla/5.0 (Windows NT 10.0; Win64; x64) AppleWebKit/537.36 (KHTML, like Gecko) Chrome/64.0.3282.186 Safari/537.36" "wellnessconceptsclinic.com"
141.94.87.67 - - [02/Oct/2022:03:10:16 -0700] "GET /?author=47 HTTP/1.1" 404 70528 "-" "Mozilla/5.0 (Windows NT 10.0; Win64; x64) AppleWebKit/537.36 (KHTML, like Gecko) Chrome/91.0.4472.114 Safari/537.36" "wellnessconceptsclinic.com"
89.46.105.179 - - [02/Oct/2022:03:10:17 -0700] "GET /?author=11 HTTP/1.1" 404 70528 "-" "Mozilla/5.0 (Windows NT 10.0; Win64; x64) AppleWebKit/537.36 (KHTML, like Gecko) Chrome/91.0.4472.114 Safari/537.36" "wellnessconceptsclinic.com"
103.199.18.41 - - [02/Oct/2022:03:10:19 -0700] "GET /?author=22 HTTP/1.1" 404 70528 "-" "Mozilla/5.0 (Windows NT 10.0; Win64; x64; rv:67.0) Gecko/20100101 Firefox/67.0" "wellnessconceptsclinic.com"
194.233.74.254 - - [02/Oct/2022:03:10:23 -0700] "GET /?author=8 HTTP/1.1" 404 70528 "-" "Mozilla/5.0 (Windows NT 10.0; Win64; x64) AppleWebKit/537.36 (KHTML, like Gecko) Chrome/64.0.3282.186 Safari/537.36" "wellnessconceptsclinic.com"
141.94.87.67 - - [02/Oct/2022:03:10:22 -0700] "GET /?author=47 HTTP/1.1" 404 70528 "-" "Mozilla/5.0 (Windows NT 10.0; Win64; x64) AppleWebKit/537.36 (KHTML, like Gecko) Chrome/91.0.4472.114 Safari/537.36" "wellnessconceptsclinic.com"
89.46.105.179 - - [02/Oct/2022:03:10:24 -0700] "GET /?author=11 HTTP/1.1" 404 70528 "-" "Mozilla/5.0 (Windows NT 10.0; Win64; x64) AppleWebKit/537.36 (KHTML, like Gecko) Chrome/91.0.4472.114 Safari/537.36" "wellnessconceptsclinic.com"
103.199.18.41 - - [02/Oct/2022:03:10:28 -0700] "GET /?author=22 HTTP/1.1" 404 70528 "-" "Mozilla/5.0 (Windows NT 10.0; Win64; x64; rv:67.0) Gecko/20100101 Firefox/67.0" "wellnessconceptsclinic.com"
141.94.87.67 - - [02/Oct/2022:03:10:30 -0700] "GET /?author=48 HTTP/1.1" 404 70528 "-" "Mozilla/5.0 (Windows NT 10.0; Win64; x64) AppleWebKit/537.36 (KHTML, like Gecko) Chrome/91.0.4472.114 Safari/537.36" "wellnessconceptsclinic.com"
194.233.74.254 - - [02/Oct/2022:03:10:30 -0700] "GET /?author=8 HTTP/1.1" 404 70528 "-" "Mozilla/5.0 (Windows NT 10.0; Win64; x64) AppleWebKit/537.36 (KHTML, like Gecko) Chrome/64.0.3282.186 Safari/537.36" "wellnessconceptsclinic.com"
89.46.105.179 - - [02/Oct/2022:03:10:31 -0700] "GET /?author=12 HTTP/1.1" 404 70528 "-" "Mozilla/5.0 (Windows NT 10.0; Win64; x64) AppleWebKit/537.36 (KHTML, like Gecko) Chrome/91.0.4472.114 Safari/537.36" "wellnessconceptsclinic.com"
103.199.18.41 - - [02/Oct/2022:03:10:35 -0700] "GET /?author=23 HTTP/1.1" 404 70528 "-" "Mozilla/5.0 (Windows NT 10.0; Win64; x64; rv:67.0) Gecko/20100101 Firefox/67.0" "wellnessconceptsclinic.com"
141.94.87.67 - - [02/Oct/2022:03:10:35 -0700] "GET /?author=48 HTTP/1.1" 404 70528 "-" "Mozilla/5.0 (Windows NT 10.0; Win64; x64) AppleWebKit/537.36 (KHTML, like Gecko) Chrome/91.0.4472.114 Safari/537.36" "wellnessconceptsclinic.com"
89.46.105.179 - - [02/Oct/2022:03:10:37 -0700] "GET /?author=12 HTTP/1.1" 404 70528 "-" "Mozilla/5.0 (Windows NT 10.0; Win64; x64) AppleWebKit/537.36 (KHTML, like Gecko) Chrome/91.0.4472.114 Safari/537.36" "wellnessconceptsclinic.com"
194.233.74.254 - - [02/Oct/2022:03:10:37 -0700] "GET /?author=9 HTTP/1.1" 404 70528 "-" "Mozilla/5.0 (Windows NT 10.0; Win64; x64) AppleWebKit/537.36 (KHTML, like Gecko) Chrome/64.0.3282.186 Safari/537.36" "wellnessconceptsclinic.com"
141.94.87.67 - - [02/Oct/2022:03:10:42 -0700] "GET /?author=49 HTTP/1.1" 404 70528 "-" "Mozilla/5.0 (Windows NT 10.0; Win64; x64) AppleWebKit/537.36 (KHTML, like Gecko) Chrome/91.0.4472.114 Safari/537.36" "wellnessconceptsclinic.com"
103.199.18.41 - - [02/Oct/2022:03:10:44 -0700] "GET /?author=23 HTTP/1.1" 404 70528 "-" "Mozilla/5.0 (Windows NT 10.0; Win64; x64; rv:67.0) Gecko/20100101 Firefox/67.0" "wellnessconceptsclinic.com"
89.46.105.179 - - [02/Oct/2022:03:10:44 -0700] "GET /?author=13 HTTP/1.1" 404 70528 "-" "Mozilla/5.0 (Windows NT 10.0; Win64; x64) AppleWebKit/537.36 (KHTML, like Gecko) Chrome/91.0.4472.114 Safari/537.36" "wellnessconceptsclinic.com"
192.185.4.117 - - [02/Oct/2022:03:10:44 -0700] "GET /?author=1 HTTP/1.1" 200 74915 "-" "Mozilla/5.0 (Windows NT 5.1; rv:40.0) Gecko/20100101 Firefox/40.0" "wellnessconceptsclinic.com"
194.233.74.254 - - [02/Oct/2022:03:10:45 -0700] "GET /?author=9 HTTP/1.1" 404 70528 "-" "Mozilla/5.0 (Windows NT 10.0; Win64; x64) AppleWebKit/537.36 (KHTML, like Gecko) Chrome/64.0.3282.186 Safari/537.36" "wellnessconceptsclinic.com"
141.94.87.67 - - [02/Oct/2022:03:10:48 -0700] "GET /?author=49 HTTP/1.1" 404 70528 "-" "Mozilla/5.0 (Windows NT 10.0; Win64; x64) AppleWebKit/537.36 (KHTML, like Gecko) Chrome/91.0.4472.114 Safari/537.36" "wellnessconceptsclinic.com"
103.199.18.41 - - [02/Oct/2022:03:10:51 -0700] "GET /?author=24 HTTP/1.1" 404 70528 "-" "Mozilla/5.0 (Windows NT 10.0; Win64; x64; rv:67.0) Gecko/20100101 Firefox/67.0" "wellnessconceptsclinic.com"
89.46.105.179 - - [02/Oct/2022:03:10:51 -0700] "GET /?author=13 HTTP/1.1" 404 70528 "-" "Mozilla/5.0 (Windows NT 10.0; Win64; x64) AppleWebKit/537.36 (KHTML, like Gecko) Chrome/91.0.4472.114 Safari/537.36" "wellnessconceptsclinic.com"
192.185.4.117 - - [02/Oct/2022:03:10:51 -0700] "GET /?author=1 HTTP/1.1" 200 74915 "-" "Mozilla/5.0 (Windows NT 5.1; rv:40.0) Gecko/20100101 Firefox/40.0" "wellnessconceptsclinic.com"
194.233.74.254 - - [02/Oct/2022:03:10:54 -0700] "GET /?author=10 HTTP/1.1" 404 70528 "-" "Mozilla/5.0 (Windows NT 10.0; Win64; x64) AppleWebKit/537.36 (KHTML, like Gecko) Chrome/64.0.3282.186 Safari/537.36" "wellnessconceptsclinic.com"
141.94.87.67 - - [02/Oct/2022:03:10:55 -0700] "GET /?author=50 HTTP/1.1" 404 70528 "-" "Mozilla/5.0 (Windows NT 10.0; Win64; x64) AppleWebKit/537.36 (KHTML, like Gecko) Chrome/91.0.4472.114 Safari/537.36" "wellnessconceptsclinic.com"
89.46.105.179 - - [02/Oct/2022:03:10:59 -0700] "GET /?author=14 HTTP/1.1" 404 70528 "-" "Mozilla/5.0 (Windows NT 10.0; Win64; x64) AppleWebKit/537.36 (KHTML, like Gecko) Chrome/91.0.4472.114 Safari/537.36" "wellnessconceptsclinic.com"
103.199.18.41 - - [02/Oct/2022:03:10:59 -0700] "GET /?author=24 HTTP/1.1" 404 70528 "-" "Mozilla/5.0 (Windows NT 10.0; Win64; x64; rv:67.0) Gecko/20100101 Firefox/67.0" "wellnessconceptsclinic.com"
192.185.4.117 - - [02/Oct/2022:03:10:59 -0700] "GET /?author=2 HTTP/1.1" 200 74962 "-" "Mozilla/5.0 (Windows NT 5.1; rv:40.0) Gecko/20100101 Firefox/40.0" "wellnessconceptsclinic.com"
141.94.87.67 - - [02/Oct/2022:03:11:01 -0700] "GET /?author=50 HTTP/1.1" 404 70528 "-" "Mozilla/5.0 (Windows NT 10.0; Win64; x64) AppleWebKit/537.36 (KHTML, like Gecko) Chrome/91.0.4472.114 Safari/537.36" "wellnessconceptsclinic.com"
194.233.74.254 - - [02/Oct/2022:03:11:01 -0700] "GET /?author=10 HTTP/1.1" 404 70528 "-" "Mozilla/5.0 (Windows NT 10.0; Win64; x64) AppleWebKit/537.36 (KHTML, like Gecko) Chrome/64.0.3282.186 Safari/537.36" "wellnessconceptsclinic.com"
89.46.105.179 - - [02/Oct/2022:03:11:05 -0700] "GET /?author=14 HTTP/1.1" 404 70528 "-" "Mozilla/5.0 (Windows NT 10.0; Win64; x64) AppleWebKit/537.36 (KHTML, like Gecko) Chrome/91.0.4472.114 Safari/537.36" "wellnessconceptsclinic.com"
192.185.4.117 - - [02/Oct/2022:03:11:06 -0700] "GET /?author=2 HTTP/1.1" 200 74962 "-" "Mozilla/5.0 (Windows NT 5.1; rv:40.0) Gecko/20100101 Firefox/40.0" "wellnessconceptsclinic.com"
103.199.18.41 - - [02/Oct/2022:03:11:06 -0700] "GET /?author=25 HTTP/1.1" 404 70528 "-" "Mozilla/5.0 (Windows NT 10.0; Win64; x64; rv:67.0) Gecko/20100101 Firefox/67.0" "wellnessconceptsclinic.com"
89.46.105.179 - - [02/Oct/2022:03:11:12 -0700] "GET /?author=15 HTTP/1.1" 404 70528 "-" "Mozilla/5.0 (Windows NT 10.0; Win64; x64) AppleWebKit/537.36 (KHTML, like Gecko) Chrome/91.0.4472.114 Safari/537.36" "wellnessconceptsclinic.com"
192.185.4.117 - - [02/Oct/2022:03:11:13 -0700] "GET /?author=3 HTTP/1.1" 404 70528 "-" "Mozilla/5.0 (Windows NT 5.1; rv:40.0) Gecko/20100101 Firefox/40.0" "wellnessconceptsclinic.com"
103.199.18.41 - - [02/Oct/2022:03:11:14 -0700] "GET /?author=25 HTTP/1.1" 404 70528 "-" "Mozilla/5.0 (Windows NT 10.0; Win64; x64; rv:67.0) Gecko/20100101 Firefox/67.0" "wellnessconceptsclinic.com"
192.185.4.117 - - [02/Oct/2022:03:11:19 -0700] "GET /?author=3 HTTP/1.1" 404 70528 "-" "Mozilla/5.0 (Windows NT 5.1; rv:40.0) Gecko/20100101 Firefox/40.0" "wellnessconceptsclinic.com"
89.46.105.179 - - [02/Oct/2022:03:11:17 -0700] "GET /?author=15 HTTP/1.1" 404 70528 "-" "Mozilla/5.0 (Windows NT 10.0; Win64; x64) AppleWebKit/537.36 (KHTML, like Gecko) Chrome/91.0.4472.114 Safari/537.36" "wellnessconceptsclinic.com"
103.199.18.41 - - [02/Oct/2022:03:11:22 -0700] "GET /?author=26 HTTP/1.1" 404 70528 "-" "Mozilla/5.0 (Windows NT 10.0; Win64; x64; rv:67.0) Gecko/20100101 Firefox/67.0" "wellnessconceptsclinic.com"
192.185.4.117 - - [02/Oct/2022:03:11:25 -0700] "GET /?author=4 HTTP/1.1" 404 70528 "-" "Mozilla/5.0 (Windows NT 5.1; rv:40.0) Gecko/20100101 Firefox/40.0" "wellnessconceptsclinic.com"
89.46.105.179 - - [02/Oct/2022:03:11:25 -0700] "GET /?author=16 HTTP/1.1" 404 70528 "-" "Mozilla/5.0 (Windows NT 10.0; Win64; x64) AppleWebKit/537.36 (KHTML, like Gecko) Chrome/91.0.4472.114 Safari/537.36" "wellnessconceptsclinic.com"
103.199.18.41 - - [02/Oct/2022:03:11:29 -0700] "GET /?author=26 HTTP/1.1" 404 70528 "-" "Mozilla/5.0 (Windows NT 10.0; Win64; x64; rv:67.0) Gecko/20100101 Firefox/67.0" "wellnessconceptsclinic.com"
192.185.4.117 - - [02/Oct/2022:03:11:31 -0700] "GET /?author=4 HTTP/1.1" 404 70528 "-" "Mozilla/5.0 (Windows NT 5.1; rv:40.0) Gecko/20100101 Firefox/40.0" "wellnessconceptsclinic.com"
89.46.105.179 - - [02/Oct/2022:03:11:31 -0700] "GET /?author=16 HTTP/1.1" 404 70528 "-" "Mozilla/5.0 (Windows NT 10.0; Win64; x64) AppleWebKit/537.36 (KHTML, like Gecko) Chrome/91.0.4472.114 Safari/537.36" "wellnessconceptsclinic.com"
144.76.42.172 - - [02/Oct/2022:03:11:43 -0700] "GET /wp-includes/ID3/license.txt HTTP/1.1" 200 1361 "-" "Mozilla/5.0 (Windows NT 10.0; Win64; x64) AppleWebKit/537.36 (KHTML, like Gecko) Chrome/95.0.4638.69 Safari/537.36" "wellnessconceptsclinic.com"
144.76.42.172 - - [02/Oct/2022:03:11:43 -0700] "GET /feed/ HTTP/1.1" 404 73 "-" "Mozilla/5.0 (Windows NT 10.0; Win64; x64) AppleWebKit/537.36 (KHTML, like Gecko) Chrome/95.0.4638.69 Safari/537.36" "wellnessconceptsclinic.com"
192.185.4.117 - - [02/Oct/2022:03:11:38 -0700] "GET /?author=5 HTTP/1.1" 404 70528 "-" "Mozilla/5.0 (Windows NT 5.1; rv:40.0) Gecko/20100101 Firefox/40.0" "wellnessconceptsclinic.com"
103.199.18.41 - - [02/Oct/2022:03:11:37 -0700] "GET /?author=27 HTTP/1.1" 404 70528 "-" "Mozilla/5.0 (Windows NT 10.0; Win64; x64; rv:67.0) Gecko/20100101 Firefox/67.0" "wellnessconceptsclinic.com"
144.76.42.172 - - [02/Oct/2022:03:11:44 -0700] "GET /web/wp-includes/wlwmanifest.xml HTTP/1.1" 404 73 "-" "Mozilla/5.0 (Windows NT 10.0; Win64; x64) AppleWebKit/537.36 (KHTML, like Gecko) Chrome/95.0.4638.69 Safari/537.36" "wellnessconceptsclinic.com"
89.46.105.179 - - [02/Oct/2022:03:11:39 -0700] "GET /?author=17 HTTP/1.1" 404 70528 "-" "Mozilla/5.0 (Windows NT 10.0; Win64; x64) AppleWebKit/537.36 (KHTML, like Gecko) Chrome/91.0.4472.114 Safari/537.36" "wellnessconceptsclinic.com"
144.76.42.172 - - [02/Oct/2022:03:11:44 -0700] "GET /wordpress/wp-includes/wlwmanifest.xml HTTP/1.1" 404 73 "-" "Mozilla/5.0 (Windows NT 10.0; Win64; x64) AppleWebKit/537.36 (KHTML, like Gecko) Chrome/95.0.4638.69 Safari/537.36" "wellnessconceptsclinic.com"
144.76.42.172 - - [02/Oct/2022:03:11:45 -0700] "GET /wp/wp-includes/wlwmanifest.xml HTTP/1.1" 404 73 "-" "Mozilla/5.0 (Windows NT 10.0; Win64; x64) AppleWebKit/537.36 (KHTML, like Gecko) Chrome/95.0.4638.69 Safari/537.36" "wellnessconceptsclinic.com"
144.76.42.172 - - [02/Oct/2022:03:11:45 -0700] "GET /2019/wp-includes/wlwmanifest.xml HTTP/1.1" 404 73 "-" "Mozilla/5.0 (Windows NT 10.0; Win64; x64) AppleWebKit/537.36 (KHTML, like Gecko) Chrome/95.0.4638.69 Safari/537.36" "wellnessconceptsclinic.com"
144.76.42.172 - - [02/Oct/2022:03:11:45 -0700] "GET /2021/wp-includes/wlwmanifest.xml HTTP/1.1" 404 73 "-" "Mozilla/5.0 (Windows NT 10.0; Win64; x64) AppleWebKit/537.36 (KHTML, like Gecko) Chrome/95.0.4638.69 Safari/537.36" "wellnessconceptsclinic.com"
144.76.42.172 - - [02/Oct/2022:03:11:46 -0700] "GET /shop/wp-includes/wlwmanifest.xml HTTP/1.1" 404 73 "-" "Mozilla/5.0 (Windows NT 10.0; Win64; x64) AppleWebKit/537.36 (KHTML, like Gecko) Chrome/95.0.4638.69 Safari/537.36" "wellnessconceptsclinic.com"
144.76.42.172 - - [02/Oct/2022:03:11:46 -0700] "GET /test/wp-includes/wlwmanifest.xml HTTP/1.1" 404 73 "-" "Mozilla/5.0 (Windows NT 10.0; Win64; x64) AppleWebKit/537.36 (KHTML, like Gecko) Chrome/95.0.4638.69 Safari/537.36" "wellnessconceptsclinic.com"
144.76.42.172 - - [02/Oct/2022:03:11:47 -0700] "GET /cms/wp-includes/wlwmanifest.xml HTTP/1.1" 404 73 "-" "Mozilla/5.0 (Windows NT 10.0; Win64; x64) AppleWebKit/537.36 (KHTML, like Gecko) Chrome/95.0.4638.69 Safari/537.36" "wellnessconceptsclinic.com"
192.185.4.117 - - [02/Oct/2022:03:11:44 -0700] "GET /?author=5 HTTP/1.1" 404 70528 "-" "Mozilla/5.0 (Windows NT 5.1; rv:40.0) Gecko/20100101 Firefox/40.0" "wellnessconceptsclinic.com"
89.46.105.179 - - [02/Oct/2022:03:11:45 -0700] "GET /?author=17 HTTP/1.1" 404 70528 "-" "Mozilla/5.0 (Windows NT 10.0; Win64; x64) AppleWebKit/537.36 (KHTML, like Gecko) Chrome/91.0.4472.114 Safari/537.36" "wellnessconceptsclinic.com"
89.46.105.179 - - [02/Oct/2022:03:11:51 -0700] "GET /?author=18 HTTP/1.1" 404 70528 "-" "Mozilla/5.0 (Windows NT 10.0; Win64; x64) AppleWebKit/537.36 (KHTML, like Gecko) Chrome/91.0.4472.114 Safari/537.36" "wellnessconceptsclinic.com"
192.185.4.117 - - [02/Oct/2022:03:11:57 -0700] "GET /?author=6 HTTP/1.1" 404 70528 "-" "Mozilla/5.0 (Windows NT 5.1; rv:40.0) Gecko/20100101 Firefox/40.0" "wellnessconceptsclinic.com"
89.46.105.179 - - [02/Oct/2022:03:11:58 -0700] "GET /?author=18 HTTP/1.1" 404 70528 "-" "Mozilla/5.0 (Windows NT 10.0; Win64; x64) AppleWebKit/537.36 (KHTML, like Gecko) Chrome/91.0.4472.114 Safari/537.36" "wellnessconceptsclinic.com"
192.185.4.117 - - [02/Oct/2022:03:12:03 -0700] "GET /?author=6 HTTP/1.1" 404 70528 "-" "Mozilla/5.0 (Windows NT 5.1; rv:40.0) Gecko/20100101 Firefox/40.0" "wellnessconceptsclinic.com"
89.46.105.179 - - [02/Oct/2022:03:12:04 -0700] "GET /?author=19 HTTP/1.1" 404 70528 "-" "Mozilla/5.0 (Windows NT 10.0; Win64; x64) AppleWebKit/537.36 (KHTML, like Gecko) Chrome/91.0.4472.114 Safari/537.36" "wellnessconceptsclinic.com"
91.134.248.249 - - [02/Oct/2022:03:12:07 -0700] "GET /?author=11 HTTP/1.1" 404 70528 "-" "Mozilla/5.0 (Windows NT 6.1; Win64; x64) AppleWebKit/537.36 (KHTML, like Gecko) Chrome/79.0.3945.88 Safari/537.36" "wellnessconceptsclinic.com"
192.185.4.117 - - [02/Oct/2022:03:12:09 -0700] "GET /?author=7 HTTP/1.1" 404 70528 "-" "Mozilla/5.0 (Windows NT 5.1; rv:40.0) Gecko/20100101 Firefox/40.0" "wellnessconceptsclinic.com"
89.46.105.179 - - [02/Oct/2022:03:12:11 -0700] "GET /?author=19 HTTP/1.1" 404 70528 "-" "Mozilla/5.0 (Windows NT 10.0; Win64; x64) AppleWebKit/537.36 (KHTML, like Gecko) Chrome/91.0.4472.114 Safari/537.36" "wellnessconceptsclinic.com"
91.134.248.249 - - [02/Oct/2022:03:12:13 -0700] "GET /?author=11 HTTP/1.1" 404 70528 "-" "Mozilla/5.0 (Windows NT 6.1; Win64; x64) AppleWebKit/537.36 (KHTML, like Gecko) Chrome/79.0.3945.88 Safari/537.36" "wellnessconceptsclinic.com"
192.185.4.117 - - [02/Oct/2022:03:12:15 -0700] "GET /?author=7 HTTP/1.1" 404 70528 "-" "Mozilla/5.0 (Windows NT 5.1; rv:40.0) Gecko/20100101 Firefox/40.0" "wellnessconceptsclinic.com"
89.46.105.179 - - [02/Oct/2022:03:12:17 -0700] "GET /?author=20 HTTP/1.1" 404 70528 "-" "Mozilla/5.0 (Windows NT 10.0; Win64; x64) AppleWebKit/537.36 (KHTML, like Gecko) Chrome/91.0.4472.114 Safari/537.36" "wellnessconceptsclinic.com"
91.134.248.249 - - [02/Oct/2022:03:12:20 -0700] "GET /?author=12 HTTP/1.1" 404 70528 "-" "Mozilla/5.0 (Windows NT 6.1; Win64; x64) AppleWebKit/537.36 (KHTML, like Gecko) Chrome/79.0.3945.88 Safari/537.36" "wellnessconceptsclinic.com"
192.185.4.117 - - [02/Oct/2022:03:12:22 -0700] "GET /?author=8 HTTP/1.1" 404 70528 "-" "Mozilla/5.0 (Windows NT 5.1; rv:40.0) Gecko/20100101 Firefox/40.0" "wellnessconceptsclinic.com"
89.46.105.179 - - [02/Oct/2022:03:12:24 -0700] "GET /?author=20 HTTP/1.1" 404 70528 "-" "Mozilla/5.0 (Windows NT 10.0; Win64; x64) AppleWebKit/537.36 (KHTML, like Gecko) Chrome/91.0.4472.114 Safari/537.36" "wellnessconceptsclinic.com"
91.134.248.249 - - [02/Oct/2022:03:12:26 -0700] "GET /?author=12 HTTP/1.1" 404 70528 "-" "Mozilla/5.0 (Windows NT 6.1; Win64; x64) AppleWebKit/537.36 (KHTML, like Gecko) Chrome/79.0.3945.88 Safari/537.36" "wellnessconceptsclinic.com"
192.185.4.117 - - [02/Oct/2022:03:12:29 -0700] "GET /?author=8 HTTP/1.1" 404 70528 "-" "Mozilla/5.0 (Windows NT 5.1; rv:40.0) Gecko/20100101 Firefox/40.0" "wellnessconceptsclinic.com"
91.134.248.249 - - [02/Oct/2022:03:12:32 -0700] "GET /?author=13 HTTP/1.1" 404 70528 "-" "Mozilla/5.0 (Windows NT 6.1; Win64; x64) AppleWebKit/537.36 (KHTML, like Gecko) Chrome/79.0.3945.88 Safari/537.36" "wellnessconceptsclinic.com"
89.46.105.179 - - [02/Oct/2022:03:12:32 -0700] "GET /?author=21 HTTP/1.1" 404 70528 "-" "Mozilla/5.0 (Windows NT 10.0; Win64; x64) AppleWebKit/537.36 (KHTML, like Gecko) Chrome/63.0.3239.132 Safari/537.36" "wellnessconceptsclinic.com"
91.134.248.249 - - [02/Oct/2022:03:12:38 -0700] "GET /?author=13 HTTP/1.1" 404 70528 "-" "Mozilla/5.0 (Windows NT 6.1; Win64; x64) AppleWebKit/537.36 (KHTML, like Gecko) Chrome/79.0.3945.88 Safari/537.36" "wellnessconceptsclinic.com"
192.185.4.117 - - [02/Oct/2022:03:12:37 -0700] "GET /?author=9 HTTP/1.1" 404 70528 "-" "Mozilla/5.0 (Windows NT 5.1; rv:40.0) Gecko/20100101 Firefox/40.0" "wellnessconceptsclinic.com"
89.46.105.179 - - [02/Oct/2022:03:12:40 -0700] "GET /?author=21 HTTP/1.1" 404 70528 "-" "Mozilla/5.0 (Windows NT 10.0; Win64; x64) AppleWebKit/537.36 (KHTML, like Gecko) Chrome/63.0.3239.132 Safari/537.36" "wellnessconceptsclinic.com"
192.185.4.117 - - [02/Oct/2022:03:12:44 -0700] "GET /?author=9 HTTP/1.1" 404 70528 "-" "Mozilla/5.0 (Windows NT 5.1; rv:40.0) Gecko/20100101 Firefox/40.0" "wellnessconceptsclinic.com"
91.134.248.249 - - [02/Oct/2022:03:12:43 -0700] "GET /?author=14 HTTP/1.1" 404 70528 "-" "Mozilla/5.0 (Windows NT 6.1; Win64; x64) AppleWebKit/537.36 (KHTML, like Gecko) Chrome/79.0.3945.88 Safari/537.36" "wellnessconceptsclinic.com"
89.46.105.179 - - [02/Oct/2022:03:12:46 -0700] "GET /?author=22 HTTP/1.1" 404 70528 "-" "Mozilla/5.0 (Windows NT 10.0; Win64; x64) AppleWebKit/537.36 (KHTML, like Gecko) Chrome/63.0.3239.132 Safari/537.36" "wellnessconceptsclinic.com"
91.134.248.249 - - [02/Oct/2022:03:12:49 -0700] "GET /?author=14 HTTP/1.1" 404 70528 "-" "Mozilla/5.0 (Windows NT 6.1; Win64; x64) AppleWebKit/537.36 (KHTML, like Gecko) Chrome/79.0.3945.88 Safari/537.36" "wellnessconceptsclinic.com"
192.185.4.117 - - [02/Oct/2022:03:12:49 -0700] "GET /?author=10 HTTP/1.1" 404 70528 "-" "Mozilla/5.0 (Windows NT 5.1; rv:40.0) Gecko/20100101 Firefox/40.0" "wellnessconceptsclinic.com"
89.46.105.179 - - [02/Oct/2022:03:12:53 -0700] "GET /?author=22 HTTP/1.1" 404 70528 "-" "Mozilla/5.0 (Windows NT 10.0; Win64; x64) AppleWebKit/537.36 (KHTML, like Gecko) Chrome/63.0.3239.132 Safari/537.36" "wellnessconceptsclinic.com"
192.185.4.117 - - [02/Oct/2022:03:12:55 -0700] "GET /?author=10 HTTP/1.1" 404 70528 "-" "Mozilla/5.0 (Windows NT 5.1; rv:40.0) Gecko/20100101 Firefox/40.0" "wellnessconceptsclinic.com"
91.134.248.249 - - [02/Oct/2022:03:12:55 -0700] "GET /?author=15 HTTP/1.1" 404 70528 "-" "Mozilla/5.0 (Windows NT 6.1; Win64; x64) AppleWebKit/537.36 (KHTML, like Gecko) Chrome/79.0.3945.88 Safari/537.36" "wellnessconceptsclinic.com"
89.46.105.179 - - [02/Oct/2022:03:13:00 -0700] "GET /?author=23 HTTP/1.1" 404 70528 "-" "Mozilla/5.0 (Windows NT 10.0; Win64; x64) AppleWebKit/537.36 (KHTML, like Gecko) Chrome/63.0.3239.132 Safari/537.36" "wellnessconceptsclinic.com"
91.134.248.249 - - [02/Oct/2022:03:13:02 -0700] "GET /?author=15 HTTP/1.1" 404 70528 "-" "Mozilla/5.0 (Windows NT 6.1; Win64; x64) AppleWebKit/537.36 (KHTML, like Gecko) Chrome/79.0.3945.88 Safari/537.36" "wellnessconceptsclinic.com"
89.46.105.179 - - [02/Oct/2022:03:13:07 -0700] "GET /?author=23 HTTP/1.1" 404 70528 "-" "Mozilla/5.0 (Windows NT 10.0; Win64; x64) AppleWebKit/537.36 (KHTML, like Gecko) Chrome/63.0.3239.132 Safari/537.36" "wellnessconceptsclinic.com"
91.134.248.249 - - [02/Oct/2022:03:13:09 -0700] "GET /?author=16 HTTP/1.1" 404 70528 "-" "Mozilla/5.0 (Windows NT 6.1; Win64; x64) AppleWebKit/537.36 (KHTML, like Gecko) Chrome/79.0.3945.88 Safari/537.36" "wellnessconceptsclinic.com"
89.46.105.179 - - [02/Oct/2022:03:13:13 -0700] "GET /?author=24 HTTP/1.1" 404 70528 "-" "Mozilla/5.0 (Windows NT 10.0; Win64; x64) AppleWebKit/537.36 (KHTML, like Gecko) Chrome/63.0.3239.132 Safari/537.36" "wellnessconceptsclinic.com"
91.134.248.249 - - [02/Oct/2022:03:13:16 -0700] "GET /?author=16 HTTP/1.1" 404 70528 "-" "Mozilla/5.0 (Windows NT 6.1; Win64; x64) AppleWebKit/537.36 (KHTML, like Gecko) Chrome/79.0.3945.88 Safari/537.36" "wellnessconceptsclinic.com"
148.72.170.190 - - [02/Oct/2022:03:13:17 -0700] "GET /?author=41 HTTP/1.1" 404 70528 "-" "Mozilla/5.0 (Windows NT 10.0; WOW64; rv:54.0) Gecko/20100101 Firefox/54.0" "wellnessconceptsclinic.com"
162.214.123.41 - - [02/Oct/2022:03:13:20 -0700] "POST /xmlrpc.php HTTP/1.1" 200 401 "-" "Mozilla/5.0 (Windows NT 10.0; Win64; x64) Chrome/92.0.4515.159 Safari/537.36" "wellnessconceptsclinic.com"
89.46.105.179 - - [02/Oct/2022:03:13:21 -0700] "GET /?author=24 HTTP/1.1" 404 70528 "-" "Mozilla/5.0 (Windows NT 10.0; Win64; x64) AppleWebKit/537.36 (KHTML, like Gecko) Chrome/63.0.3239.132 Safari/537.36" "wellnessconceptsclinic.com"
91.134.248.249 - - [02/Oct/2022:03:13:23 -0700] "GET /?author=17 HTTP/1.1" 404 70528 "-" "Mozilla/5.0 (Windows NT 6.1; Win64; x64) AppleWebKit/537.36 (KHTML, like Gecko) Chrome/79.0.3945.88 Safari/537.36" "wellnessconceptsclinic.com"
148.72.170.190 - - [02/Oct/2022:03:13:23 -0700] "GET /?author=41 HTTP/1.1" 404 70528 "-" "Mozilla/5.0 (Windows NT 10.0; WOW64; rv:54.0) Gecko/20100101 Firefox/54.0" "wellnessconceptsclinic.com"
89.46.105.179 - - [02/Oct/2022:03:13:28 -0700] "GET /?author=25 HTTP/1.1" 404 70528 "-" "Mozilla/5.0 (Windows NT 10.0; Win64; x64) AppleWebKit/537.36 (KHTML, like Gecko) Chrome/63.0.3239.132 Safari/537.36" "wellnessconceptsclinic.com"
148.72.170.190 - - [02/Oct/2022:03:13:30 -0700] "GET /?author=42 HTTP/1.1" 404 70528 "-" "Mozilla/5.0 (Windows NT 10.0; WOW64; rv:54.0) Gecko/20100101 Firefox/54.0" "wellnessconceptsclinic.com"
91.134.248.249 - - [02/Oct/2022:03:13:30 -0700] "GET /?author=17 HTTP/1.1" 404 70528 "-" "Mozilla/5.0 (Windows NT 6.1; Win64; x64) AppleWebKit/537.36 (KHTML, like Gecko) Chrome/79.0.3945.88 Safari/537.36" "wellnessconceptsclinic.com"
89.46.105.179 - - [02/Oct/2022:03:13:35 -0700] "GET /?author=25 HTTP/1.1" 404 70528 "-" "Mozilla/5.0 (Windows NT 10.0; Win64; x64) AppleWebKit/537.36 (KHTML, like Gecko) Chrome/63.0.3239.132 Safari/537.36" "wellnessconceptsclinic.com"
91.134.248.249 - - [02/Oct/2022:03:13:37 -0700] "GET /?author=18 HTTP/1.1" 404 70528 "-" "Mozilla/5.0 (Windows NT 6.1; Win64; x64) AppleWebKit/537.36 (KHTML, like Gecko) Chrome/79.0.3945.88 Safari/537.36" "wellnessconceptsclinic.com"
148.72.170.190 - - [02/Oct/2022:03:13:37 -0700] "GET /?author=42 HTTP/1.1" 404 70528 "-" "Mozilla/5.0 (Windows NT 10.0; WOW64; rv:54.0) Gecko/20100101 Firefox/54.0" "wellnessconceptsclinic.com"
89.46.105.179 - - [02/Oct/2022:03:13:42 -0700] "GET /?author=26 HTTP/1.1" 404 70528 "-" "Mozilla/5.0 (Windows NT 10.0; Win64; x64) AppleWebKit/537.36 (KHTML, like Gecko) Chrome/63.0.3239.132 Safari/537.36" "wellnessconceptsclinic.com"
148.72.170.190 - - [02/Oct/2022:03:13:43 -0700] "GET /?author=43 HTTP/1.1" 404 70528 "-" "Mozilla/5.0 (Windows NT 10.0; WOW64; rv:54.0) Gecko/20100101 Firefox/54.0" "wellnessconceptsclinic.com"
91.134.248.249 - - [02/Oct/2022:03:13:43 -0700] "GET /?author=18 HTTP/1.1" 404 70528 "-" "Mozilla/5.0 (Windows NT 6.1; Win64; x64) AppleWebKit/537.36 (KHTML, like Gecko) Chrome/79.0.3945.88 Safari/537.36" "wellnessconceptsclinic.com"
148.72.170.190 - - [02/Oct/2022:03:13:49 -0700] "GET /?author=43 HTTP/1.1" 404 70528 "-" "Mozilla/5.0 (Windows NT 10.0; WOW64; rv:54.0) Gecko/20100101 Firefox/54.0" "wellnessconceptsclinic.com"
89.46.105.179 - - [02/Oct/2022:03:13:48 -0700] "GET /?author=26 HTTP/1.1" 404 70528 "-" "Mozilla/5.0 (Windows NT 10.0; Win64; x64) AppleWebKit/537.36 (KHTML, like Gecko) Chrome/63.0.3239.132 Safari/537.36" "wellnessconceptsclinic.com"
91.134.248.249 - - [02/Oct/2022:03:13:50 -0700] "GET /?author=19 HTTP/1.1" 404 70528 "-" "Mozilla/5.0 (Windows NT 6.1; Win64; x64) AppleWebKit/537.36 (KHTML, like Gecko) Chrome/79.0.3945.88 Safari/537.36" "wellnessconceptsclinic.com"
148.72.170.190 - - [02/Oct/2022:03:13:55 -0700] "GET /?author=44 HTTP/1.1" 404 70528 "-" "Mozilla/5.0 (Windows NT 10.0; WOW64; rv:54.0) Gecko/20100101 Firefox/54.0" "wellnessconceptsclinic.com"
89.46.105.179 - - [02/Oct/2022:03:13:56 -0700] "GET /?author=27 HTTP/1.1" 404 70528 "-" "Mozilla/5.0 (Windows NT 10.0; Win64; x64) AppleWebKit/537.36 (KHTML, like Gecko) Chrome/63.0.3239.132 Safari/537.36" "wellnessconceptsclinic.com"
91.134.248.249 - - [02/Oct/2022:03:13:58 -0700] "GET /?author=19 HTTP/1.1" 404 70528 "-" "Mozilla/5.0 (Windows NT 6.1; Win64; x64) AppleWebKit/537.36 (KHTML, like Gecko) Chrome/79.0.3945.88 Safari/537.36" "wellnessconceptsclinic.com"
89.46.105.179 - - [02/Oct/2022:03:14:03 -0700] "GET /?author=27 HTTP/1.1" 404 70528 "-" "Mozilla/5.0 (Windows NT 10.0; Win64; x64) AppleWebKit/537.36 (KHTML, like Gecko) Chrome/63.0.3239.132 Safari/537.36" "wellnessconceptsclinic.com"
148.72.170.190 - - [02/Oct/2022:03:14:02 -0700] "GET /?author=44 HTTP/1.1" 404 70528 "-" "Mozilla/5.0 (Windows NT 10.0; WOW64; rv:54.0) Gecko/20100101 Firefox/54.0" "wellnessconceptsclinic.com"
91.134.248.249 - - [02/Oct/2022:03:14:05 -0700] "GET /?author=20 HTTP/1.1" 404 70528 "-" "Mozilla/5.0 (Windows NT 6.1; Win64; x64) AppleWebKit/537.36 (KHTML, like Gecko) Chrome/79.0.3945.88 Safari/537.36" "wellnessconceptsclinic.com"
89.46.105.179 - - [02/Oct/2022:03:14:09 -0700] "GET /?author=28 HTTP/1.1" 404 70528 "-" "Mozilla/5.0 (Windows NT 10.0; Win64; x64) AppleWebKit/537.36 (KHTML, like Gecko) Chrome/63.0.3239.132 Safari/537.36" "wellnessconceptsclinic.com"
148.72.170.190 - - [02/Oct/2022:03:14:09 -0700] "GET /?author=45 HTTP/1.1" 404 70528 "-" "Mozilla/5.0 (Windows NT 10.0; WOW64; rv:54.0) Gecko/20100101 Firefox/54.0" "wellnessconceptsclinic.com"
91.134.248.249 - - [02/Oct/2022:03:14:11 -0700] "GET /?author=20 HTTP/1.1" 404 70528 "-" "Mozilla/5.0 (Windows NT 6.1; Win64; x64) AppleWebKit/537.36 (KHTML, like Gecko) Chrome/79.0.3945.88 Safari/537.36" "wellnessconceptsclinic.com"
89.46.105.179 - - [02/Oct/2022:03:14:17 -0700] "GET /?author=28 HTTP/1.1" 404 70528 "-" "Mozilla/5.0 (Windows NT 10.0; Win64; x64) AppleWebKit/537.36 (KHTML, like Gecko) Chrome/63.0.3239.132 Safari/537.36" "wellnessconceptsclinic.com"
148.72.170.190 - - [02/Oct/2022:03:14:17 -0700] "GET /?author=45 HTTP/1.1" 404 70528 "-" "Mozilla/5.0 (Windows NT 10.0; WOW64; rv:54.0) Gecko/20100101 Firefox/54.0" "wellnessconceptsclinic.com"
91.134.248.249 - - [02/Oct/2022:03:14:17 -0700] "GET /?author=1 HTTP/1.1" 200 74915 "-" "Mozilla/5.0 (Windows NT 6.1; WOW64; rv:52.0) Gecko/20100101 Firefox/52.0" "wellnessconceptsclinic.com"
148.72.170.190 - - [02/Oct/2022:03:14:24 -0700] "GET /?author=46 HTTP/1.1" 404 70528 "-" "Mozilla/5.0 (Windows NT 10.0; WOW64; rv:54.0) Gecko/20100101 Firefox/54.0" "wellnessconceptsclinic.com"
89.46.105.179 - - [02/Oct/2022:03:14:24 -0700] "GET /?author=29 HTTP/1.1" 404 70528 "-" "Mozilla/5.0 (Windows NT 10.0; Win64; x64) AppleWebKit/537.36 (KHTML, like Gecko) Chrome/63.0.3239.132 Safari/537.36" "wellnessconceptsclinic.com"
91.134.248.249 - - [02/Oct/2022:03:14:25 -0700] "GET /?author=1 HTTP/1.1" 200 74915 "-" "Mozilla/5.0 (Windows NT 6.1; WOW64; rv:52.0) Gecko/20100101 Firefox/52.0" "wellnessconceptsclinic.com"
148.72.170.190 - - [02/Oct/2022:03:14:25 -0700] "GET /?author=21 HTTP/1.1" 404 70528 "-" "Mozilla/5.0 (Windows NT 5.1) AppleWebKit/537.36 (KHTML, like Gecko) Chrome/46.0.2490.71 Safari/537.36" "wellnessconceptsclinic.com"
148.72.170.190 - - [02/Oct/2022:03:14:30 -0700] "GET /?author=46 HTTP/1.1" 404 70528 "-" "Mozilla/5.0 (Windows NT 10.0; WOW64; rv:54.0) Gecko/20100101 Firefox/54.0" "wellnessconceptsclinic.com"
89.46.105.179 - - [02/Oct/2022:03:14:33 -0700] "GET /?author=29 HTTP/1.1" 404 70528 "-" "Mozilla/5.0 (Windows NT 10.0; Win64; x64) AppleWebKit/537.36 (KHTML, like Gecko) Chrome/63.0.3239.132 Safari/537.36" "wellnessconceptsclinic.com"
148.72.170.190 - - [02/Oct/2022:03:14:34 -0700] "GET /?author=21 HTTP/1.1" 404 70528 "-" "Mozilla/5.0 (Windows NT 5.1) AppleWebKit/537.36 (KHTML, like Gecko) Chrome/46.0.2490.71 Safari/537.36" "wellnessconceptsclinic.com"
91.134.248.249 - - [02/Oct/2022:03:14:34 -0700] "GET /?author=2 HTTP/1.1" 200 74962 "-" "Mozilla/5.0 (Windows NT 6.1; WOW64; rv:52.0) Gecko/20100101 Firefox/52.0" "wellnessconceptsclinic.com"
148.72.170.190 - - [02/Oct/2022:03:14:35 -0700] "GET /?author=47 HTTP/1.1" 404 70528 "-" "Mozilla/5.0 (Windows NT 10.0; WOW64; rv:54.0) Gecko/20100101 Firefox/54.0" "wellnessconceptsclinic.com"
89.46.105.179 - - [02/Oct/2022:03:14:39 -0700] "GET /?author=11 HTTP/1.1" 404 70526 "-" "Mozilla/5.0 (X11; Ubuntu; Linux i686; rv:24.0) Gecko/20100101 Firefox/24.0" "wellnessconceptsclinic.com"
148.72.170.190 - - [02/Oct/2022:03:14:40 -0700] "GET /?author=22 HTTP/1.1" 404 70528 "-" "Mozilla/5.0 (Windows NT 5.1) AppleWebKit/537.36 (KHTML, like Gecko) Chrome/46.0.2490.71 Safari/537.36" "wellnessconceptsclinic.com"
89.46.105.179 - - [02/Oct/2022:03:14:40 -0700] "GET /?author=30 HTTP/1.1" 404 70528 "-" "Mozilla/5.0 (Windows NT 10.0; Win64; x64) AppleWebKit/537.36 (KHTML, like Gecko) Chrome/63.0.3239.132 Safari/537.36" "wellnessconceptsclinic.com"
91.134.248.249 - - [02/Oct/2022:03:14:41 -0700] "GET /?author=2 HTTP/1.1" 200 74962 "-" "Mozilla/5.0 (Windows NT 6.1; WOW64; rv:52.0) Gecko/20100101 Firefox/52.0" "wellnessconceptsclinic.com"
148.72.170.190 - - [02/Oct/2022:03:14:42 -0700] "GET /?author=47 HTTP/1.1" 404 70528 "-" "Mozilla/5.0 (Windows NT 10.0; WOW64; rv:54.0) Gecko/20100101 Firefox/54.0" "wellnessconceptsclinic.com"
89.46.105.179 - - [02/Oct/2022:03:14:46 -0700] "GET /?author=11 HTTP/1.1" 404 70526 "-" "Mozilla/5.0 (X11; Ubuntu; Linux i686; rv:24.0) Gecko/20100101 Firefox/24.0" "wellnessconceptsclinic.com"
148.72.170.190 - - [02/Oct/2022:03:14:46 -0700] "GET /?author=22 HTTP/1.1" 404 70528 "-" "Mozilla/5.0 (Windows NT 5.1) AppleWebKit/537.36 (KHTML, like Gecko) Chrome/46.0.2490.71 Safari/537.36" "wellnessconceptsclinic.com"
89.46.105.179 - - [02/Oct/2022:03:14:47 -0700] "GET /?author=30 HTTP/1.1" 404 70528 "-" "Mozilla/5.0 (Windows NT 10.0; Win64; x64) AppleWebKit/537.36 (KHTML, like Gecko) Chrome/63.0.3239.132 Safari/537.36" "wellnessconceptsclinic.com"
91.134.248.249 - - [02/Oct/2022:03:14:48 -0700] "GET /?author=3 HTTP/1.1" 404 70528 "-" "Mozilla/5.0 (Windows NT 6.1; WOW64; rv:52.0) Gecko/20100101 Firefox/52.0" "wellnessconceptsclinic.com"
148.72.170.190 - - [02/Oct/2022:03:14:51 -0700] "GET /?author=48 HTTP/1.1" 404 70528 "-" "Mozilla/5.0 (Windows NT 10.0; WOW64; rv:54.0) Gecko/20100101 Firefox/54.0" "wellnessconceptsclinic.com"
89.46.105.179 - - [02/Oct/2022:03:14:52 -0700] "GET /?author=12 HTTP/1.1" 500 85 "-" "Mozilla/5.0 (X11; Ubuntu; Linux i686; rv:24.0) Gecko/20100101 Firefox/24.0" "wellnessconceptsclinic.com"
148.72.170.190 - - [02/Oct/2022:03:14:53 -0700] "GET /?author=23 HTTP/1.1" 500 85 "-" "Mozilla/5.0 (Windows NT 5.1) AppleWebKit/537.36 (KHTML, like Gecko) Chrome/46.0.2490.71 Safari/537.36" "wellnessconceptsclinic.com"
91.134.248.249 - - [02/Oct/2022:03:14:56 -0700] "GET /?author=3 HTTP/1.1" 404 70528 "-" "Mozilla/5.0 (Windows NT 6.1; WOW64; rv:52.0) Gecko/20100101 Firefox/52.0" "wellnessconceptsclinic.com"
148.72.170.190 - - [02/Oct/2022:03:14:59 -0700] "GET /?author=48 HTTP/1.1" 404 70528 "-" "Mozilla/5.0 (Windows NT 10.0; WOW64; rv:54.0) Gecko/20100101 Firefox/54.0" "wellnessconceptsclinic.com"
89.46.105.179 - - [02/Oct/2022:03:15:00 -0700] "GET /?author=12 HTTP/1.1" 404 70526 "-" "Mozilla/5.0 (X11; Ubuntu; Linux i686; rv:24.0) Gecko/20100101 Firefox/24.0" "wellnessconceptsclinic.com"
91.134.248.249 - - [02/Oct/2022:03:15:03 -0700] "GET /?author=4 HTTP/1.1" 404 70528 "-" "Mozilla/5.0 (Windows NT 6.1; WOW64; rv:52.0) Gecko/20100101 Firefox/52.0" "wellnessconceptsclinic.com"
148.72.170.190 - - [02/Oct/2022:03:15:04 -0700] "GET /?author=49 HTTP/1.1" 404 70528 "-" "Mozilla/5.0 (Windows NT 10.0; WOW64; rv:54.0) Gecko/20100101 Firefox/54.0" "wellnessconceptsclinic.com"
148.72.170.190 - - [02/Oct/2022:03:15:02 -0700] "GET /?author=23 HTTP/1.1" 404 70528 "-" "Mozilla/5.0 (Windows NT 5.1) AppleWebKit/537.36 (KHTML, like Gecko) Chrome/46.0.2490.71 Safari/537.36" "wellnessconceptsclinic.com"
89.46.105.179 - - [02/Oct/2022:03:15:06 -0700] "GET /?author=13 HTTP/1.1" 404 70526 "-" "Mozilla/5.0 (X11; Ubuntu; Linux i686; rv:24.0) Gecko/20100101 Firefox/24.0" "wellnessconceptsclinic.com"
148.72.170.190 - - [02/Oct/2022:03:15:13 -0700] "GET /?author=24 HTTP/1.1" 404 70528 "-" "Mozilla/5.0 (Windows NT 5.1) AppleWebKit/537.36 (KHTML, like Gecko) Chrome/46.0.2490.71 Safari/537.36" "wellnessconceptsclinic.com"
91.134.248.249 - - [02/Oct/2022:03:15:11 -0700] "GET /?author=4 HTTP/1.1" 404 70528 "-" "Mozilla/5.0 (Windows NT 6.1; WOW64; rv:52.0) Gecko/20100101 Firefox/52.0" "wellnessconceptsclinic.com"
89.46.105.179 - - [02/Oct/2022:03:15:14 -0700] "GET /?author=13 HTTP/1.1" 404 70526 "-" "Mozilla/5.0 (X11; Ubuntu; Linux i686; rv:24.0) Gecko/20100101 Firefox/24.0" "wellnessconceptsclinic.com"
148.72.170.190 - - [02/Oct/2022:03:15:12 -0700] "GET /?author=49 HTTP/1.1" 404 70528 "-" "Mozilla/5.0 (Windows NT 10.0; WOW64; rv:54.0) Gecko/20100101 Firefox/54.0" "wellnessconceptsclinic.com"
148.72.170.190 - - [02/Oct/2022:03:15:18 -0700] "GET /?author=24 HTTP/1.1" 404 70528 "-" "Mozilla/5.0 (Windows NT 5.1) AppleWebKit/537.36 (KHTML, like Gecko) Chrome/46.0.2490.71 Safari/537.36" "wellnessconceptsclinic.com"
91.134.248.249 - - [02/Oct/2022:03:15:18 -0700] "GET /?author=5 HTTP/1.1" 404 70528 "-" "Mozilla/5.0 (Windows NT 6.1; WOW64; rv:52.0) Gecko/20100101 Firefox/52.0" "wellnessconceptsclinic.com"
89.46.105.179 - - [02/Oct/2022:03:15:20 -0700] "GET /?author=14 HTTP/1.1" 404 70526 "-" "Mozilla/5.0 (X11; Ubuntu; Linux i686; rv:24.0) Gecko/20100101 Firefox/24.0" "wellnessconceptsclinic.com"
148.72.170.190 - - [02/Oct/2022:03:15:21 -0700] "GET /?author=50 HTTP/1.1" 404 70528 "-" "Mozilla/5.0 (Windows NT 10.0; WOW64; rv:54.0) Gecko/20100101 Firefox/54.0" "wellnessconceptsclinic.com"
148.72.170.190 - - [02/Oct/2022:03:15:23 -0700] "GET /?author=25 HTTP/1.1" 404 70528 "-" "Mozilla/5.0 (Windows NT 5.1) AppleWebKit/537.36 (KHTML, like Gecko) Chrome/46.0.2490.71 Safari/537.36" "wellnessconceptsclinic.com"
91.134.248.249 - - [02/Oct/2022:03:15:24 -0700] "GET /?author=5 HTTP/1.1" 404 70528 "-" "Mozilla/5.0 (Windows NT 6.1; WOW64; rv:52.0) Gecko/20100101 Firefox/52.0" "wellnessconceptsclinic.com"
89.46.105.179 - - [02/Oct/2022:03:15:27 -0700] "GET /?author=14 HTTP/1.1" 404 70526 "-" "Mozilla/5.0 (X11; Ubuntu; Linux i686; rv:24.0) Gecko/20100101 Firefox/24.0" "wellnessconceptsclinic.com"
148.72.170.190 - - [02/Oct/2022:03:15:29 -0700] "GET /?author=50 HTTP/1.1" 404 70528 "-" "Mozilla/5.0 (Windows NT 10.0; WOW64; rv:54.0) Gecko/20100101 Firefox/54.0" "wellnessconceptsclinic.com"
148.72.170.190 - - [02/Oct/2022:03:15:31 -0700] "GET /?author=25 HTTP/1.1" 404 70528 "-" "Mozilla/5.0 (Windows NT 5.1) AppleWebKit/537.36 (KHTML, like Gecko) Chrome/46.0.2490.71 Safari/537.36" "wellnessconceptsclinic.com"
89.46.105.179 - - [02/Oct/2022:03:15:33 -0700] "GET /?author=15 HTTP/1.1" 404 70526 "-" "Mozilla/5.0 (X11; Ubuntu; Linux i686; rv:24.0) Gecko/20100101 Firefox/24.0" "wellnessconceptsclinic.com"
91.134.248.249 - - [02/Oct/2022:03:15:32 -0700] "GET /?author=6 HTTP/1.1" 404 70528 "-" "Mozilla/5.0 (Windows NT 6.1; WOW64; rv:52.0) Gecko/20100101 Firefox/52.0" "wellnessconceptsclinic.com"
148.72.170.190 - - [02/Oct/2022:03:15:39 -0700] "GET /?author=26 HTTP/1.1" 404 70528 "-" "Mozilla/5.0 (Windows NT 5.1) AppleWebKit/537.36 (KHTML, like Gecko) Chrome/46.0.2490.71 Safari/537.36" "wellnessconceptsclinic.com"
91.134.248.249 - - [02/Oct/2022:03:15:40 -0700] "GET /?author=6 HTTP/1.1" 404 70528 "-" "Mozilla/5.0 (Windows NT 6.1; WOW64; rv:52.0) Gecko/20100101 Firefox/52.0" "wellnessconceptsclinic.com"
89.46.105.179 - - [02/Oct/2022:03:15:40 -0700] "GET /?author=15 HTTP/1.1" 404 70526 "-" "Mozilla/5.0 (X11; Ubuntu; Linux i686; rv:24.0) Gecko/20100101 Firefox/24.0" "wellnessconceptsclinic.com"
148.72.170.190 - - [02/Oct/2022:03:15:45 -0700] "GET /?author=26 HTTP/1.1" 404 70528 "-" "Mozilla/5.0 (Windows NT 5.1) AppleWebKit/537.36 (KHTML, like Gecko) Chrome/46.0.2490.71 Safari/537.36" "wellnessconceptsclinic.com"
91.134.248.249 - - [02/Oct/2022:03:15:46 -0700] "GET /?author=7 HTTP/1.1" 404 70528 "-" "Mozilla/5.0 (Windows NT 6.1; WOW64; rv:52.0) Gecko/20100101 Firefox/52.0" "wellnessconceptsclinic.com"
89.46.105.179 - - [02/Oct/2022:03:15:48 -0700] "GET /?author=16 HTTP/1.1" 404 70526 "-" "Mozilla/5.0 (X11; Ubuntu; Linux i686; rv:24.0) Gecko/20100101 Firefox/24.0" "wellnessconceptsclinic.com"
148.72.170.190 - - [02/Oct/2022:03:15:51 -0700] "GET /?author=27 HTTP/1.1" 404 70528 "-" "Mozilla/5.0 (Windows NT 5.1) AppleWebKit/537.36 (KHTML, like Gecko) Chrome/46.0.2490.71 Safari/537.36" "wellnessconceptsclinic.com"
91.134.248.249 - - [02/Oct/2022:03:15:53 -0700] "GET /?author=7 HTTP/1.1" 404 70528 "-" "Mozilla/5.0 (Windows NT 6.1; WOW64; rv:52.0) Gecko/20100101 Firefox/52.0" "wellnessconceptsclinic.com"
89.46.105.179 - - [02/Oct/2022:03:15:55 -0700] "GET /?author=16 HTTP/1.1" 404 70526 "-" "Mozilla/5.0 (X11; Ubuntu; Linux i686; rv:24.0) Gecko/20100101 Firefox/24.0" "wellnessconceptsclinic.com"
148.72.170.190 - - [02/Oct/2022:03:15:59 -0700] "GET /?author=27 HTTP/1.1" 404 70528 "-" "Mozilla/5.0 (Windows NT 5.1) AppleWebKit/537.36 (KHTML, like Gecko) Chrome/46.0.2490.71 Safari/537.36" "wellnessconceptsclinic.com"
