173.28.25.191 - - [08/Oct/2022:17:20:22 -0700] "GET /wp-content/plugins/divi-booster/core/icons/socicon/style.css?ver=3.7.2 HTTP/1.1" 200 2812 "https://wellnessconceptsclinic.com/" "Mozilla/5.0 (iPhone; CPU iPhone OS 15_6_1 like Mac OS X) AppleWebKit/605.1.15 (KHTML, like Gecko) Mobile/15E148 Instagram 255.1.0.18.105 (iPhone13,4; iOS 15_6_1; en_US; en-US; scale=3.42; 1284x2780; 405816327) NW/1" "wellnessconceptsclinic.com"
173.28.25.191 - - [08/Oct/2022:17:20:22 -0700] "GET /wp-content/themes/Divi/js/scripts.min.js?ver=4.14.7 HTTP/1.1" 200 70039 "https://wellnessconceptsclinic.com/" "Mozilla/5.0 (iPhone; CPU iPhone OS 15_6_1 like Mac OS X) AppleWebKit/605.1.15 (KHTML, like Gecko) Mobile/15E148 Instagram 255.1.0.18.105 (iPhone13,4; iOS 15_6_1; en_US; en-US; scale=3.42; 1284x2780; 405816327) NW/1" "wellnessconceptsclinic.com"
173.28.25.191 - - [08/Oct/2022:17:20:23 -0700] "GET /wp-content/themes/Divi/core/admin/fonts/modules/all/modules.ttf HTTP/1.1" 200 92400 "https://wellnessconceptsclinic.com/" "Mozilla/5.0 (iPhone; CPU iPhone OS 15_6_1 like Mac OS X) AppleWebKit/605.1.15 (KHTML, like Gecko) Mobile/15E148 Instagram 255.1.0.18.105 (iPhone13,4; iOS 15_6_1; en_US; en-US; scale=3.42; 1284x2780; 405816327) NW/1" "wellnessconceptsclinic.com"
173.28.25.191 - - [08/Oct/2022:17:20:23 -0700] "GET /wellness/wp-content/uploads/2018/11/Screen-Shot-2018-11-06-at-9.58.39-AM.png HTTP/1.1" 200 26036 "https://wellnessconceptsclinic.com/" "Mozilla/5.0 (iPhone; CPU iPhone OS 15_6_1 like Mac OS X) AppleWebKit/605.1.15 (KHTML, like Gecko) Mobile/15E148 Instagram 255.1.0.18.105 (iPhone13,4; iOS 15_6_1; en_US; en-US; scale=3.42; 1284x2780; 405816327) NW/1" "wellnessconceptsclinic.com"
173.28.25.191 - - [08/Oct/2022:17:20:23 -0700] "GET /wp-content/uploads/2021/10/Oct-2021-website-ad.jpg HTTP/1.1" 200 37692 "https://wellnessconceptsclinic.com/" "Mozilla/5.0 (iPhone; CPU iPhone OS 15_6_1 like Mac OS X) AppleWebKit/605.1.15 (KHTML, like Gecko) Mobile/15E148 Instagram 255.1.0.18.105 (iPhone13,4; iOS 15_6_1; en_US; en-US; scale=3.42; 1284x2780; 405816327) NW/1" "wellnessconceptsclinic.com"
173.28.25.191 - - [08/Oct/2022:17:20:23 -0700] "GET /wp-content/uploads/2022/02/pic-2022.jpg HTTP/1.1" 200 114114 "https://wellnessconceptsclinic.com/" "Mozilla/5.0 (iPhone; CPU iPhone OS 15_6_1 like Mac OS X) AppleWebKit/605.1.15 (KHTML, like Gecko) Mobile/15E148 Instagram 255.1.0.18.105 (iPhone13,4; iOS 15_6_1; en_US; en-US; scale=3.42; 1284x2780; 405816327) NW/1" "wellnessconceptsclinic.com"
173.28.25.191 - - [08/Oct/2022:17:20:23 -0700] "GET /wp-content/uploads/2022/01/MCR-Acu-pic.png HTTP/1.1" 200 23193 "https://wellnessconceptsclinic.com/" "Mozilla/5.0 (iPhone; CPU iPhone OS 15_6_1 like Mac OS X) AppleWebKit/605.1.15 (KHTML, like Gecko) Mobile/15E148 Instagram 255.1.0.18.105 (iPhone13,4; iOS 15_6_1; en_US; en-US; scale=3.42; 1284x2780; 405816327) NW/1" "wellnessconceptsclinic.com"
173.28.25.191 - - [08/Oct/2022:17:20:23 -0700] "GET /wp-includes/css/dist/block-library/style.min.css?ver=5.9.4 HTTP/1.1" 200 11206 "https://wellnessconceptsclinic.com/" "Mozilla/5.0 (iPhone; CPU iPhone OS 15_6_1 like Mac OS X) AppleWebKit/605.1.15 (KHTML, like Gecko) Mobile/15E148 Instagram 255.1.0.18.105 (iPhone13,4; iOS 15_6_1; en_US; en-US; scale=3.42; 1284x2780; 405816327) NW/1" "wellnessconceptsclinic.com"
173.28.25.191 - - [08/Oct/2022:17:20:23 -0700] "GET /wp-content/uploads/2021/05/185300231_1124006634769468_196384368853979452_n.jpg HTTP/1.1" 200 146243 "-" "Mozilla/5.0 (iPhone; CPU iPhone OS 15_6_1 like Mac OS X) AppleWebKit/605.1.15 (KHTML, like Gecko) Mobile/15E148 Instagram 255.1.0.18.105 (iPhone13,4; iOS 15_6_1; en_US; en-US; scale=3.42; 1284x2780; 405816327) NW/1" "wellnessconceptsclinic.com"
10.247.24.100 - - [08/Oct/2022:17:20:20 -0700] "POST /wp-cron.php?doing_wp_cron=1665274820.0528090000152587890625 HTTP/1.1" 200 - "https://wellnessconceptsclinic.com/wp-cron.php?doing_wp_cron=1665274820.0528090000152587890625" "WordPress/5.9.4; https://wellnessconceptsclinic.com" "wellnessconceptsclinic.com"
43.142.249.119 - - [08/Oct/2022:17:21:18 -0700] "GET / HTTP/1.1" 301 20 "-" "Mozilla/5.0 (Linux; Android 6.0; Nexus 5 Build/MRA58N) AppleWebKit/537.36 (KHTML, like Gecko) Chrome/81.0.4044.138 Mobile Safari/537.36" "wellnessconceptsclinic.com"
43.142.249.119 - - [08/Oct/2022:17:21:31 -0700] "GET / HTTP/1.1" 200 28435 "https://wellnessconceptsclinic.com:443" "Mozilla/5.0 (Linux; Android 6.0; Nexus 5 Build/MRA58N) AppleWebKit/537.36 (KHTML, like Gecko) Chrome/81.0.4044.138 Mobile Safari/537.36" "wellnessconceptsclinic.com"
209.141.46.253 - - [08/Oct/2022:17:21:38 -0700] "POST /xmlrpc.php HTTP/1.1" 200 403 "http://www.google.com.hk" "Mozilla/5.0 (Windows NT 6.1; WOW64) AppleWebKit/537.36 (KHTML, like Gecko) Chrome/42.0.2311.90 Safari/537.36" "wellnessconceptsclinic.com"
207.46.13.111 - - [08/Oct/2022:17:24:40 -0700] "GET /wp-content/uploads/2019/11/IMG-0981-1.jpg HTTP/1.1" 200 2438857 "-" "Mozilla/5.0 (compatible; bingbot/2.0; +http://www.bing.com/bingbot.htm)" "wellnessconceptsclinic.com"
51.222.253.18 - - [08/Oct/2022:17:28:53 -0700] "GET /robots.txt HTTP/1.1" 404 88 "-" "Mozilla/5.0 (compatible; AhrefsBot/7.0; +http://ahrefs.com/robot/)" "wellnessconceptsclinic.com"
124.158.12.83 - - [08/Oct/2022:17:29:54 -0700] "POST /xmlrpc.php HTTP/1.1" 200 401 "-" "Mozilla/5.0 (Windows NT 10.0; Win64; x64; rv:96.0) Gecko/20100101 Firefox/96" "wellnessconceptsclinic.com"
171.244.0.91 - - [08/Oct/2022:17:32:52 -0700] "POST /wp-login.php HTTP/1.1" 200 7777 "-" "Mozilla/5.0 (Windows NT 10.0; Win64; x64) AppleWebKit/537.36 (KHTML, like Gecko) Chrome/64.0.3282.140 Safari/537.36" "wellnessconceptsclinic.com"
207.46.13.111 - - [08/Oct/2022:17:35:00 -0700] "GET /?page_id=276 HTTP/1.1" 200 132395 "-" "Mozilla/5.0 AppleWebKit/537.36 (KHTML, like Gecko; compatible; bingbot/2.0; +http://www.bing.com/bingbot.htm) Chrome/103.0.5060.134 Safari/537.36" "wellnessconceptsclinic.com"
207.46.13.140 - - [08/Oct/2022:17:35:29 -0700] "GET /wp-content/plugins/wp-facebook-reviews/public/js/wprev-public.js?ver=11.0 HTTP/1.1" 200 610 "-" "Mozilla/5.0 (compatible; bingbot/2.0; +http://www.bing.com/bingbot.htm)" "wellnessconceptsclinic.com"
66.249.64.180 - - [08/Oct/2022:17:38:51 -0700] "GET /wp-content/uploads/2022/09/Sept-5-2022.jpg HTTP/1.1" 304 - "-" "Googlebot-Image/1.0" "wellnessconceptsclinic.com"
119.18.52.177 - - [08/Oct/2022:17:40:31 -0700] "POST /xmlrpc.php HTTP/1.1" 200 401 "-" "Mozilla/5.0 (Windows NT 10.0; Win64; x64; rv:96.0) Gecko/20100101 Firefox/96" "wellnessconceptsclinic.com"
172.121.223.190 - - [08/Oct/2022:17:49:06 -0700] "GET / HTTP/1.1" 200 28435 "-" "Mozilla/5.0 (Windows; U; Windows NT 5.0; en-US; rv:1.4b) Gecko/20030516 Mozilla Firebird/0.6" "wellnessconceptsclinic.com"
104.222.162.195 - - [08/Oct/2022:17:49:06 -0700] "GET / HTTP/1.1" 301 20 "-" "Mozilla/5.0 (X11; Ubuntu; Linux x86_64; rv:94.0) Gecko/20100101 Firefox/94.0" "www.wellnessconceptsclinic.com"
103.105.167.98 - - [08/Oct/2022:17:49:08 -0700] "GET / HTTP/1.1" 301 20 "-" "Mozilla/5.0 (Macintosh; Intel Mac OS X 10_11_2) AppleWebKit/601.3.9 (KHTML, like Gecko) Version/9.0.2 Safari/601.3.9" "www.wellnessconceptsclinic.com"
104.237.245.83 - - [08/Oct/2022:17:49:08 -0700] "GET / HTTP/1.1" 200 28435 "-" "Mozilla/5.0 (Windows NT 10.0; Win64; x64) AppleWebKit/537.36 (KHTML, like Gecko) Chrome/46.0.2486.0 Safari/537.36 Edge/13.10586" "wellnessconceptsclinic.com"
103.105.167.98 - - [08/Oct/2022:17:49:09 -0700] "GET / HTTP/1.1" 200 28435 "-" "Mozilla/5.0 (Macintosh; Intel Mac OS X 10_11_2) AppleWebKit/601.3.9 (KHTML, like Gecko) Version/9.0.2 Safari/601.3.9" "wellnessconceptsclinic.com"
103.105.167.98 - - [08/Oct/2022:17:49:10 -0700] "GET /robots.txt HTTP/1.1" 404 88 "https://wellnessconceptsclinic.com/" "Mozilla/5.0 (Macintosh; Intel Mac OS X 10_11_2) AppleWebKit/601.3.9 (KHTML, like Gecko) Version/9.0.2 Safari/601.3.9" "www.wellnessconceptsclinic.com"
103.105.167.98 - - [08/Oct/2022:17:49:10 -0700] "GET / HTTP/1.1" 301 20 "-" "Mozilla/5.0 (Macintosh; Intel Mac OS X 10_11_2) AppleWebKit/601.3.9 (KHTML, like Gecko) Version/9.0.2 Safari/601.3.9" "www.wellnessconceptsclinic.com"
104.237.245.83 - - [08/Oct/2022:17:49:15 -0700] "GET /robots.txt HTTP/1.1" 404 88 "https://wellnessconceptsclinic.com/" "Mozilla/5.0 (Windows NT 10.0; Win64; x64) AppleWebKit/537.36 (KHTML, like Gecko) Chrome/46.0.2486.0 Safari/537.36 Edge/13.10586" "wellnessconceptsclinic.com"
104.237.245.83 - - [08/Oct/2022:17:49:15 -0700] "GET / HTTP/1.1" 304 - "-" "Mozilla/5.0 (Windows NT 10.0; Win64; x64) AppleWebKit/537.36 (KHTML, like Gecko) Chrome/46.0.2486.0 Safari/537.36 Edge/13.10586" "wellnessconceptsclinic.com"
104.237.245.83 - - [08/Oct/2022:17:49:16 -0700] "GET /robots.txt HTTP/1.1" 404 88 "https://wellnessconceptsclinic.com/" "Mozilla/5.0 (Windows NT 10.0; Win64; x64) AppleWebKit/537.36 (KHTML, like Gecko) Chrome/46.0.2486.0 Safari/537.36 Edge/13.10586" "wellnessconceptsclinic.com"
104.237.245.83 - - [08/Oct/2022:17:49:16 -0700] "GET /?page_id=786 HTTP/1.1" 200 138179 "-" "Mozilla/5.0 (Windows NT 10.0; Win64; x64) AppleWebKit/537.36 (KHTML, like Gecko) Chrome/46.0.2486.0 Safari/537.36 Edge/13.10586" "wellnessconceptsclinic.com"
104.237.245.83 - - [08/Oct/2022:17:49:25 -0700] "GET /robots.txt HTTP/1.1" 404 88 "https://wellnessconceptsclinic.com/?page_id=786" "Mozilla/5.0 (Windows NT 10.0; Win64; x64) AppleWebKit/537.36 (KHTML, like Gecko) Chrome/46.0.2486.0 Safari/537.36 Edge/13.10586" "wellnessconceptsclinic.com"
104.237.245.83 - - [08/Oct/2022:17:49:25 -0700] "GET /?page_id=98 HTTP/1.1" 200 189624 "-" "Mozilla/5.0 (Windows NT 10.0; Win64; x64) AppleWebKit/537.36 (KHTML, like Gecko) Chrome/46.0.2486.0 Safari/537.36 Edge/13.10586" "wellnessconceptsclinic.com"
104.237.245.83 - - [08/Oct/2022:17:49:35 -0700] "GET /robots.txt HTTP/1.1" 404 88 "https://wellnessconceptsclinic.com/?page_id=98" "Mozilla/5.0 (Windows NT 10.0; Win64; x64) AppleWebKit/537.36 (KHTML, like Gecko) Chrome/46.0.2486.0 Safari/537.36 Edge/13.10586" "wellnessconceptsclinic.com"
104.237.245.83 - - [08/Oct/2022:17:49:35 -0700] "GET /?page_id=100 HTTP/1.1" 200 189075 "-" "Mozilla/5.0 (Windows NT 10.0; Win64; x64) AppleWebKit/537.36 (KHTML, like Gecko) Chrome/46.0.2486.0 Safari/537.36 Edge/13.10586" "wellnessconceptsclinic.com"
104.200.76.135 - - [08/Oct/2022:17:50:20 -0700] "GET /wp-login.php HTTP/1.1" 200 7406 "-" "Mozilla/5.0 (X11; Ubuntu; Linux x86_64; rv:94.0) Gecko/20100101 Firefox/94.0" "wellnessconceptsclinic.com"
157.0.140.186 - - [08/Oct/2022:17:50:43 -0700] "POST /xmlrpc.php HTTP/1.1" 200 401 "-" "Mozilla/5.0 (Windows NT 10.0; Win64; x64; rv:96.0) Gecko/20100101 Firefox/96" "wellnessconceptsclinic.com"
205.210.31.170 - - [08/Oct/2022:17:55:48 -0700] "GET / HTTP/1.1" 200 158230 "-" "Expanse, a Palo Alto Networks company, searches across the global IPv4 space multiple times per day to identify customers&#39; presences on the Internet. If you would like to be excluded from our scans, please send IP addresses/domains to: scaninfo@paloaltonetworks.com" "wellnessconceptsclinic.com"
124.158.12.83 - - [08/Oct/2022:18:00:43 -0700] "POST /xmlrpc.php HTTP/1.1" 200 401 "-" "Mozilla/5.0 (Windows NT 10.0; Win64; x64; rv:96.0) Gecko/20100101 Firefox/96" "wellnessconceptsclinic.com"
185.191.171.3 - - [08/Oct/2022:18:01:53 -0700] "GET /robots.txt HTTP/1.1" 404 88 "-" "Mozilla/5.0 (compatible; SemrushBot/7~bl; +http://www.semrush.com/bot.html)" "wellnessconceptsclinic.com"
185.191.171.42 - - [08/Oct/2022:18:01:53 -0700] "GET /?page_id=68 HTTP/1.1" 200 137644 "-" "Mozilla/5.0 (compatible; SemrushBot/7~bl; +http://www.semrush.com/bot.html)" "wellnessconceptsclinic.com"
167.71.63.47 - - [08/Oct/2022:18:06:24 -0700] "POST /wp-login.php HTTP/1.1" 200 7777 "-" "Mozilla/5.0 (Windows NT 10.0; WOW64) AppleWebKit/537.36 (KHTML, like Gecko) Chrome/47.0.2526.106 Safari/537.36" "wellnessconceptsclinic.com"
10.247.24.101 - - [08/Oct/2022:18:06:31 -0700] "POST /wp-cron.php?doing_wp_cron=1665277591.4941859245300292968750 HTTP/1.1" 200 - "https://wellnessconceptsclinic.com/wp-cron.php?doing_wp_cron=1665277591.4941859245300292968750" "WordPress/5.9.4; https://wellnessconceptsclinic.com" "wellnessconceptsclinic.com"
216.244.66.194 - - [08/Oct/2022:18:10:07 -0700] "GET /robots.txt HTTP/1.1" 404 73 "-" "Mozilla/5.0 (compatible; DotBot/1.2; +https://opensiteexplorer.org/dotbot; help@moz.com)" "wellnessconceptsclinic.com"
161.35.103.104 - - [08/Oct/2022:18:11:25 -0700] "POST /xmlrpc.php HTTP/1.1" 200 401 "-" "Mozilla/5.0 (Windows NT 10.0; Win64; x64; rv:96.0) Gecko/20100101 Firefox/96" "wellnessconceptsclinic.com"
50.81.241.82 - - [08/Oct/2022:18:13:23 -0700] "GET /wp-content/uploads/2021/05/185300231_1124006634769468_196384368853979452_n.jpg HTTP/1.1" 200 146243 "-" "Mozilla/5.0 (iPhone; CPU iPhone OS 15_6_1 like Mac OS X) AppleWebKit/605.1.15 (KHTML, like Gecko) Version/15.6.1 Mobile/15E148 Safari/604.1" "wellnessconceptsclinic.com"
66.220.149.19 - - [08/Oct/2022:18:20:41 -0700] "GET / HTTP/1.1" 200 29588 "-" "facebookexternalhit/1.1 (+http://www.facebook.com/externalhit_uatext.php)" "wellnessconceptsclinic.com"
10.247.24.100 - - [08/Oct/2022:18:20:48 -0700] "POST /wp-cron.php?doing_wp_cron=1665278448.5175170898437500000000 HTTP/1.1" 200 - "https://wellnessconceptsclinic.com/wp-cron.php?doing_wp_cron=1665278448.5175170898437500000000" "WordPress/5.9.4; https://wellnessconceptsclinic.com" "wellnessconceptsclinic.com"
194.242.56.232 - - [08/Oct/2022:18:21:47 -0700] "POST /xmlrpc.php HTTP/1.1" 200 401 "-" "Mozilla/5.0 (Windows NT 10.0; Win64; x64; rv:96.0) Gecko/20100101 Firefox/96" "wellnessconceptsclinic.com"
66.249.64.180 - - [08/Oct/2022:18:24:51 -0700] "GET /robots.txt HTTP/1.1" 404 88 "-" "Mozilla/5.0 (compatible; Googlebot/2.1; +http://www.google.com/bot.html)" "wellnessconceptsclinic.com"
154.202.126.59 - - [08/Oct/2022:18:26:27 -0700] "GET /?page_id=91 HTTP/1.1" 200 134785 "-" "Mozilla/5.0 (X11; Linux x86_64) AppleWebKit/545.44 (KHTML, like Gecko) Chrome/56.0.2043 Safari/537.36" "wellnessconceptsclinic.com"
154.202.126.59 - - [08/Oct/2022:18:26:40 -0700] "GET /?page_id=91%27nvOpzp;%20AND%201=1%20OR%20(%3C%27%22%3EiKO)), HTTP/1.1" 301 - "-" "Mozilla/5.0 (X11; Linux x86_64; rv:89.0) Gecko/20100101 Firefox/89.0" "wellnessconceptsclinic.com"
154.202.126.59 - - [08/Oct/2022:18:26:47 -0700] "GET /?page_id=91%27nvOpzp;%20AND%201=1%20OR%20(%3C%27%22%3EiKO HTTP/1.1" 200 134785 "https://wellnessconceptsclinic.com/?page_id=91%27nvOpzp;%20AND%201=1%20OR%20(%3C%27%22%3EiKO))," "Mozilla/5.0 (X11; Linux x86_64; rv:89.0) Gecko/20100101 Firefox/89.0" "wellnessconceptsclinic.com"
109.248.175.173 - - [08/Oct/2022:18:29:53 -0700] "GET /new.php HTTP/1.1" 404 88 "-" "Mozilla/4.0 (compatible; MSIE 6.0; Windows NT 5.1; SV1)" "wellnessconceptsclinic.com"
65.108.203.159 - - [08/Oct/2022:18:31:23 -0700] "GET /robots.txt HTTP/1.1" 404 73 "-" "Mozilla/5.0 (compatible; MJ12bot/v1.4.8; http://mj12bot.com/)" "www.wellnessconceptsclinic.com"
65.108.203.159 - - [08/Oct/2022:18:31:28 -0700] "GET /robots.txt HTTP/1.1" 404 88 "-" "Mozilla/5.0 (compatible; MJ12bot/v1.4.8; http://mj12bot.com/)" "www.wellnessconceptsclinic.com"
8.210.102.36 - - [08/Oct/2022:18:31:58 -0700] "POST /xmlrpc.php HTTP/1.1" 200 401 "-" "Mozilla/5.0 (Windows NT 10.0; Win64; x64; rv:96.0) Gecko/20100101 Firefox/96" "wellnessconceptsclinic.com"
79.124.8.3 - - [08/Oct/2022:18:32:05 -0700] "GET /wp-login.php HTTP/1.1" 200 7406 "-" "Mozilla/5.0 (compatible; MSIE 9.0; Windows NT 6.1; Trident/5.0)" "wellnessconceptsclinic.com"
173.252.87.20 - - [08/Oct/2022:18:33:36 -0700] "GET / HTTP/1.1" 301 20 "-" "facebookexternalhit/1.1 (+http://www.facebook.com/externalhit_uatext.php)" "www.wellnessconceptsclinic.com"
79.124.8.3 - - [08/Oct/2022:18:34:27 -0700] "GET /wp-content/themes/seotheme/db.php?u HTTP/1.1" 404 88 "www.google.com" "Mozlila/5.0 (Linux; Android 7.0; SM-G892A Bulid/NRD90M; wv) AppleWebKit/537.36 (KHTML, like Gecko) Version/4.0 Chrome/60.0.3112.107 Moblie Safari/537.36" "wellnessconceptsclinic.com"
79.124.8.3 - - [08/Oct/2022:18:34:31 -0700] "GET /wp-content/themes/seotheme/db.php?u HTTP/1.1" 404 88 "www.google.com" "Mozlila/5.0 (Linux; Android 7.0; SM-G892A Bulid/NRD90M; wv) AppleWebKit/537.36 (KHTML, like Gecko) Version/4.0 Chrome/60.0.3112.107 Moblie Safari/537.36" "wellnessconceptsclinic.com"
193.142.147.68 - - [08/Oct/2022:18:39:03 -0700] "GET /wp-content/themes/seotheme/db.php?u HTTP/1.1" 404 88 "www.google.com" "Mozlila/5.0 (Linux; Android 7.0; SM-G892A Bulid/NRD90M; wv) AppleWebKit/537.36 (KHTML, like Gecko) Version/4.0 Chrome/60.0.3112.107 Moblie Safari/537.36" "wellnessconceptsclinic.com"
193.142.147.68 - - [08/Oct/2022:18:39:06 -0700] "GET /wp-content/themes/seotheme/db.php?u HTTP/1.1" 404 88 "www.google.com" "Mozlila/5.0 (Linux; Android 7.0; SM-G892A Bulid/NRD90M; wv) AppleWebKit/537.36 (KHTML, like Gecko) Version/4.0 Chrome/60.0.3112.107 Moblie Safari/537.36" "wellnessconceptsclinic.com"
185.227.153.226 - - [08/Oct/2022:18:39:35 -0700] "GET /wp-admin/css/ HTTP/1.1" 200 1573 "binance.com" "Mozilla/5.0 (Windows NT 10.0; Win64; x64) AppleWebKit/537.36 (KHTML, like Gecko) Chrome/90.0.4430.85 Safari/537.36" "wellnessconceptsclinic.com"
185.227.153.226 - - [08/Oct/2022:18:39:51 -0700] "GET /wp-content/uploads/2022/10/ HTTP/1.1" 200 331 "binance.com" "Mozilla/5.0 (Windows NT 10.0; Win64; x64) AppleWebKit/537.36 (KHTML, like Gecko) Chrome/90.0.4430.85 Safari/537.36" "wellnessconceptsclinic.com"
103.130.218.178 - - [08/Oct/2022:18:39:59 -0700] "POST /wp-login.php HTTP/1.1" 200 7777 "-" "Mozilla/5.0 (Windows NT 10.0; WOW64) AppleWebKit/537.36 (KHTML, like Gecko) Chrome/46.0.2490.80 Safari/537.36" "wellnessconceptsclinic.com"
185.227.153.226 - - [08/Oct/2022:18:40:18 -0700] "GET /wp-content/uploads/2022/09/ HTTP/1.1" 200 1181 "binance.com" "Mozilla/5.0 (Windows NT 10.0; Win64; x64) AppleWebKit/537.36 (KHTML, like Gecko) Chrome/90.0.4430.85 Safari/537.36" "wellnessconceptsclinic.com"
185.227.153.226 - - [08/Oct/2022:18:40:39 -0700] "GET /wp-content/uploads/ HTTP/1.1" 200 393 "binance.com" "Mozilla/5.0 (Windows NT 10.0; Win64; x64) AppleWebKit/537.36 (KHTML, like Gecko) Chrome/90.0.4430.85 Safari/537.36" "wellnessconceptsclinic.com"
185.227.153.226 - - [08/Oct/2022:18:40:50 -0700] "GET /wp-content/upgrade/ HTTP/1.1" 200 324 "binance.com" "Mozilla/5.0 (Windows NT 10.0; Win64; x64) AppleWebKit/537.36 (KHTML, like Gecko) Chrome/90.0.4430.85 Safari/537.36" "wellnessconceptsclinic.com"
185.227.153.226 - - [08/Oct/2022:18:41:07 -0700] "GET /wp-content/languages/ HTTP/1.1" 404 88 "binance.com" "Mozilla/5.0 (Windows NT 10.0; Win64; x64) AppleWebKit/537.36 (KHTML, like Gecko) Chrome/90.0.4430.85 Safari/537.36" "wellnessconceptsclinic.com"
185.227.153.226 - - [08/Oct/2022:18:41:26 -0700] "GET /wp-admin/includes/ HTTP/1.1" 200 2005 "binance.com" "Mozilla/5.0 (Windows NT 10.0; Win64; x64) AppleWebKit/537.36 (KHTML, like Gecko) Chrome/90.0.4430.85 Safari/537.36" "wellnessconceptsclinic.com"
185.227.153.226 - - [08/Oct/2022:18:41:59 -0700] "GET /wp-admin/includes/ HTTP/1.1" 200 2005 "binance.com" "Mozilla/5.0 (Windows NT 10.0; Win64; x64) AppleWebKit/537.36 (KHTML, like Gecko) Chrome/90.0.4430.85 Safari/537.36" "wellnessconceptsclinic.com"
185.227.153.226 - - [08/Oct/2022:18:42:29 -0700] "GET /wp-admin/maint/ HTTP/1.1" 200 371 "binance.com" "Mozilla/5.0 (Windows NT 10.0; Win64; x64) AppleWebKit/537.36 (KHTML, like Gecko) Chrome/90.0.4430.85 Safari/537.36" "wellnessconceptsclinic.com"
185.227.153.226 - - [08/Oct/2022:18:42:45 -0700] "GET /wp-admin/maint/ HTTP/1.1" 200 371 "binance.com" "Mozilla/5.0 (Windows NT 10.0; Win64; x64) AppleWebKit/537.36 (KHTML, like Gecko) Chrome/90.0.4430.85 Safari/537.36" "wellnessconceptsclinic.com"
162.0.216.181 - - [08/Oct/2022:18:42:41 -0700] "POST /xmlrpc.php HTTP/1.1" 200 401 "-" "Mozilla/5.0 (Windows NT 10.0; Win64; x64; rv:96.0) Gecko/20100101 Firefox/96" "wellnessconceptsclinic.com"
185.227.153.226 - - [08/Oct/2022:18:43:00 -0700] "GET /wp-admin/network/ HTTP/1.1" 302 - "binance.com" "Mozilla/5.0 (Windows NT 10.0; Win64; x64) AppleWebKit/537.36 (KHTML, like Gecko) Chrome/90.0.4430.85 Safari/537.36" "wellnessconceptsclinic.com"
185.227.153.226 - - [08/Oct/2022:18:43:07 -0700] "GET /wp-login.php?redirect_to=https%3A%2F%2Fwellnessconceptsclinic.com%2Fwp-admin%2Fnetwork%2F&reauth=1 HTTP/1.1" 200 7417 "binance.com" "Mozilla/5.0 (Windows NT 10.0; Win64; x64) AppleWebKit/537.36 (KHTML, like Gecko) Chrome/90.0.4430.85 Safari/537.36" "wellnessconceptsclinic.com"
185.227.153.226 - - [08/Oct/2022:18:43:31 -0700] "GET /wp-admin/user/ HTTP/1.1" 302 - "binance.com" "Mozilla/5.0 (Windows NT 10.0; Win64; x64) AppleWebKit/537.36 (KHTML, like Gecko) Chrome/90.0.4430.85 Safari/537.36" "wellnessconceptsclinic.com"
185.227.153.226 - - [08/Oct/2022:18:43:37 -0700] "GET /wp-login.php?redirect_to=https%3A%2F%2Fwellnessconceptsclinic.com%2Fwp-admin%2Fuser%2F&reauth=1 HTTP/1.1" 200 7414 "binance.com" "Mozilla/5.0 (Windows NT 10.0; Win64; x64) AppleWebKit/537.36 (KHTML, like Gecko) Chrome/90.0.4430.85 Safari/537.36" "wellnessconceptsclinic.com"
185.227.153.226 - - [08/Oct/2022:18:44:04 -0700] "GET /wp-admin/css/ HTTP/1.1" 200 1573 "binance.com" "Mozilla/5.0 (Windows NT 10.0; Win64; x64) AppleWebKit/537.36 (KHTML, like Gecko) Chrome/90.0.4430.85 Safari/537.36" "wellnessconceptsclinic.com"
185.227.153.226 - - [08/Oct/2022:18:44:34 -0700] "GET /wp-admin/css/colors/ HTTP/1.1" 200 554 "binance.com" "Mozilla/5.0 (Windows NT 10.0; Win64; x64) AppleWebKit/537.36 (KHTML, like Gecko) Chrome/90.0.4430.85 Safari/537.36" "wellnessconceptsclinic.com"
185.227.153.226 - - [08/Oct/2022:18:44:43 -0700] "GET /wp-admin/css/colors/blue/ HTTP/1.1" 200 439 "binance.com" "Mozilla/5.0 (Windows NT 10.0; Win64; x64) AppleWebKit/537.36 (KHTML, like Gecko) Chrome/90.0.4430.85 Safari/537.36" "wellnessconceptsclinic.com"
185.227.153.226 - - [08/Oct/2022:18:44:51 -0700] "GET /wp-admin/css/colors/coffee/ HTTP/1.1" 200 440 "binance.com" "Mozilla/5.0 (Windows NT 10.0; Win64; x64) AppleWebKit/537.36 (KHTML, like Gecko) Chrome/90.0.4430.85 Safari/537.36" "wellnessconceptsclinic.com"
185.227.153.226 - - [08/Oct/2022:18:45:03 -0700] "GET /wp-admin/css/colors/ectoplasm/ HTTP/1.1" 200 442 "binance.com" "Mozilla/5.0 (Windows NT 10.0; Win64; x64) AppleWebKit/537.36 (KHTML, like Gecko) Chrome/90.0.4430.85 Safari/537.36" "wellnessconceptsclinic.com"
185.227.153.226 - - [08/Oct/2022:18:45:20 -0700] "GET /wp-admin/css/colors/light/ HTTP/1.1" 200 441 "binance.com" "Mozilla/5.0 (Windows NT 10.0; Win64; x64) AppleWebKit/537.36 (KHTML, like Gecko) Chrome/90.0.4430.85 Safari/537.36" "wellnessconceptsclinic.com"
185.227.153.226 - - [08/Oct/2022:18:45:38 -0700] "GET /wp-admin/css/colors/midnight/ HTTP/1.1" 200 442 "binance.com" "Mozilla/5.0 (Windows NT 10.0; Win64; x64) AppleWebKit/537.36 (KHTML, like Gecko) Chrome/90.0.4430.85 Safari/537.36" "wellnessconceptsclinic.com"
185.227.153.226 - - [08/Oct/2022:18:45:57 -0700] "GET /wp-admin/css/colors/modern/ HTTP/1.1" 200 440 "binance.com" "Mozilla/5.0 (Windows NT 10.0; Win64; x64) AppleWebKit/537.36 (KHTML, like Gecko) Chrome/90.0.4430.85 Safari/537.36" "wellnessconceptsclinic.com"
185.227.153.226 - - [08/Oct/2022:18:46:09 -0700] "GET /wp-admin/css/colors/ocean/ HTTP/1.1" 200 439 "binance.com" "Mozilla/5.0 (Windows NT 10.0; Win64; x64) AppleWebKit/537.36 (KHTML, like Gecko) Chrome/90.0.4430.85 Safari/537.36" "wellnessconceptsclinic.com"
185.227.153.226 - - [08/Oct/2022:18:46:19 -0700] "GET /wp-admin/css/colors/sunrise/%20 HTTP/1.1" 404 88 "binance.com" "Mozilla/5.0 (Windows NT 10.0; Win64; x64) AppleWebKit/537.36 (KHTML, like Gecko) Chrome/90.0.4430.85 Safari/537.36" "wellnessconceptsclinic.com"
185.227.153.226 - - [08/Oct/2022:18:46:32 -0700] "GET /wp-admin/images/ HTTP/1.1" 200 1477 "binance.com" "Mozilla/5.0 (Windows NT 10.0; Win64; x64) AppleWebKit/537.36 (KHTML, like Gecko) Chrome/90.0.4430.85 Safari/537.36" "wellnessconceptsclinic.com"
185.227.153.226 - - [08/Oct/2022:18:46:55 -0700] "GET /wp-admin/js/ HTTP/1.1" 200 1792 "binance.com" "Mozilla/5.0 (Windows NT 10.0; Win64; x64) AppleWebKit/537.36 (KHTML, like Gecko) Chrome/90.0.4430.85 Safari/537.36" "wellnessconceptsclinic.com"
185.227.153.226 - - [08/Oct/2022:18:47:25 -0700] "GET /wp-admin/js/widgets/ HTTP/1.1" 200 587 "binance.com" "Mozilla/5.0 (Windows NT 10.0; Win64; x64) AppleWebKit/537.36 (KHTML, like Gecko) Chrome/90.0.4430.85 Safari/537.36" "wellnessconceptsclinic.com"
185.227.153.226 - - [08/Oct/2022:18:47:37 -0700] "GET /wp-includes/ HTTP/1.1" 200 3964 "binance.com" "Mozilla/5.0 (Windows NT 10.0; Win64; x64) AppleWebKit/537.36 (KHTML, like Gecko) Chrome/90.0.4430.85 Safari/537.36" "wellnessconceptsclinic.com"
185.227.153.226 - - [08/Oct/2022:18:48:03 -0700] "GET /wp-includes/ HTTP/1.1" 200 3964 "binance.com" "Mozilla/5.0 (Windows NT 10.0; Win64; x64) AppleWebKit/537.36 (KHTML, like Gecko) Chrome/90.0.4430.85 Safari/537.36" "wellnessconceptsclinic.com"
185.227.153.226 - - [08/Oct/2022:18:48:12 -0700] "GET /wp-includes/block-editor.php HTTP/1.1" 200 - "binance.com" "Mozilla/5.0 (Windows NT 10.0; Win64; x64) AppleWebKit/537.36 (KHTML, like Gecko) Chrome/90.0.4430.85 Safari/537.36" "wellnessconceptsclinic.com"
185.227.153.226 - - [08/Oct/2022:18:48:20 -0700] "GET /wp-includes/block-template-utils.php HTTP/1.1" 200 - "binance.com" "Mozilla/5.0 (Windows NT 10.0; Win64; x64) AppleWebKit/537.36 (KHTML, like Gecko) Chrome/90.0.4430.85 Safari/537.36" "wellnessconceptsclinic.com"
185.227.153.226 - - [08/Oct/2022:18:48:26 -0700] "GET /wp-includes/block-template.php HTTP/1.1" 200 - "binance.com" "Mozilla/5.0 (Windows NT 10.0; Win64; x64) AppleWebKit/537.36 (KHTML, like Gecko) Chrome/90.0.4430.85 Safari/537.36" "wellnessconceptsclinic.com"
185.227.153.226 - - [08/Oct/2022:18:48:35 -0700] "GET /wp-includes/class-wp-block-editor-context.php HTTP/1.1" 200 - "binance.com" "Mozilla/5.0 (Windows NT 10.0; Win64; x64) AppleWebKit/537.36 (KHTML, like Gecko) Chrome/90.0.4430.85 Safari/537.36" "wellnessconceptsclinic.com"
185.227.153.226 - - [08/Oct/2022:18:48:45 -0700] "GET /wp-includes/class-wp-block-template.php HTTP/1.1" 200 - "binance.com" "Mozilla/5.0 (Windows NT 10.0; Win64; x64) AppleWebKit/537.36 (KHTML, like Gecko) Chrome/90.0.4430.85 Safari/537.36" "wellnessconceptsclinic.com"
185.227.153.226 - - [08/Oct/2022:18:49:03 -0700] "GET /wp-includes/class-wp-http.php HTTP/1.1" 500 - "binance.com" "Mozilla/5.0 (Windows NT 10.0; Win64; x64) AppleWebKit/537.36 (KHTML, like Gecko) Chrome/90.0.4430.85 Safari/537.36" "wellnessconceptsclinic.com"
185.227.153.226 - - [08/Oct/2022:18:49:27 -0700] "GET /wp-includes/class-wp-theme-json-resolver.php HTTP/1.1" 200 - "binance.com" "Mozilla/5.0 (Windows NT 10.0; Win64; x64) AppleWebKit/537.36 (KHTML, like Gecko) Chrome/90.0.4430.85 Safari/537.36" "wellnessconceptsclinic.com"
79.124.8.3 - - [08/Oct/2022:18:49:23 -0700] "GET /wp-login.php HTTP/1.1" 200 7406 "-" "Mozilla/5.0 (compatible; MSIE 9.0; Windows NT 6.1; Trident/5.0)" "wellnessconceptsclinic.com"
185.227.153.226 - - [08/Oct/2022:18:49:46 -0700] "GET /wp-includes/class-wp-theme-json-schema.php HTTP/1.1" 200 - "binance.com" "Mozilla/5.0 (Windows NT 10.0; Win64; x64) AppleWebKit/537.36 (KHTML, like Gecko) Chrome/90.0.4430.85 Safari/537.36" "wellnessconceptsclinic.com"
185.227.153.226 - - [08/Oct/2022:18:50:02 -0700] "GET /wp-includes/class-wp-theme-json.php HTTP/1.1" 200 - "binance.com" "Mozilla/5.0 (Windows NT 10.0; Win64; x64) AppleWebKit/537.36 (KHTML, like Gecko) Chrome/90.0.4430.85 Safari/537.36" "wellnessconceptsclinic.com"
79.124.8.3 - - [08/Oct/2022:18:50:48 -0700] "POST /wp-login.php HTTP/1.1" 200 7777 "-" "Mozilla/5.0 (Windows NT 6.1; WOW64) AppleWebKit/537.36 (KHTML, like Gecko) Chrome/56.0.2924.90 Safari/537.36 2345Explorer/9.3.2.17331" "wellnessconceptsclinic.com"
79.124.8.3 - - [08/Oct/2022:18:50:54 -0700] "POST /wp-login.php HTTP/1.1" 200 7794 "-" "Mozilla/5.0 (Windows NT 6.1; WOW64) AppleWebKit/537.36 (KHTML, like Gecko) Chrome/56.0.2924.90 Safari/537.36 2345Explorer/9.3.2.17331" "wellnessconceptsclinic.com"
79.124.8.3 - - [08/Oct/2022:18:51:00 -0700] "POST /wp-login.php HTTP/1.1" 200 7833 "-" "Mozilla/5.0 (Windows NT 6.1; WOW64) AppleWebKit/537.36 (KHTML, like Gecko) Chrome/56.0.2924.90 Safari/537.36 2345Explorer/9.3.2.17331" "wellnessconceptsclinic.com"
79.124.8.3 - - [08/Oct/2022:18:51:05 -0700] "POST /wp-login.php HTTP/1.1" 200 7795 "-" "Mozilla/5.0 (Windows NT 6.1; WOW64) AppleWebKit/537.36 (KHTML, like Gecko) Chrome/56.0.2924.90 Safari/537.36 2345Explorer/9.3.2.17331" "wellnessconceptsclinic.com"
79.124.8.3 - - [08/Oct/2022:18:51:18 -0700] "POST /wp-login.php HTTP/1.1" 200 7833 "-" "Mozilla/5.0 (Windows NT 6.1; WOW64) AppleWebKit/537.36 (KHTML, like Gecko) Chrome/56.0.2924.90 Safari/537.36 2345Explorer/9.3.2.17331" "wellnessconceptsclinic.com"
79.124.8.3 - - [08/Oct/2022:18:51:24 -0700] "POST /wp-login.php HTTP/1.1" 200 7833 "-" "Mozilla/5.0 (Windows NT 6.1; WOW64) AppleWebKit/537.36 (KHTML, like Gecko) Chrome/56.0.2924.90 Safari/537.36 2345Explorer/9.3.2.17331" "wellnessconceptsclinic.com"
79.124.8.3 - - [08/Oct/2022:18:51:29 -0700] "POST /wp-login.php HTTP/1.1" 200 7833 "-" "Mozilla/5.0 (Windows NT 6.1; WOW64) AppleWebKit/537.36 (KHTML, like Gecko) Chrome/56.0.2924.90 Safari/537.36 2345Explorer/9.3.2.17331" "wellnessconceptsclinic.com"
79.124.8.3 - - [08/Oct/2022:18:51:35 -0700] "POST /wp-login.php HTTP/1.1" 200 7833 "-" "Mozilla/5.0 (Windows NT 6.1; WOW64) AppleWebKit/537.36 (KHTML, like Gecko) Chrome/56.0.2924.90 Safari/537.36 2345Explorer/9.3.2.17331" "wellnessconceptsclinic.com"
79.124.8.3 - - [08/Oct/2022:18:51:41 -0700] "POST /wp-login.php HTTP/1.1" 200 7833 "-" "Mozilla/5.0 (Windows NT 6.1; WOW64) AppleWebKit/537.36 (KHTML, like Gecko) Chrome/56.0.2924.90 Safari/537.36 2345Explorer/9.3.2.17331" "wellnessconceptsclinic.com"
40.77.167.52 - - [08/Oct/2022:18:51:51 -0700] "GET /wellness/wp-config-sample.php HTTP/1.1" 500 251 "-" "Mozilla/5.0 AppleWebKit/537.36 (KHTML, like Gecko; compatible; bingbot/2.0; +http://www.bing.com/bingbot.htm) Chrome/103.0.5060.134 Safari/537.36" "wellnessconceptsclinic.com"
79.124.8.3 - - [08/Oct/2022:18:51:46 -0700] "POST /wp-login.php HTTP/1.1" 200 7833 "-" "Mozilla/5.0 (Windows NT 6.1; WOW64) AppleWebKit/537.36 (KHTML, like Gecko) Chrome/56.0.2924.90 Safari/537.36 2345Explorer/9.3.2.17331" "wellnessconceptsclinic.com"
79.124.8.3 - - [08/Oct/2022:18:51:52 -0700] "POST /wp-login.php HTTP/1.1" 200 7833 "-" "Mozilla/5.0 (Windows NT 6.1; WOW64) AppleWebKit/537.36 (KHTML, like Gecko) Chrome/56.0.2924.90 Safari/537.36 2345Explorer/9.3.2.17331" "wellnessconceptsclinic.com"
79.124.8.3 - - [08/Oct/2022:18:51:58 -0700] "POST /wp-login.php HTTP/1.1" 200 7833 "-" "Mozilla/5.0 (Windows NT 6.1; WOW64) AppleWebKit/537.36 (KHTML, like Gecko) Chrome/56.0.2924.90 Safari/537.36 2345Explorer/9.3.2.17331" "wellnessconceptsclinic.com"
79.124.8.3 - - [08/Oct/2022:18:52:05 -0700] "POST /wp-login.php HTTP/1.1" 200 7833 "-" "Mozilla/5.0 (Windows NT 6.1; WOW64) AppleWebKit/537.36 (KHTML, like Gecko) Chrome/56.0.2924.90 Safari/537.36 2345Explorer/9.3.2.17331" "wellnessconceptsclinic.com"
79.124.8.3 - - [08/Oct/2022:18:52:11 -0700] "POST /wp-login.php HTTP/1.1" 200 7833 "-" "Mozilla/5.0 (Windows NT 6.1; WOW64) AppleWebKit/537.36 (KHTML, like Gecko) Chrome/56.0.2924.90 Safari/537.36 2345Explorer/9.3.2.17331" "wellnessconceptsclinic.com"
79.124.8.3 - - [08/Oct/2022:18:52:17 -0700] "POST /wp-login.php HTTP/1.1" 200 7833 "-" "Mozilla/5.0 (Windows NT 6.1; WOW64) AppleWebKit/537.36 (KHTML, like Gecko) Chrome/56.0.2924.90 Safari/537.36 2345Explorer/9.3.2.17331" "wellnessconceptsclinic.com"
79.124.8.3 - - [08/Oct/2022:18:52:23 -0700] "POST /wp-login.php HTTP/1.1" 200 7833 "-" "Mozilla/5.0 (Windows NT 6.1; WOW64) AppleWebKit/537.36 (KHTML, like Gecko) Chrome/56.0.2924.90 Safari/537.36 2345Explorer/9.3.2.17331" "wellnessconceptsclinic.com"
79.124.8.3 - - [08/Oct/2022:18:52:28 -0700] "POST /wp-login.php HTTP/1.1" 200 7833 "-" "Mozilla/5.0 (Windows NT 6.1; WOW64) AppleWebKit/537.36 (KHTML, like Gecko) Chrome/56.0.2924.90 Safari/537.36 2345Explorer/9.3.2.17331" "wellnessconceptsclinic.com"
79.124.8.3 - - [08/Oct/2022:18:52:34 -0700] "POST /wp-login.php HTTP/1.1" 200 7833 "-" "Mozilla/5.0 (Windows NT 6.1; WOW64) AppleWebKit/537.36 (KHTML, like Gecko) Chrome/56.0.2924.90 Safari/537.36 2345Explorer/9.3.2.17331" "wellnessconceptsclinic.com"
193.142.146.138 - - [08/Oct/2022:18:52:43 -0700] "GET /wp-content/themes/seotheme/db.php?u HTTP/1.1" 404 88 "www.google.com" "Mozlila/5.0 (Linux; Android 7.0; SM-G892A Bulid/NRD90M; wv) AppleWebKit/537.36 (KHTML, like Gecko) Version/4.0 Chrome/60.0.3112.107 Moblie Safari/537.36" "wellnessconceptsclinic.com"
185.227.153.226 - - [08/Oct/2022:18:52:46 -0700] "GET /wp-includes/global-styles-and-settings.php HTTP/1.1" 200 - "binance.com" "Mozilla/5.0 (Windows NT 10.0; Win64; x64) AppleWebKit/537.36 (KHTML, like Gecko) Chrome/90.0.4430.85 Safari/537.36" "wellnessconceptsclinic.com"
193.142.146.138 - - [08/Oct/2022:18:52:47 -0700] "GET /wp-content/themes/seotheme/db.php?u HTTP/1.1" 404 88 "www.google.com" "Mozlila/5.0 (Linux; Android 7.0; SM-G892A Bulid/NRD90M; wv) AppleWebKit/537.36 (KHTML, like Gecko) Version/4.0 Chrome/60.0.3112.107 Moblie Safari/537.36" "wellnessconceptsclinic.com"
79.124.8.3 - - [08/Oct/2022:18:52:46 -0700] "POST /wp-login.php HTTP/1.1" 200 7833 "-" "Mozilla/5.0 (Windows NT 6.1; WOW64) AppleWebKit/537.36 (KHTML, like Gecko) Chrome/56.0.2924.90 Safari/537.36 2345Explorer/9.3.2.17331" "wellnessconceptsclinic.com"
79.124.8.3 - - [08/Oct/2022:18:52:52 -0700] "POST /wp-login.php HTTP/1.1" 200 7833 "-" "Mozilla/5.0 (Windows NT 6.1; WOW64) AppleWebKit/537.36 (KHTML, like Gecko) Chrome/56.0.2924.90 Safari/537.36 2345Explorer/9.3.2.17331" "wellnessconceptsclinic.com"
79.124.8.3 - - [08/Oct/2022:18:52:59 -0700] "POST /wp-login.php HTTP/1.1" 200 7833 "-" "Mozilla/5.0 (Windows NT 6.1; WOW64) AppleWebKit/537.36 (KHTML, like Gecko) Chrome/56.0.2924.90 Safari/537.36 2345Explorer/9.3.2.17331" "wellnessconceptsclinic.com"
79.124.8.3 - - [08/Oct/2022:18:53:04 -0700] "POST /wp-login.php HTTP/1.1" 200 7833 "-" "Mozilla/5.0 (Windows NT 6.1; WOW64) AppleWebKit/537.36 (KHTML, like Gecko) Chrome/56.0.2924.90 Safari/537.36 2345Explorer/9.3.2.17331" "wellnessconceptsclinic.com"
79.124.8.3 - - [08/Oct/2022:18:53:10 -0700] "POST /wp-login.php HTTP/1.1" 200 7833 "-" "Mozilla/5.0 (Windows NT 6.1; WOW64) AppleWebKit/537.36 (KHTML, like Gecko) Chrome/56.0.2924.90 Safari/537.36 2345Explorer/9.3.2.17331" "wellnessconceptsclinic.com"
120.24.52.65 - - [08/Oct/2022:18:53:11 -0700] "POST /xmlrpc.php HTTP/1.1" 200 401 "-" "Mozilla/5.0 (Windows NT 10.0; Win64; x64; rv:96.0) Gecko/20100101 Firefox/96" "wellnessconceptsclinic.com"
79.124.8.3 - - [08/Oct/2022:18:53:16 -0700] "POST /wp-login.php HTTP/1.1" 200 7833 "-" "Mozilla/5.0 (Windows NT 6.1; WOW64) AppleWebKit/537.36 (KHTML, like Gecko) Chrome/56.0.2924.90 Safari/537.36 2345Explorer/9.3.2.17331" "wellnessconceptsclinic.com"
79.124.8.3 - - [08/Oct/2022:18:53:21 -0700] "POST /wp-login.php HTTP/1.1" 200 7833 "-" "Mozilla/5.0 (Windows NT 6.1; WOW64) AppleWebKit/537.36 (KHTML, like Gecko) Chrome/56.0.2924.90 Safari/537.36 2345Explorer/9.3.2.17331" "wellnessconceptsclinic.com"
79.124.8.3 - - [08/Oct/2022:18:53:27 -0700] "POST /wp-login.php HTTP/1.1" 200 7833 "-" "Mozilla/5.0 (Windows NT 6.1; WOW64) AppleWebKit/537.36 (KHTML, like Gecko) Chrome/56.0.2924.90 Safari/537.36 2345Explorer/9.3.2.17331" "wellnessconceptsclinic.com"
185.227.153.226 - - [08/Oct/2022:18:53:32 -0700] "GET /wp-includes/https-detection.php HTTP/1.1" 200 - "binance.com" "Mozilla/5.0 (Windows NT 10.0; Win64; x64) AppleWebKit/537.36 (KHTML, like Gecko) Chrome/90.0.4430.85 Safari/537.36" "wellnessconceptsclinic.com"
79.124.8.3 - - [08/Oct/2022:18:53:32 -0700] "POST /wp-login.php HTTP/1.1" 200 7833 "-" "Mozilla/5.0 (Windows NT 6.1; WOW64) AppleWebKit/537.36 (KHTML, like Gecko) Chrome/56.0.2924.90 Safari/537.36 2345Explorer/9.3.2.17331" "wellnessconceptsclinic.com"
79.124.8.3 - - [08/Oct/2022:18:53:37 -0700] "POST /wp-login.php HTTP/1.1" 200 7833 "-" "Mozilla/5.0 (Windows NT 6.1; WOW64) AppleWebKit/537.36 (KHTML, like Gecko) Chrome/56.0.2924.90 Safari/537.36 2345Explorer/9.3.2.17331" "wellnessconceptsclinic.com"
79.124.8.3 - - [08/Oct/2022:18:53:43 -0700] "POST /wp-login.php HTTP/1.1" 200 7833 "-" "Mozilla/5.0 (Windows NT 6.1; WOW64) AppleWebKit/537.36 (KHTML, like Gecko) Chrome/56.0.2924.90 Safari/537.36 2345Explorer/9.3.2.17331" "wellnessconceptsclinic.com"
79.124.8.3 - - [08/Oct/2022:18:53:49 -0700] "POST /wp-login.php HTTP/1.1" 200 7833 "-" "Mozilla/5.0 (Windows NT 6.1; WOW64) AppleWebKit/537.36 (KHTML, like Gecko) Chrome/56.0.2924.90 Safari/537.36 2345Explorer/9.3.2.17331" "wellnessconceptsclinic.com"
185.227.153.226 - - [08/Oct/2022:18:54:01 -0700] "GET /wp-includes/https-migration.php HTTP/1.1" 200 - "binance.com" "Mozilla/5.0 (Windows NT 10.0; Win64; x64) AppleWebKit/537.36 (KHTML, like Gecko) Chrome/90.0.4430.85 Safari/537.36" "wellnessconceptsclinic.com"
79.124.8.3 - - [08/Oct/2022:18:54:02 -0700] "POST /wp-login.php HTTP/1.1" 200 7833 "-" "Mozilla/5.0 (Windows NT 6.1; WOW64) AppleWebKit/537.36 (KHTML, like Gecko) Chrome/56.0.2924.90 Safari/537.36 2345Explorer/9.3.2.17331" "wellnessconceptsclinic.com"
79.124.8.3 - - [08/Oct/2022:18:54:08 -0700] "POST /wp-login.php HTTP/1.1" 200 7833 "-" "Mozilla/5.0 (Windows NT 6.1; WOW64) AppleWebKit/537.36 (KHTML, like Gecko) Chrome/56.0.2924.90 Safari/537.36 2345Explorer/9.3.2.17331" "wellnessconceptsclinic.com"
185.227.153.226 - - [08/Oct/2022:18:54:19 -0700] "GET /wp-includes/robots-template.php HTTP/1.1" 200 - "binance.com" "Mozilla/5.0 (Windows NT 10.0; Win64; x64) AppleWebKit/537.36 (KHTML, like Gecko) Chrome/90.0.4430.85 Safari/537.36" "wellnessconceptsclinic.com"
79.124.8.3 - - [08/Oct/2022:18:54:14 -0700] "POST /wp-login.php HTTP/1.1" 200 7833 "-" "Mozilla/5.0 (Windows NT 6.1; WOW64) AppleWebKit/537.36 (KHTML, like Gecko) Chrome/56.0.2924.90 Safari/537.36 2345Explorer/9.3.2.17331" "wellnessconceptsclinic.com"
79.124.8.3 - - [08/Oct/2022:18:54:24 -0700] "POST /wp-login.php HTTP/1.1" 200 7833 "-" "Mozilla/5.0 (Windows NT 6.1; WOW64) AppleWebKit/537.36 (KHTML, like Gecko) Chrome/56.0.2924.90 Safari/537.36 2345Explorer/9.3.2.17331" "wellnessconceptsclinic.com"
79.124.8.3 - - [08/Oct/2022:18:54:29 -0700] "POST /wp-login.php HTTP/1.1" 200 7833 "-" "Mozilla/5.0 (Windows NT 6.1; WOW64) AppleWebKit/537.36 (KHTML, like Gecko) Chrome/56.0.2924.90 Safari/537.36 2345Explorer/9.3.2.17331" "wellnessconceptsclinic.com"
79.124.8.3 - - [08/Oct/2022:18:54:35 -0700] "POST /wp-login.php HTTP/1.1" 500 4957 "-" "Mozilla/5.0 (Windows NT 6.1; WOW64) AppleWebKit/537.36 (KHTML, like Gecko) Chrome/56.0.2924.90 Safari/537.36 2345Explorer/9.3.2.17331" "wellnessconceptsclinic.com"
79.124.8.3 - - [08/Oct/2022:18:54:35 -0700] "POST /wp-login.php HTTP/1.1" 200 7833 "-" "Mozilla/5.0 (Windows NT 6.1; WOW64) AppleWebKit/537.36 (KHTML, like Gecko) Chrome/56.0.2924.90 Safari/537.36 2345Explorer/9.3.2.17331" "wellnessconceptsclinic.com"
185.227.153.226 - - [08/Oct/2022:18:54:41 -0700] "GET /wp-includes/template-canvas.php HTTP/1.1" 500 - "binance.com" "Mozilla/5.0 (Windows NT 10.0; Win64; x64) AppleWebKit/537.36 (KHTML, like Gecko) Chrome/90.0.4430.85 Safari/537.36" "wellnessconceptsclinic.com"
79.124.8.3 - - [08/Oct/2022:18:54:41 -0700] "POST /wp-login.php HTTP/1.1" 200 7833 "-" "Mozilla/5.0 (Windows NT 6.1; WOW64) AppleWebKit/537.36 (KHTML, like Gecko) Chrome/56.0.2924.90 Safari/537.36 2345Explorer/9.3.2.17331" "wellnessconceptsclinic.com"
79.124.8.3 - - [08/Oct/2022:18:54:47 -0700] "POST /wp-login.php HTTP/1.1" 200 7833 "-" "Mozilla/5.0 (Windows NT 6.1; WOW64) AppleWebKit/537.36 (KHTML, like Gecko) Chrome/56.0.2924.90 Safari/537.36 2345Explorer/9.3.2.17331" "wellnessconceptsclinic.com"
79.124.8.3 - - [08/Oct/2022:18:54:54 -0700] "POST /wp-login.php HTTP/1.1" 200 7833 "-" "Mozilla/5.0 (Windows NT 6.1; WOW64) AppleWebKit/537.36 (KHTML, like Gecko) Chrome/56.0.2924.90 Safari/537.36 2345Explorer/9.3.2.17331" "wellnessconceptsclinic.com"
79.124.8.3 - - [08/Oct/2022:18:54:59 -0700] "POST /wp-login.php HTTP/1.1" 200 7833 "-" "Mozilla/5.0 (Windows NT 6.1; WOW64) AppleWebKit/537.36 (KHTML, like Gecko) Chrome/56.0.2924.90 Safari/537.36 2345Explorer/9.3.2.17331" "wellnessconceptsclinic.com"
79.124.8.3 - - [08/Oct/2022:18:55:04 -0700] "POST /wp-login.php HTTP/1.1" 200 7833 "-" "Mozilla/5.0 (Windows NT 6.1; WOW64) AppleWebKit/537.36 (KHTML, like Gecko) Chrome/56.0.2924.90 Safari/537.36 2345Explorer/9.3.2.17331" "wellnessconceptsclinic.com"
79.124.8.3 - - [08/Oct/2022:18:55:09 -0700] "POST /wp-login.php HTTP/1.1" 500 4957 "-" "Mozilla/5.0 (Windows NT 6.1; WOW64) AppleWebKit/537.36 (KHTML, like Gecko) Chrome/56.0.2924.90 Safari/537.36 2345Explorer/9.3.2.17331" "wellnessconceptsclinic.com"
79.124.8.3 - - [08/Oct/2022:18:55:10 -0700] "POST /wp-login.php HTTP/1.1" 200 7833 "-" "Mozilla/5.0 (Windows NT 6.1; WOW64) AppleWebKit/537.36 (KHTML, like Gecko) Chrome/56.0.2924.90 Safari/537.36 2345Explorer/9.3.2.17331" "wellnessconceptsclinic.com"
79.124.8.3 - - [08/Oct/2022:18:55:15 -0700] "POST /wp-login.php HTTP/1.1" 500 4957 "-" "Mozilla/5.0 (Windows NT 6.1; WOW64) AppleWebKit/537.36 (KHTML, like Gecko) Chrome/56.0.2924.90 Safari/537.36 2345Explorer/9.3.2.17331" "wellnessconceptsclinic.com"
79.124.8.3 - - [08/Oct/2022:18:55:15 -0700] "POST /wp-login.php HTTP/1.1" 500 4957 "-" "Mozilla/5.0 (Windows NT 6.1; WOW64) AppleWebKit/537.36 (KHTML, like Gecko) Chrome/56.0.2924.90 Safari/537.36 2345Explorer/9.3.2.17331" "wellnessconceptsclinic.com"
185.227.153.226 - - [08/Oct/2022:18:55:16 -0700] "GET /wp-includes/theme-templates.php HTTP/1.1" 200 - "binance.com" "Mozilla/5.0 (Windows NT 10.0; Win64; x64) AppleWebKit/537.36 (KHTML, like Gecko) Chrome/90.0.4430.85 Safari/537.36" "wellnessconceptsclinic.com"
185.227.153.226 - - [08/Oct/2022:18:55:33 -0700] "GET /wp-includes/ID3/ HTTP/1.1" 200 711 "binance.com" "Mozilla/5.0 (Windows NT 10.0; Win64; x64) AppleWebKit/537.36 (KHTML, like Gecko) Chrome/90.0.4430.85 Safari/537.36" "wellnessconceptsclinic.com"
185.227.153.226 - - [08/Oct/2022:18:55:49 -0700] "GET /wp-includes/ID3/ HTTP/1.1" 200 711 "binance.com" "Mozilla/5.0 (Windows NT 10.0; Win64; x64) AppleWebKit/537.36 (KHTML, like Gecko) Chrome/90.0.4430.85 Safari/537.36" "wellnessconceptsclinic.com"
185.227.153.226 - - [08/Oct/2022:18:56:00 -0700] "GET /wp-includes/IXR/ HTTP/1.1" 200 574 "binance.com" "Mozilla/5.0 (Windows NT 10.0; Win64; x64) AppleWebKit/537.36 (KHTML, like Gecko) Chrome/90.0.4430.85 Safari/537.36" "wellnessconceptsclinic.com"
185.227.153.226 - - [08/Oct/2022:18:56:13 -0700] "GET /wp-includes/IXR/ HTTP/1.1" 200 574 "binance.com" "Mozilla/5.0 (Windows NT 10.0; Win64; x64) AppleWebKit/537.36 (KHTML, like Gecko) Chrome/90.0.4430.85 Safari/537.36" "wellnessconceptsclinic.com"
185.227.153.226 - - [08/Oct/2022:18:56:27 -0700] "GET /wp-includes/PHPMailer/ HTTP/1.1" 200 416 "binance.com" "Mozilla/5.0 (Windows NT 10.0; Win64; x64) AppleWebKit/537.36 (KHTML, like Gecko) Chrome/90.0.4430.85 Safari/537.36" "wellnessconceptsclinic.com"
185.227.153.226 - - [08/Oct/2022:18:56:59 -0700] "GET /wp-includes/PHPMailer/ HTTP/1.1" 200 416 "binance.com" "Mozilla/5.0 (Windows NT 10.0; Win64; x64) AppleWebKit/537.36 (KHTML, like Gecko) Chrome/90.0.4430.85 Safari/537.36" "wellnessconceptsclinic.com"
79.124.8.3 - - [08/Oct/2022:18:57:30 -0700] "GET /wp-login.php HTTP/1.1" 500 4957 "-" "Mozilla/5.0 (compatible; MSIE 9.0; Windows NT 6.1; Trident/5.0)" "wellnessconceptsclinic.com"
185.227.153.226 - - [08/Oct/2022:18:57:45 -0700] "GET /wp-includes/Text/ HTTP/1.1" 200 407 "binance.com" "Mozilla/5.0 (Windows NT 10.0; Win64; x64) AppleWebKit/537.36 (KHTML, like Gecko) Chrome/90.0.4430.85 Safari/537.36" "wellnessconceptsclinic.com"
185.227.153.226 - - [08/Oct/2022:18:57:57 -0700] "GET /wp-includes/Text/ HTTP/1.1" 200 407 "binance.com" "Mozilla/5.0 (Windows NT 10.0; Win64; x64) AppleWebKit/537.36 (KHTML, like Gecko) Chrome/90.0.4430.85 Safari/537.36" "wellnessconceptsclinic.com"
185.227.153.226 - - [08/Oct/2022:18:58:05 -0700] "GET /wp-includes/Text/Diff/ HTTP/1.1" 200 419 "binance.com" "Mozilla/5.0 (Windows NT 10.0; Win64; x64) AppleWebKit/537.36 (KHTML, like Gecko) Chrome/90.0.4430.85 Safari/537.36" "wellnessconceptsclinic.com"
185.227.153.226 - - [08/Oct/2022:18:58:15 -0700] "GET /wp-includes/Text/Diff/ HTTP/1.1" 200 419 "binance.com" "Mozilla/5.0 (Windows NT 10.0; Win64; x64) AppleWebKit/537.36 (KHTML, like Gecko) Chrome/90.0.4430.85 Safari/537.36" "wellnessconceptsclinic.com"
88.214.43.118 - - [08/Oct/2022:18:58:19 -0700] "GET /phpinfo HTTP/1.1" 404 88 "-" "Mozilla/5.0 (X11; Linux x86_64) AppleWebKit/537.36 (KHTML, like Gecko) Chrome/81.0.4044.129 Safari/537.36" "wellnessconceptsclinic.com"
185.227.153.226 - - [08/Oct/2022:18:58:29 -0700] "GET /wp-includes/Text/Diff/Engine/ HTTP/1.1" 200 449 "binance.com" "Mozilla/5.0 (Windows NT 10.0; Win64; x64) AppleWebKit/537.36 (KHTML, like Gecko) Chrome/90.0.4430.85 Safari/537.36" "wellnessconceptsclinic.com"
185.227.153.226 - - [08/Oct/2022:18:58:35 -0700] "GET /wp-includes/Text/Diff/Engine/ HTTP/1.1" 200 449 "binance.com" "Mozilla/5.0 (Windows NT 10.0; Win64; x64) AppleWebKit/537.36 (KHTML, like Gecko) Chrome/90.0.4430.85 Safari/537.36" "wellnessconceptsclinic.com"
185.227.153.226 - - [08/Oct/2022:18:58:44 -0700] "GET /wp-includes/Text/Diff/Renderer/ HTTP/1.1" 200 387 "binance.com" "Mozilla/5.0 (Windows NT 10.0; Win64; x64) AppleWebKit/537.36 (KHTML, like Gecko) Chrome/90.0.4430.85 Safari/537.36" "wellnessconceptsclinic.com"
185.227.153.226 - - [08/Oct/2022:18:58:51 -0700] "GET /wp-includes/Text/Diff/Renderer/ HTTP/1.1" 200 387 "binance.com" "Mozilla/5.0 (Windows NT 10.0; Win64; x64) AppleWebKit/537.36 (KHTML, like Gecko) Chrome/90.0.4430.85 Safari/537.36" "wellnessconceptsclinic.com"
185.227.153.226 - - [08/Oct/2022:18:59:02 -0700] "GET /wp-includes/blocks/ HTTP/1.1" 500 - "binance.com" "Mozilla/5.0 (Windows NT 10.0; Win64; x64) AppleWebKit/537.36 (KHTML, like Gecko) Chrome/90.0.4430.85 Safari/537.36" "wellnessconceptsclinic.com"
185.227.153.226 - - [08/Oct/2022:18:59:08 -0700] "GET /wp-includes/pomo/ HTTP/1.1" 200 472 "binance.com" "Mozilla/5.0 (Windows NT 10.0; Win64; x64) AppleWebKit/537.36 (KHTML, like Gecko) Chrome/90.0.4430.85 Safari/537.36" "wellnessconceptsclinic.com"
185.227.153.226 - - [08/Oct/2022:18:59:12 -0700] "GET /wp-includes/pomo/ HTTP/1.1" 200 472 "binance.com" "Mozilla/5.0 (Windows NT 10.0; Win64; x64) AppleWebKit/537.36 (KHTML, like Gecko) Chrome/90.0.4430.85 Safari/537.36" "wellnessconceptsclinic.com"
185.227.153.226 - - [08/Oct/2022:18:59:20 -0700] "GET /wp-includes/sitemaps/ HTTP/1.1" 200 507 "binance.com" "Mozilla/5.0 (Windows NT 10.0; Win64; x64) AppleWebKit/537.36 (KHTML, like Gecko) Chrome/90.0.4430.85 Safari/537.36" "wellnessconceptsclinic.com"
185.227.153.226 - - [08/Oct/2022:18:59:26 -0700] "GET /wp-includes/sitemaps/ HTTP/1.1" 200 507 "binance.com" "Mozilla/5.0 (Windows NT 10.0; Win64; x64) AppleWebKit/537.36 (KHTML, like Gecko) Chrome/90.0.4430.85 Safari/537.36" "wellnessconceptsclinic.com"
185.227.153.226 - - [08/Oct/2022:18:59:38 -0700] "GET /wp-includes/sitemaps/providers/ HTTP/1.1" 200 437 "binance.com" "Mozilla/5.0 (Windows NT 10.0; Win64; x64) AppleWebKit/537.36 (KHTML, like Gecko) Chrome/90.0.4430.85 Safari/537.36" "wellnessconceptsclinic.com"
185.227.153.226 - - [08/Oct/2022:18:59:50 -0700] "GET /wp-includes/sitemaps/providers/ HTTP/1.1" 200 437 "binance.com" "Mozilla/5.0 (Windows NT 10.0; Win64; x64) AppleWebKit/537.36 (KHTML, like Gecko) Chrome/90.0.4430.85 Safari/537.36" "wellnessconceptsclinic.com"
185.227.153.226 - - [08/Oct/2022:19:00:03 -0700] "GET /wp-includes/widgets/ HTTP/1.1" 200 668 "binance.com" "Mozilla/5.0 (Windows NT 10.0; Win64; x64) AppleWebKit/537.36 (KHTML, like Gecko) Chrome/90.0.4430.85 Safari/537.36" "wellnessconceptsclinic.com"
185.227.153.226 - - [08/Oct/2022:19:00:10 -0700] "GET /wp-includes/widgets/ HTTP/1.1" 200 668 "binance.com" "Mozilla/5.0 (Windows NT 10.0; Win64; x64) AppleWebKit/537.36 (KHTML, like Gecko) Chrome/90.0.4430.85 Safari/537.36" "wellnessconceptsclinic.com"
185.227.153.226 - - [08/Oct/2022:19:00:18 -0700] "GET /wp-includes/widgets/class-wp-widget-block.php HTTP/1.1" 500 - "binance.com" "Mozilla/5.0 (Windows NT 10.0; Win64; x64) AppleWebKit/537.36 (KHTML, like Gecko) Chrome/90.0.4430.85 Safari/537.36" "wellnessconceptsclinic.com"
185.227.153.226 - - [08/Oct/2022:19:00:30 -0700] "GET /wp-includes/css/ HTTP/1.1" 200 923 "binance.com" "Mozilla/5.0 (Windows NT 10.0; Win64; x64) AppleWebKit/537.36 (KHTML, like Gecko) Chrome/90.0.4430.85 Safari/537.36" "wellnessconceptsclinic.com"
185.227.153.226 - - [08/Oct/2022:19:00:42 -0700] "GET /wp-includes/css/dist/ HTTP/1.1" 200 559 "binance.com" "Mozilla/5.0 (Windows NT 10.0; Win64; x64) AppleWebKit/537.36 (KHTML, like Gecko) Chrome/90.0.4430.85 Safari/537.36" "wellnessconceptsclinic.com"
185.227.153.226 - - [08/Oct/2022:19:00:51 -0700] "GET /wp-includes/fonts/ HTTP/1.1" 200 457 "binance.com" "Mozilla/5.0 (Windows NT 10.0; Win64; x64) AppleWebKit/537.36 (KHTML, like Gecko) Chrome/90.0.4430.85 Safari/537.36" "wellnessconceptsclinic.com"
185.227.153.226 - - [08/Oct/2022:19:01:00 -0700] "GET /wp-includes/images/ HTTP/1.1" 200 836 "binance.com" "Mozilla/5.0 (Windows NT 10.0; Win64; x64) AppleWebKit/537.36 (KHTML, like Gecko) Chrome/90.0.4430.85 Safari/537.36" "wellnessconceptsclinic.com"
185.227.153.226 - - [08/Oct/2022:19:01:10 -0700] "GET /wp-includes/images/crystal/ HTTP/1.1" 200 547 "binance.com" "Mozilla/5.0 (Windows NT 10.0; Win64; x64) AppleWebKit/537.36 (KHTML, like Gecko) Chrome/90.0.4430.85 Safari/537.36" "wellnessconceptsclinic.com"
185.227.153.226 - - [08/Oct/2022:19:01:36 -0700] "GET /wp-includes/images/media/ HTTP/1.1" 200 516 "binance.com" "Mozilla/5.0 (Windows NT 10.0; Win64; x64) AppleWebKit/537.36 (KHTML, like Gecko) Chrome/90.0.4430.85 Safari/537.36" "wellnessconceptsclinic.com"
