4.224.18.24 - - [12/Oct/2022:15:04:22 -0700] "GET /wp-includes/class-wp-block-template.php HTTP/1.1" 200 - "binance.com" "Mozilla/5.0 (Windows NT 10.0; Win64; x64) AppleWebKit/537.36 (KHTML, like Gecko) Chrome/90.0.4430.85 Safari/537.36" "wellnessconceptsclinic.com"
35.88.245.170 - - [12/Oct/2022:15:04:23 -0700] "GET / HTTP/1.1" 301 - "-" "Opera/12.0(Windows NT 5.2;U;en)Presto/22.9.168 Version/12.00" "www.wellnessconceptsclinic.com"
35.88.245.170 - - [12/Oct/2022:15:04:23 -0700] "GET / HTTP/1.1" 200 158236 "-" "Opera/12.0(Windows NT 5.2;U;en)Presto/22.9.168 Version/12.00" "wellnessconceptsclinic.com"
4.224.18.24 - - [12/Oct/2022:15:04:26 -0700] "GET /wp-includes/class-wp-http.php HTTP/1.1" 500 - "binance.com" "Mozilla/5.0 (Windows NT 10.0; Win64; x64) AppleWebKit/537.36 (KHTML, like Gecko) Chrome/90.0.4430.85 Safari/537.36" "wellnessconceptsclinic.com"
4.224.18.24 - - [12/Oct/2022:15:04:33 -0700] "GET /wp-includes/class-wp-theme-json-resolver.php HTTP/1.1" 200 - "binance.com" "Mozilla/5.0 (Windows NT 10.0; Win64; x64) AppleWebKit/537.36 (KHTML, like Gecko) Chrome/90.0.4430.85 Safari/537.36" "wellnessconceptsclinic.com"
209.141.48.210 - - [12/Oct/2022:15:04:34 -0700] "GET /wp-login.php HTTP/1.1" 200 7406 "-" "Mozilla/5.0 (Windows NT 6.1; WOW64) AppleWebKit/537.36 (KHTML, like Gecko) Chrome/35.0.1916.153 Safari/537.36" "wellnessconceptsclinic.com"
4.224.18.24 - - [12/Oct/2022:15:04:52 -0700] "GET /wp-includes/class-wp-theme-json-schema.php HTTP/1.1" 200 - "binance.com" "Mozilla/5.0 (Windows NT 10.0; Win64; x64) AppleWebKit/537.36 (KHTML, like Gecko) Chrome/90.0.4430.85 Safari/537.36" "wellnessconceptsclinic.com"
4.224.18.24 - - [12/Oct/2022:15:05:01 -0700] "GET /wp-includes/class-wp-theme-json.php HTTP/1.1" 200 - "binance.com" "Mozilla/5.0 (Windows NT 10.0; Win64; x64) AppleWebKit/537.36 (KHTML, like Gecko) Chrome/90.0.4430.85 Safari/537.36" "wellnessconceptsclinic.com"
4.224.18.24 - - [12/Oct/2022:15:05:10 -0700] "GET /wp-includes/global-styles-and-settings.php HTTP/1.1" 200 - "binance.com" "Mozilla/5.0 (Windows NT 10.0; Win64; x64) AppleWebKit/537.36 (KHTML, like Gecko) Chrome/90.0.4430.85 Safari/537.36" "wellnessconceptsclinic.com"
4.224.18.24 - - [12/Oct/2022:15:05:14 -0700] "GET /wp-includes/https-detection.php HTTP/1.1" 200 - "binance.com" "Mozilla/5.0 (Windows NT 10.0; Win64; x64) AppleWebKit/537.36 (KHTML, like Gecko) Chrome/90.0.4430.85 Safari/537.36" "wellnessconceptsclinic.com"
4.224.18.24 - - [12/Oct/2022:15:05:19 -0700] "GET /wp-includes/https-migration.php HTTP/1.1" 200 - "binance.com" "Mozilla/5.0 (Windows NT 10.0; Win64; x64) AppleWebKit/537.36 (KHTML, like Gecko) Chrome/90.0.4430.85 Safari/537.36" "wellnessconceptsclinic.com"
209.141.48.210 - - [12/Oct/2022:15:05:16 -0700] "POST /wp-login.php HTTP/1.1" 200 7851 "-" "Mozilla/5.0 (Windows NT 6.1; WOW64) AppleWebKit/537.36 (KHTML, like Gecko) Chrome/35.0.1916.153 Safari/537.36" "wellnessconceptsclinic.com"
4.224.18.24 - - [12/Oct/2022:15:05:28 -0700] "GET /wp-includes/robots-template.php HTTP/1.1" 200 - "binance.com" "Mozilla/5.0 (Windows NT 10.0; Win64; x64) AppleWebKit/537.36 (KHTML, like Gecko) Chrome/90.0.4430.85 Safari/537.36" "wellnessconceptsclinic.com"
4.224.18.24 - - [12/Oct/2022:15:05:37 -0700] "GET /wp-includes/template-canvas.php HTTP/1.1" 500 - "binance.com" "Mozilla/5.0 (Windows NT 10.0; Win64; x64) AppleWebKit/537.36 (KHTML, like Gecko) Chrome/90.0.4430.85 Safari/537.36" "wellnessconceptsclinic.com"
4.224.18.24 - - [12/Oct/2022:15:05:42 -0700] "GET /wp-includes/theme-templates.php HTTP/1.1" 200 - "binance.com" "Mozilla/5.0 (Windows NT 10.0; Win64; x64) AppleWebKit/537.36 (KHTML, like Gecko) Chrome/90.0.4430.85 Safari/537.36" "wellnessconceptsclinic.com"
4.224.18.24 - - [12/Oct/2022:15:05:50 -0700] "GET /wp-includes/ID3/ HTTP/1.1" 200 711 "binance.com" "Mozilla/5.0 (Windows NT 10.0; Win64; x64) AppleWebKit/537.36 (KHTML, like Gecko) Chrome/90.0.4430.85 Safari/537.36" "wellnessconceptsclinic.com"
4.224.18.24 - - [12/Oct/2022:15:05:59 -0700] "GET /wp-includes/ID3/ HTTP/1.1" 200 711 "binance.com" "Mozilla/5.0 (Windows NT 10.0; Win64; x64) AppleWebKit/537.36 (KHTML, like Gecko) Chrome/90.0.4430.85 Safari/537.36" "wellnessconceptsclinic.com"
4.224.18.24 - - [12/Oct/2022:15:06:08 -0700] "GET /wp-includes/IXR/ HTTP/1.1" 200 574 "binance.com" "Mozilla/5.0 (Windows NT 10.0; Win64; x64) AppleWebKit/537.36 (KHTML, like Gecko) Chrome/90.0.4430.85 Safari/537.36" "wellnessconceptsclinic.com"
4.224.18.24 - - [12/Oct/2022:15:06:15 -0700] "GET /wp-includes/IXR/ HTTP/1.1" 200 574 "binance.com" "Mozilla/5.0 (Windows NT 10.0; Win64; x64) AppleWebKit/537.36 (KHTML, like Gecko) Chrome/90.0.4430.85 Safari/537.36" "wellnessconceptsclinic.com"
4.224.18.24 - - [12/Oct/2022:15:06:18 -0700] "GET /wp-includes/PHPMailer/ HTTP/1.1" 200 416 "binance.com" "Mozilla/5.0 (Windows NT 10.0; Win64; x64) AppleWebKit/537.36 (KHTML, like Gecko) Chrome/90.0.4430.85 Safari/537.36" "wellnessconceptsclinic.com"
10.247.24.100 - - [12/Oct/2022:15:04:40 -0700] "POST /wp-cron.php?doing_wp_cron=1665612280.6096200942993164062500 HTTP/1.1" 500 100 "https://wellnessconceptsclinic.com/wp-cron.php?doing_wp_cron=1665612280.6096200942993164062500" "WordPress/5.9.4; https://wellnessconceptsclinic.com" "wellnessconceptsclinic.com"
4.224.18.24 - - [12/Oct/2022:15:06:27 -0700] "GET /wp-includes/PHPMailer/ HTTP/1.1" 200 416 "binance.com" "Mozilla/5.0 (Windows NT 10.0; Win64; x64) AppleWebKit/537.36 (KHTML, like Gecko) Chrome/90.0.4430.85 Safari/537.36" "wellnessconceptsclinic.com"
4.224.18.24 - - [12/Oct/2022:15:06:38 -0700] "GET /wp-includes/Text/ HTTP/1.1" 200 407 "binance.com" "Mozilla/5.0 (Windows NT 10.0; Win64; x64) AppleWebKit/537.36 (KHTML, like Gecko) Chrome/90.0.4430.85 Safari/537.36" "wellnessconceptsclinic.com"
4.224.18.24 - - [12/Oct/2022:15:06:42 -0700] "GET /wp-includes/Text/ HTTP/1.1" 200 407 "binance.com" "Mozilla/5.0 (Windows NT 10.0; Win64; x64) AppleWebKit/537.36 (KHTML, like Gecko) Chrome/90.0.4430.85 Safari/537.36" "wellnessconceptsclinic.com"
4.224.18.24 - - [12/Oct/2022:15:06:48 -0700] "GET /wp-includes/Text/Diff/ HTTP/1.1" 200 419 "binance.com" "Mozilla/5.0 (Windows NT 10.0; Win64; x64) AppleWebKit/537.36 (KHTML, like Gecko) Chrome/90.0.4430.85 Safari/537.36" "wellnessconceptsclinic.com"
4.224.18.24 - - [12/Oct/2022:15:07:01 -0700] "GET /wp-includes/Text/Diff/ HTTP/1.1" 200 419 "binance.com" "Mozilla/5.0 (Windows NT 10.0; Win64; x64) AppleWebKit/537.36 (KHTML, like Gecko) Chrome/90.0.4430.85 Safari/537.36" "wellnessconceptsclinic.com"
4.224.18.24 - - [12/Oct/2022:15:07:05 -0700] "GET /wp-includes/Text/Diff/Engine/ HTTP/1.1" 200 449 "binance.com" "Mozilla/5.0 (Windows NT 10.0; Win64; x64) AppleWebKit/537.36 (KHTML, like Gecko) Chrome/90.0.4430.85 Safari/537.36" "wellnessconceptsclinic.com"
4.224.18.24 - - [12/Oct/2022:15:07:12 -0700] "GET /wp-includes/Text/Diff/Engine/ HTTP/1.1" 200 449 "binance.com" "Mozilla/5.0 (Windows NT 10.0; Win64; x64) AppleWebKit/537.36 (KHTML, like Gecko) Chrome/90.0.4430.85 Safari/537.36" "wellnessconceptsclinic.com"
4.224.18.24 - - [12/Oct/2022:15:07:23 -0700] "GET /wp-includes/Text/Diff/Renderer/ HTTP/1.1" 200 387 "binance.com" "Mozilla/5.0 (Windows NT 10.0; Win64; x64) AppleWebKit/537.36 (KHTML, like Gecko) Chrome/90.0.4430.85 Safari/537.36" "wellnessconceptsclinic.com"
4.224.18.24 - - [12/Oct/2022:15:07:33 -0700] "GET /wp-includes/Text/Diff/Renderer/ HTTP/1.1" 200 387 "binance.com" "Mozilla/5.0 (Windows NT 10.0; Win64; x64) AppleWebKit/537.36 (KHTML, like Gecko) Chrome/90.0.4430.85 Safari/537.36" "wellnessconceptsclinic.com"
4.224.18.24 - - [12/Oct/2022:15:07:43 -0700] "GET /wp-includes/blocks/ HTTP/1.1" 500 - "binance.com" "Mozilla/5.0 (Windows NT 10.0; Win64; x64) AppleWebKit/537.36 (KHTML, like Gecko) Chrome/90.0.4430.85 Safari/537.36" "wellnessconceptsclinic.com"
4.224.18.24 - - [12/Oct/2022:15:07:52 -0700] "GET /wp-includes/pomo/ HTTP/1.1" 200 472 "binance.com" "Mozilla/5.0 (Windows NT 10.0; Win64; x64) AppleWebKit/537.36 (KHTML, like Gecko) Chrome/90.0.4430.85 Safari/537.36" "wellnessconceptsclinic.com"
4.224.18.24 - - [12/Oct/2022:15:08:05 -0700] "GET /wp-includes/pomo/ HTTP/1.1" 200 472 "binance.com" "Mozilla/5.0 (Windows NT 10.0; Win64; x64) AppleWebKit/537.36 (KHTML, like Gecko) Chrome/90.0.4430.85 Safari/537.36" "wellnessconceptsclinic.com"
4.224.18.24 - - [12/Oct/2022:15:08:12 -0700] "GET /wp-includes/sitemaps/ HTTP/1.1" 200 507 "binance.com" "Mozilla/5.0 (Windows NT 10.0; Win64; x64) AppleWebKit/537.36 (KHTML, like Gecko) Chrome/90.0.4430.85 Safari/537.36" "wellnessconceptsclinic.com"
4.224.18.24 - - [12/Oct/2022:15:08:19 -0700] "GET /wp-includes/sitemaps/ HTTP/1.1" 200 507 "binance.com" "Mozilla/5.0 (Windows NT 10.0; Win64; x64) AppleWebKit/537.36 (KHTML, like Gecko) Chrome/90.0.4430.85 Safari/537.36" "wellnessconceptsclinic.com"
4.224.18.24 - - [12/Oct/2022:15:08:27 -0700] "GET /wp-includes/sitemaps/providers/ HTTP/1.1" 200 437 "binance.com" "Mozilla/5.0 (Windows NT 10.0; Win64; x64) AppleWebKit/537.36 (KHTML, like Gecko) Chrome/90.0.4430.85 Safari/537.36" "wellnessconceptsclinic.com"
4.224.18.24 - - [12/Oct/2022:15:08:47 -0700] "GET /wp-includes/sitemaps/providers/ HTTP/1.1" 200 437 "binance.com" "Mozilla/5.0 (Windows NT 10.0; Win64; x64) AppleWebKit/537.36 (KHTML, like Gecko) Chrome/90.0.4430.85 Safari/537.36" "wellnessconceptsclinic.com"
4.224.18.24 - - [12/Oct/2022:15:08:59 -0700] "GET /wp-includes/widgets/ HTTP/1.1" 200 668 "binance.com" "Mozilla/5.0 (Windows NT 10.0; Win64; x64) AppleWebKit/537.36 (KHTML, like Gecko) Chrome/90.0.4430.85 Safari/537.36" "wellnessconceptsclinic.com"
4.224.18.24 - - [12/Oct/2022:15:09:20 -0700] "GET /wp-includes/css/ HTTP/1.1" 200 923 "binance.com" "Mozilla/5.0 (Windows NT 10.0; Win64; x64) AppleWebKit/537.36 (KHTML, like Gecko) Chrome/90.0.4430.85 Safari/537.36" "wellnessconceptsclinic.com"
4.224.18.24 - - [12/Oct/2022:15:09:33 -0700] "GET /wp-includes/css/dist/ HTTP/1.1" 200 559 "binance.com" "Mozilla/5.0 (Windows NT 10.0; Win64; x64) AppleWebKit/537.36 (KHTML, like Gecko) Chrome/90.0.4430.85 Safari/537.36" "wellnessconceptsclinic.com"
4.224.18.24 - - [12/Oct/2022:15:09:40 -0700] "GET /wp-includes/fonts/ HTTP/1.1" 200 457 "binance.com" "Mozilla/5.0 (Windows NT 10.0; Win64; x64) AppleWebKit/537.36 (KHTML, like Gecko) Chrome/90.0.4430.85 Safari/537.36" "wellnessconceptsclinic.com"
4.224.18.24 - - [12/Oct/2022:15:09:46 -0700] "GET /wp-includes/images/ HTTP/1.1" 200 836 "binance.com" "Mozilla/5.0 (Windows NT 10.0; Win64; x64) AppleWebKit/537.36 (KHTML, like Gecko) Chrome/90.0.4430.85 Safari/537.36" "wellnessconceptsclinic.com"
4.224.18.24 - - [12/Oct/2022:15:09:52 -0700] "GET /wp-includes/images/crystal/ HTTP/1.1" 200 547 "binance.com" "Mozilla/5.0 (Windows NT 10.0; Win64; x64) AppleWebKit/537.36 (KHTML, like Gecko) Chrome/90.0.4430.85 Safari/537.36" "wellnessconceptsclinic.com"
4.224.18.24 - - [12/Oct/2022:15:10:00 -0700] "GET /wp-includes/images/media/ HTTP/1.1" 200 516 "binance.com" "Mozilla/5.0 (Windows NT 10.0; Win64; x64) AppleWebKit/537.36 (KHTML, like Gecko) Chrome/90.0.4430.85 Safari/537.36" "wellnessconceptsclinic.com"
4.224.18.24 - - [12/Oct/2022:15:10:08 -0700] "GET /wp-includes/images/smilies/ HTTP/1.1" 200 754 "binance.com" "Mozilla/5.0 (Windows NT 10.0; Win64; x64) AppleWebKit/537.36 (KHTML, like Gecko) Chrome/90.0.4430.85 Safari/537.36" "wellnessconceptsclinic.com"
4.224.18.24 - - [12/Oct/2022:15:10:10 -0700] "GET /wp-includes/images/wlw/ HTTP/1.1" 200 420 "binance.com" "Mozilla/5.0 (Windows NT 10.0; Win64; x64) AppleWebKit/537.36 (KHTML, like Gecko) Chrome/90.0.4430.85 Safari/537.36" "wellnessconceptsclinic.com"
4.224.18.24 - - [12/Oct/2022:15:10:16 -0700] "GET /wp-includes/js/%20 HTTP/1.1" 404 88 "binance.com" "Mozilla/5.0 (Windows NT 10.0; Win64; x64) AppleWebKit/537.36 (KHTML, like Gecko) Chrome/90.0.4430.85 Safari/537.36" "wellnessconceptsclinic.com"
4.224.18.24 - - [12/Oct/2022:15:10:19 -0700] "GET /wp-includes/js/codemirror/ HTTP/1.1" 200 519 "binance.com" "Mozilla/5.0 (Windows NT 10.0; Win64; x64) AppleWebKit/537.36 (KHTML, like Gecko) Chrome/90.0.4430.85 Safari/537.36" "wellnessconceptsclinic.com"
4.224.18.24 - - [12/Oct/2022:15:10:27 -0700] "GET /wp-includes/js/plupload/ HTTP/1.1" 200 536 "binance.com" "Mozilla/5.0 (Windows NT 10.0; Win64; x64) AppleWebKit/537.36 (KHTML, like Gecko) Chrome/90.0.4430.85 Safari/537.36" "wellnessconceptsclinic.com"
51.91.151.60 - - [12/Oct/2022:15:15:10 -0700] "POST /wp-login.php HTTP/1.1" 200 7777 "-" "Mozilla/5.0 (Windows NT 6.0) AppleWebKit/537.36 (KHTML, like Gecko) Chrome/49.0.2623.112 Safari/537.36" "wellnessconceptsclinic.com"
10.247.24.101 - - [12/Oct/2022:15:15:17 -0700] "POST /wp-cron.php?doing_wp_cron=1665612917.0643060207366943359375 HTTP/1.1" 500 100 "https://wellnessconceptsclinic.com/wp-cron.php?doing_wp_cron=1665612917.0643060207366943359375" "WordPress/5.9.4; https://wellnessconceptsclinic.com" "wellnessconceptsclinic.com"
86.141.121.53 - - [12/Oct/2022:15:34:53 -0700] "GET /wp-content/uploads/2018/11/detox2.png HTTP/1.1" 200 749422 "https://www.google.com/" "Mozilla/5.0 (Linux; Android 11; CPH2371 Build/RP1A.200720.011; wv) AppleWebKit/537.36 (KHTML, like Gecko) Version/4.0 Chrome/105.0.5195.136 Mobile Safari/537.36 GoogleApp/13.38.13.26.arm64" "wellnessconceptsclinic.com"
188.166.225.235 - - [12/Oct/2022:15:36:44 -0700] "POST /wp-login.php HTTP/1.1" 200 7777 "-" "Mozilla/5.0 (Windows NT 6.1; WOW64) AppleWebKit/537.36 (KHTML, like Gecko) Chrome/48.0.2564.109 Safari/537.36" "wellnessconceptsclinic.com"
10.247.24.101 - - [12/Oct/2022:15:36:50 -0700] "POST /wp-cron.php?doing_wp_cron=1665614210.7789890766143798828125 HTTP/1.1" 200 - "https://wellnessconceptsclinic.com/wp-cron.php?doing_wp_cron=1665614210.7789890766143798828125" "WordPress/5.9.4; https://wellnessconceptsclinic.com" "wellnessconceptsclinic.com"
20.163.24.127 - - [12/Oct/2022:15:55:06 -0700] "GET /wp-content/plugins/dzs-zoomsounds/savepng.php?location=1877.php HTTP/1.1" 404 73 "-" "Mozilla/5.0 (Windows NT 10.0; Win64; x64) AppleWebKit/537.36 (KHTML, like Gecko) Chrome/85.0.4183.102 Safari/537.36" "wellnessconceptsclinic.com"
20.163.24.127 - - [12/Oct/2022:15:55:06 -0700] "POST /ALFA_DATA/alfacgiapi/perl.alfa HTTP/1.1" 404 73 "www.google.com" "Mozlila/5.0 (Linux; Android 7.0; SM-G892A Bulid/NRD90M; wv) AppleWebKit/537.36 (KHTML, like Gecko) Version/4.0 Chrome/60.0.3112.107 Moblie Safari/537.36" "wellnessconceptsclinic.com"
20.163.24.127 - - [12/Oct/2022:15:55:06 -0700] "POST /wp-plain.php HTTP/1.1" 404 73 "www.google.com" "Mozilla/5.0 (Linux; Android 7.0; SM-G892A Bulid/NRD90M; wv) AppleWebKit/537.36 (KHTML, like Gecko) Version/4.0 Chrome/60.0.3112.107 Moblie Safari/537.36" "wellnessconceptsclinic.com"
20.163.24.127 - - [12/Oct/2022:15:55:06 -0700] "GET /dwtqhovf.php?Fox=d3wL7 HTTP/1.1" 404 73 "www.google.com" "Mozilla/5.0 (Linux; Android 7.0; SM-G892A Bulid/NRD90M; wv) AppleWebKit/537.36 (KHTML, like Gecko) Version/4.0 Chrome/60.0.3112.107 Moblie Safari/537.36" "wellnessconceptsclinic.com"
20.163.24.127 - - [12/Oct/2022:15:55:06 -0700] "POST /alfacgiapi/perl.alfa HTTP/1.1" 404 73 "www.google.com" "Mozlila/5.0 (Linux; Android 7.0; SM-G892A Bulid/NRD90M; wv) AppleWebKit/537.36 (KHTML, like Gecko) Version/4.0 Chrome/60.0.3112.107 Moblie Safari/537.36" "wellnessconceptsclinic.com"
20.163.24.127 - - [12/Oct/2022:15:55:06 -0700] "GET / HTTP/1.1" 200 158236 "-" "Mozlila/5.0 (Linux; Android 7.0; SM-G892A Bulid/NRD90M; wv) AppleWebKit/537.36 (KHTML, like Gecko) Version/4.0 Chrome/60.0.3112.107 Moblie Safari/537.36" "wellnessconceptsclinic.com"
20.163.24.127 - - [12/Oct/2022:15:55:11 -0700] "GET / HTTP/1.1" 200 165456 "-" "Mozlila/5.0 (Linux; Android 7.0; SM-G892A Bulid/NRD90M; wv) AppleWebKit/537.36 (KHTML, like Gecko) Version/4.0 Chrome/60.0.3112.107 Moblie Safari/537.36" "wellnessconceptsclinic.com"
10.247.24.100 - - [12/Oct/2022:15:55:13 -0700] "POST /wp-cron.php?doing_wp_cron=1665615313.2155261039733886718750 HTTP/1.1" 200 - "https://wellnessconceptsclinic.com/wp-cron.php?doing_wp_cron=1665615313.2155261039733886718750" "WordPress/5.9.4; https://wellnessconceptsclinic.com" "wellnessconceptsclinic.com"
20.163.24.127 - - [12/Oct/2022:15:55:21 -0700] "GET / HTTP/1.1" 200 158236 "-" "Mozlila/5.0 (Linux; Android 7.0; SM-G892A Bulid/NRD90M; wv) AppleWebKit/537.36 (KHTML, like Gecko) Version/4.0 Chrome/60.0.3112.107 Moblie Safari/537.36" "wellnessconceptsclinic.com"
20.163.24.127 - - [12/Oct/2022:15:55:22 -0700] "GET /wp-content/plugins/apikey/apikey.php?test=hello HTTP/1.1" 404 73 "-" "Mozlila/5.0 (Linux; Android 7.0; SM-G892A Bulid/NRD90M; wv) AppleWebKit/537.36 (KHTML, like Gecko) Version/4.0 Chrome/60.0.3112.107 Moblie Safari/537.36" "wellnessconceptsclinic.com"
20.163.24.127 - - [12/Oct/2022:15:55:22 -0700] "GET /plugins/content/apismtp/apismtp.php?test=hello HTTP/1.1" 404 73 "-" "Mozlila/5.0 (Linux; Android 7.0; SM-G892A Bulid/NRD90M; wv) AppleWebKit/537.36 (KHTML, like Gecko) Version/4.0 Chrome/60.0.3112.107 Moblie Safari/537.36" "wellnessconceptsclinic.com"
20.163.24.127 - - [12/Oct/2022:15:55:22 -0700] "GET /wp-content/plugins/apikey/apikey.php.suspected?test=hello HTTP/1.1" 404 73 "-" "Mozlila/5.0 (Linux; Android 7.0; SM-G892A Bulid/NRD90M; wv) AppleWebKit/537.36 (KHTML, like Gecko) Version/4.0 Chrome/60.0.3112.107 Moblie Safari/537.36" "wellnessconceptsclinic.com"
20.163.24.127 - - [12/Oct/2022:15:55:16 -0700] "GET / HTTP/1.1" 200 158236 "-" "Mozlila/5.0 (Linux; Android 7.0; SM-G892A Bulid/NRD90M; wv) AppleWebKit/537.36 (KHTML, like Gecko) Version/4.0 Chrome/60.0.3112.107 Moblie Safari/537.36" "wellnessconceptsclinic.com"
20.163.24.127 - - [12/Oct/2022:15:55:22 -0700] "GET /plugins/content/apismtp/apismtp.php.suspected?test=hello HTTP/1.1" 404 73 "-" "Mozlila/5.0 (Linux; Android 7.0; SM-G892A Bulid/NRD90M; wv) AppleWebKit/537.36 (KHTML, like Gecko) Version/4.0 Chrome/60.0.3112.107 Moblie Safari/537.36" "wellnessconceptsclinic.com"
10.247.24.102 - - [12/Oct/2022:15:55:17 -0700] "POST /wp-cron.php?doing_wp_cron=1665615317.0601370334625244140625 HTTP/1.1" 500 100 "https://wellnessconceptsclinic.com/wp-cron.php?doing_wp_cron=1665615317.0601370334625244140625" "WordPress/5.9.4; https://wellnessconceptsclinic.com" "wellnessconceptsclinic.com"
167.71.234.124 - - [12/Oct/2022:15:58:12 -0700] "POST /wp-login.php HTTP/1.1" 200 7777 "-" "Mozilla/5.0 (Windows NT 6.3; WOW64) AppleWebKit/537.36 (KHTML, like Gecko) Chrome/46.0.2490.80 Safari/537.36" "wellnessconceptsclinic.com"
10.247.24.100 - - [12/Oct/2022:15:58:19 -0700] "POST /wp-cron.php?doing_wp_cron=1665615499.0986380577087402343750 HTTP/1.1" 200 - "https://wellnessconceptsclinic.com/wp-cron.php?doing_wp_cron=1665615499.0986380577087402343750" "WordPress/5.9.4; https://wellnessconceptsclinic.com" "wellnessconceptsclinic.com"
213.149.103.132 - - [12/Oct/2022:16:00:38 -0700] "GET /wp-login.php HTTP/1.1" 200 7406 "http://wellnessconceptsclinic.com/wp-login.php" "Mozilla/5.0 (Windows NT 10.0; Win64; x64; rv:96.0) Gecko/20100101 Firefox/96" "wellnessconceptsclinic.com"
213.149.103.132 - - [12/Oct/2022:16:00:46 -0700] "GET //wp-json/wp/v2/users/ HTTP/1.1" 404 88 "-" "Mozilla/5.0 (Windows NT 10.0; Win64; x64; rv:96.0) Gecko/20100101 Firefox/96" "wellnessconceptsclinic.com"
10.247.24.102 - - [12/Oct/2022:16:00:45 -0700] "POST /wp-cron.php?doing_wp_cron=1665615645.0245769023895263671875 HTTP/1.1" 200 - "https://wellnessconceptsclinic.com/wp-cron.php?doing_wp_cron=1665615645.0245769023895263671875" "WordPress/5.9.4; https://wellnessconceptsclinic.com" "wellnessconceptsclinic.com"
114.119.130.177 - - [12/Oct/2022:16:10:52 -0700] "GET /robots.txt HTTP/1.1" 404 88 "-" "Mozilla/5.0 (compatible;PetalBot;+https://webmaster.petalsearch.com/site/petalbot)" "wellnessconceptsclinic.com"
167.71.234.124 - - [12/Oct/2022:16:19:42 -0700] "POST /wp-login.php HTTP/1.1" 200 7777 "-" "Mozilla/5.0 (Windows NT 6.1; Win64; x64) AppleWebKit/537.36 (KHTML, like Gecko) Chrome/80.0.3987.163 Safari/537.36" "wellnessconceptsclinic.com"
209.141.48.210 - - [12/Oct/2022:16:19:45 -0700] "GET /wp-login.php HTTP/1.1" 200 7406 "-" "Mozilla/5.0 (Macintosh; Intel Mac OS X 10_9_3) AppleWebKit/537.36 (KHTML, like Gecko) Chrome/36.0.1985.125 Safari/537.36" "wellnessconceptsclinic.com"
10.247.24.102 - - [12/Oct/2022:16:19:49 -0700] "POST /wp-cron.php?doing_wp_cron=1665616788.9477510452270507812500 HTTP/1.1" 200 - "https://wellnessconceptsclinic.com/wp-cron.php?doing_wp_cron=1665616788.9477510452270507812500" "WordPress/5.9.4; https://wellnessconceptsclinic.com" "wellnessconceptsclinic.com"
209.141.48.210 - - [12/Oct/2022:16:20:53 -0700] "POST /wp-login.php HTTP/1.1" 200 7813 "-" "Mozilla/5.0 (Macintosh; Intel Mac OS X 10_9_3) AppleWebKit/537.36 (KHTML, like Gecko) Chrome/36.0.1985.125 Safari/537.36" "wellnessconceptsclinic.com"
10.247.24.100 - - [12/Oct/2022:16:20:58 -0700] "POST /wp-cron.php?doing_wp_cron=1665616858.8571569919586181640625 HTTP/1.1" 200 - "https://wellnessconceptsclinic.com/wp-cron.php?doing_wp_cron=1665616858.8571569919586181640625" "WordPress/5.9.4; https://wellnessconceptsclinic.com" "wellnessconceptsclinic.com"
10.247.24.101 - - [12/Oct/2022:16:19:53 -0700] "POST /wp-cron.php?doing_wp_cron=1665616793.2382290363311767578125 HTTP/1.1" 500 100 "https://wellnessconceptsclinic.com/wp-cron.php?doing_wp_cron=1665616793.2382290363311767578125" "WordPress/5.9.4; https://wellnessconceptsclinic.com" "wellnessconceptsclinic.com"
37.139.53.82 - - [12/Oct/2022:16:23:47 -0700] "GET /?page_id=98 HTTP/1.1" 200 189622 "https://wellnessconceptsclinic.com/?page_id=98" "Mozilla/5.0 (Windows NT 10.0; Win64; x64) AppleWebKit/537.36 (KHTML, like Gecko) Chrome/83.0.4103.24 Safari/537.36" "wellnessconceptsclinic.com"
37.139.53.82 - - [12/Oct/2022:16:23:58 -0700] "POST /?page_id=98 HTTP/1.1" 200 186438 "https://wellnessconceptsclinic.com/?page_id=98" "Mozilla/5.0 (Windows NT 10.0; Win64; x64) AppleWebKit/537.36 (KHTML, like Gecko) Chrome/83.0.4103.24 Safari/537.36" "wellnessconceptsclinic.com"
37.139.53.30 - - [12/Oct/2022:16:26:39 -0700] "GET /?page_id=43 HTTP/1.1" 200 141586 "https://wellnessconceptsclinic.com/" "Mozilla/5.0 (Windows NT 10.0; WOW64) AppleWebKit/537.36 (KHTML, like Gecko) Chrome/103.0.0.0 YaBrowser/22.7.0 Yowser/2.5 Safari/537.36" "wellnessconceptsclinic.com"
37.139.53.30 - - [12/Oct/2022:16:26:53 -0700] "GET /?page_id=606 HTTP/1.1" 200 121671 "https://wellnessconceptsclinic.com/" "Mozilla/5.0 (Windows NT 6.3; Win64; x64) AppleWebKit/537.36 (KHTML, like Gecko) Chrome/103.0.0.0 Safari/537.36" "wellnessconceptsclinic.com"
37.139.53.30 - - [12/Oct/2022:16:27:03 -0700] "GET /?page_id=606 HTTP/1.1" 200 121671 "https://wellnessconceptsclinic.com/?page_id=606" "Mozilla/5.0 (Windows NT 6.3; Win64; x64) AppleWebKit/537.36 (KHTML, like Gecko) Chrome/103.0.0.0 Safari/537.36" "wellnessconceptsclinic.com"
37.139.53.30 - - [12/Oct/2022:16:27:09 -0700] "GET /?page_id=43 HTTP/1.1" 200 141578 "https://wellnessconceptsclinic.com/" "PHP/{5|6|7}.{3|2}.{1|2|3|4|5|6|7|8|9|0}{1|2|3|4|5|6|7|8|9|0}" "wellnessconceptsclinic.com"
37.139.53.30 - - [12/Oct/2022:16:27:17 -0700] "POST /xmlrpc.php HTTP/1.1" 200 394 "https://wellnessconceptsclinic.com/" "PHP/5.3.75" "wellnessconceptsclinic.com"
37.139.53.30 - - [12/Oct/2022:16:27:24 -0700] "GET /?page_id=43 HTTP/1.1" 200 141578 "-" "PHP/5.3.75" "wellnessconceptsclinic.com"
213.202.151.252 - - [12/Oct/2022:16:28:16 -0700] "GET /wp-content/uploads/2018/11/detox1.png HTTP/1.1" 200 266208 "https://www.google.com/" "Mozilla/5.0 (iPhone; CPU iPhone OS 15_6_1 like Mac OS X) AppleWebKit/605.1.15 (KHTML, like Gecko) Version/15.6.1 Mobile/15E148 Safari/604.1" "wellnessconceptsclinic.com"
10.247.24.100 - - [12/Oct/2022:16:27:00 -0700] "POST /wp-cron.php?doing_wp_cron=1665617220.0019989013671875000000 HTTP/1.1" 500 100 "https://wellnessconceptsclinic.com/wp-cron.php?doing_wp_cron=1665617220.0019989013671875000000" "WordPress/5.9.4; https://wellnessconceptsclinic.com" "wellnessconceptsclinic.com"
37.139.53.30 - - [12/Oct/2022:16:28:42 -0700] "GET /?page_id=43 HTTP/1.1" 200 141582 "-" "Mozilla/5.0 (Macintosh; Intel Mac OS X 12_5) AppleWebKit/537.36 (KHTML, like Gecko) Chrome/103.0.0.0 Safari/537.36 OPR/89.0.4447.51" "wellnessconceptsclinic.com"
114.119.133.83 - - [12/Oct/2022:16:39:13 -0700] "GET /?page_id=39 HTTP/1.1" 200 131707 "https://wellnessconceptsclinic.com/?page_id=55" "Mozilla/5.0 (Linux; Android 7.0;) AppleWebKit/537.36 (KHTML, like Gecko) Mobile Safari/537.36 (compatible; PetalBot;+https://webmaster.petalsearch.com/site/petalbot)" "wellnessconceptsclinic.com"
209.141.46.253 - - [12/Oct/2022:16:40:42 -0700] "GET /wp-login.php HTTP/1.1" 200 7406 "-" "Mozilla/5.0 (compatible; MSIE 9.0; Windows NT 6.1; WOW64; Trident/5.0)" "wellnessconceptsclinic.com"
104.60.117.224 - - [12/Oct/2022:16:40:50 -0700] "GET /?page_id=1092 HTTP/1.1" 200 127992 "https://www.google.com/url?q=https://wellnessconceptsclinic.com/%3Fpage_id%3D1092&sa=U&ved=2ahUKEwjbt-3Y7tv6AhV2oWoFHVf8DXMQFnoECEUQAQ&usg=AOvVaw0-_svfAAVeSe1gtfbt6IrV" "Mozilla/5.0 (iPhone; CPU iPhone OS 15_6 like Mac OS X) AppleWebKit/605.1.15 (KHTML, like Gecko) GSA/232.0.476785961 Mobile/15E148 Safari/604.1" "wellnessconceptsclinic.com"
10.247.24.102 - - [12/Oct/2022:16:39:19 -0700] "POST /wp-cron.php?doing_wp_cron=1665617959.7864000797271728515625 HTTP/1.1" 500 100 "https://wellnessconceptsclinic.com/wp-cron.php?doing_wp_cron=1665617959.7864000797271728515625" "WordPress/5.9.4; https://wellnessconceptsclinic.com" "wellnessconceptsclinic.com"
165.232.180.174 - - [12/Oct/2022:16:41:07 -0700] "POST /wp-login.php HTTP/1.1" 200 7777 "-" "Mozilla/5.0 (Windows; U; Windows NT 5.1; en-US) AppleWebKit/533.4 (KHTML, like Gecko) Chrome/5.0.375.99 Safari/533.4" "wellnessconceptsclinic.com"
209.141.46.253 - - [12/Oct/2022:16:41:52 -0700] "POST /wp-login.php HTTP/1.1" 200 7851 "-" "Mozilla/5.0 (compatible; MSIE 9.0; Windows NT 6.1; WOW64; Trident/5.0)" "wellnessconceptsclinic.com"
104.60.117.224 - - [12/Oct/2022:16:45:52 -0700] "GET /?page_id=1092 HTTP/1.1" 200 127992 "https://www.google.com/url?q=https://wellnessconceptsclinic.com/%3Fpage_id%3D1092&sa=U&ved=2ahUKEwjbt-3Y7tv6AhV2oWoFHVf8DXMQFnoECEUQAQ&usg=AOvVaw0-_svfAAVeSe1gtfbt6IrV" "Mozilla/5.0 (iPhone; CPU iPhone OS 15_6 like Mac OS X) AppleWebKit/605.1.15 (KHTML, like Gecko) GSA/232.0.476785961 Mobile/15E148 Safari/604.1" "wellnessconceptsclinic.com"
