108.218.216.167 - - [15/Oct/2022:12:36:29 -0700] "POST /wellness/wp-admin/admin-ajax.php HTTP/1.1" 200 14164 "https://wellnessconceptsclinic.com/wellness/wp-admin/post.php?post=100&action=edit" "Mozilla/5.0 (Windows NT 10.0; Win64; x64) AppleWebKit/537.36 (KHTML, like Gecko) Chrome/106.0.0.0 Safari/537.36" "wellnessconceptsclinic.com"
193.142.146.138 - - [15/Oct/2022:12:36:40 -0700] "GET /wp-admin/maint/ HTTP/1.1" 200 371 "binance.com" "Mozilla/5.0 (Windows NT 10.0; Win64; x64) AppleWebKit/537.36 (KHTML, like Gecko) Chrome/90.0.4430.85 Safari/537.36" "wellnessconceptsclinic.com"
193.142.146.138 - - [15/Oct/2022:12:36:41 -0700] "GET /wp-admin/network/ HTTP/1.1" 302 - "binance.com" "Mozilla/5.0 (Windows NT 10.0; Win64; x64) AppleWebKit/537.36 (KHTML, like Gecko) Chrome/90.0.4430.85 Safari/537.36" "wellnessconceptsclinic.com"
193.142.146.138 - - [15/Oct/2022:12:36:49 -0700] "GET /wp-login.php?redirect_to=https%3A%2F%2Fwellnessconceptsclinic.com%2Fwp-admin%2Fnetwork%2F&reauth=1 HTTP/1.1" 200 7417 "binance.com" "Mozilla/5.0 (Windows NT 10.0; Win64; x64) AppleWebKit/537.36 (KHTML, like Gecko) Chrome/90.0.4430.85 Safari/537.36" "wellnessconceptsclinic.com"
108.218.216.167 - - [15/Oct/2022:12:36:46 -0700] "POST /wellness/wp-admin/admin-ajax.php HTTP/1.1" 200 214 "https://wellnessconceptsclinic.com/wellness/wp-admin/post.php?post=100&action=edit" "Mozilla/5.0 (Windows NT 10.0; Win64; x64) AppleWebKit/537.36 (KHTML, like Gecko) Chrome/106.0.0.0 Safari/537.36" "wellnessconceptsclinic.com"
108.218.216.167 - - [15/Oct/2022:12:36:43 -0700] "GET /wellness/wp-admin/options-general.php HTTP/1.1" 200 147072 "https://wellnessconceptsclinic.com/wellness/wp-admin/post.php?post=100&action=edit" "Mozilla/5.0 (Windows NT 10.0; Win64; x64) AppleWebKit/537.36 (KHTML, like Gecko) Chrome/106.0.0.0 Safari/537.36" "wellnessconceptsclinic.com"
108.218.216.167 - - [15/Oct/2022:12:36:49 -0700] "GET /wellness/wp-admin/options-permalink.php HTTP/1.1" 200 127026 "https://wellnessconceptsclinic.com/wellness/wp-admin/post.php?post=100&action=edit" "Mozilla/5.0 (Windows NT 10.0; Win64; x64) AppleWebKit/537.36 (KHTML, like Gecko) Chrome/106.0.0.0 Safari/537.36" "wellnessconceptsclinic.com"
108.218.216.167 - - [15/Oct/2022:12:36:58 -0700] "GET /wellness/wp-admin/load-scripts.php?c=1&load%5B%5D=jquery-core,jquery-migrate,utils,jquery-ui-core,jquery-ui-widget,jquery-ui-tabs,jquery-form,moxiejs,plupload&ver=5.0.17 HTTP/1.1" 200 251371 "https://wellnessconceptsclinic.com/wellness/wp-admin/options-permalink.php" "Mozilla/5.0 (Windows NT 10.0; Win64; x64) AppleWebKit/537.36 (KHTML, like Gecko) Chrome/106.0.0.0 Safari/537.36" "wellnessconceptsclinic.com"
108.218.216.167 - - [15/Oct/2022:12:36:58 -0700] "GET /wellness/wp-admin/load-scripts.php?c=1&load%5B%5D=hoverIntent,common,admin-bar,svg-painter&ver=5.0.17 HTTP/1.1" 200 28966 "https://wellnessconceptsclinic.com/wellness/wp-admin/options-permalink.php" "Mozilla/5.0 (Windows NT 10.0; Win64; x64) AppleWebKit/537.36 (KHTML, like Gecko) Chrome/106.0.0.0 Safari/537.36" "wellnessconceptsclinic.com"
193.142.146.138 - - [15/Oct/2022:12:36:54 -0700] "GET /wp-admin/user/ HTTP/1.1" 302 - "binance.com" "Mozilla/5.0 (Windows NT 10.0; Win64; x64) AppleWebKit/537.36 (KHTML, like Gecko) Chrome/90.0.4430.85 Safari/537.36" "wellnessconceptsclinic.com"
193.142.146.138 - - [15/Oct/2022:12:37:01 -0700] "GET /wp-login.php?redirect_to=https%3A%2F%2Fwellnessconceptsclinic.com%2Fwp-admin%2Fuser%2F&reauth=1 HTTP/1.1" 200 7414 "binance.com" "Mozilla/5.0 (Windows NT 10.0; Win64; x64) AppleWebKit/537.36 (KHTML, like Gecko) Chrome/90.0.4430.85 Safari/537.36" "wellnessconceptsclinic.com"
193.142.146.138 - - [15/Oct/2022:12:37:06 -0700] "GET /wp-admin/css/ HTTP/1.1" 200 1573 "binance.com" "Mozilla/5.0 (Windows NT 10.0; Win64; x64) AppleWebKit/537.36 (KHTML, like Gecko) Chrome/90.0.4430.85 Safari/537.36" "wellnessconceptsclinic.com"
193.142.146.138 - - [15/Oct/2022:12:37:07 -0700] "GET /wp-admin/css/colors/ HTTP/1.1" 200 554 "binance.com" "Mozilla/5.0 (Windows NT 10.0; Win64; x64) AppleWebKit/537.36 (KHTML, like Gecko) Chrome/90.0.4430.85 Safari/537.36" "wellnessconceptsclinic.com"
193.142.146.138 - - [15/Oct/2022:12:37:08 -0700] "GET /wp-admin/css/colors/blue/ HTTP/1.1" 200 439 "binance.com" "Mozilla/5.0 (Windows NT 10.0; Win64; x64) AppleWebKit/537.36 (KHTML, like Gecko) Chrome/90.0.4430.85 Safari/537.36" "wellnessconceptsclinic.com"
108.218.216.167 - - [15/Oct/2022:12:36:58 -0700] "POST /wellness/wp-admin/admin-ajax.php HTTP/1.1" 200 1 "https://wellnessconceptsclinic.com/wellness/wp-admin/post.php?post=100&action=edit" "Mozilla/5.0 (Windows NT 10.0; Win64; x64) AppleWebKit/537.36 (KHTML, like Gecko) Chrome/106.0.0.0 Safari/537.36" "wellnessconceptsclinic.com"
193.142.146.138 - - [15/Oct/2022:12:37:08 -0700] "GET /wp-admin/css/colors/coffee/ HTTP/1.1" 200 440 "binance.com" "Mozilla/5.0 (Windows NT 10.0; Win64; x64) AppleWebKit/537.36 (KHTML, like Gecko) Chrome/90.0.4430.85 Safari/537.36" "wellnessconceptsclinic.com"
193.142.146.138 - - [15/Oct/2022:12:37:09 -0700] "GET /wp-admin/css/colors/ectoplasm/ HTTP/1.1" 200 442 "binance.com" "Mozilla/5.0 (Windows NT 10.0; Win64; x64) AppleWebKit/537.36 (KHTML, like Gecko) Chrome/90.0.4430.85 Safari/537.36" "wellnessconceptsclinic.com"
193.142.146.138 - - [15/Oct/2022:12:37:09 -0700] "GET /wp-admin/css/colors/light/ HTTP/1.1" 200 441 "binance.com" "Mozilla/5.0 (Windows NT 10.0; Win64; x64) AppleWebKit/537.36 (KHTML, like Gecko) Chrome/90.0.4430.85 Safari/537.36" "wellnessconceptsclinic.com"
193.142.146.138 - - [15/Oct/2022:12:37:10 -0700] "GET /wp-admin/css/colors/midnight/ HTTP/1.1" 200 442 "binance.com" "Mozilla/5.0 (Windows NT 10.0; Win64; x64) AppleWebKit/537.36 (KHTML, like Gecko) Chrome/90.0.4430.85 Safari/537.36" "wellnessconceptsclinic.com"
193.142.146.138 - - [15/Oct/2022:12:37:11 -0700] "GET /wp-admin/css/colors/modern/ HTTP/1.1" 200 440 "binance.com" "Mozilla/5.0 (Windows NT 10.0; Win64; x64) AppleWebKit/537.36 (KHTML, like Gecko) Chrome/90.0.4430.85 Safari/537.36" "wellnessconceptsclinic.com"
193.142.146.138 - - [15/Oct/2022:12:37:11 -0700] "GET /wp-admin/css/colors/ocean/ HTTP/1.1" 200 439 "binance.com" "Mozilla/5.0 (Windows NT 10.0; Win64; x64) AppleWebKit/537.36 (KHTML, like Gecko) Chrome/90.0.4430.85 Safari/537.36" "wellnessconceptsclinic.com"
193.142.146.138 - - [15/Oct/2022:12:37:12 -0700] "GET /wp-admin/css/colors/sunrise/%20 HTTP/1.1" 404 88 "binance.com" "Mozilla/5.0 (Windows NT 10.0; Win64; x64) AppleWebKit/537.36 (KHTML, like Gecko) Chrome/90.0.4430.85 Safari/537.36" "wellnessconceptsclinic.com"
193.142.146.138 - - [15/Oct/2022:12:37:12 -0700] "GET /wp-admin/images/ HTTP/1.1" 200 1477 "binance.com" "Mozilla/5.0 (Windows NT 10.0; Win64; x64) AppleWebKit/537.36 (KHTML, like Gecko) Chrome/90.0.4430.85 Safari/537.36" "wellnessconceptsclinic.com"
193.142.146.138 - - [15/Oct/2022:12:37:13 -0700] "GET /wp-admin/js/ HTTP/1.1" 200 1792 "binance.com" "Mozilla/5.0 (Windows NT 10.0; Win64; x64) AppleWebKit/537.36 (KHTML, like Gecko) Chrome/90.0.4430.85 Safari/537.36" "wellnessconceptsclinic.com"
193.142.146.138 - - [15/Oct/2022:12:37:13 -0700] "GET /wp-admin/js/widgets/ HTTP/1.1" 200 587 "binance.com" "Mozilla/5.0 (Windows NT 10.0; Win64; x64) AppleWebKit/537.36 (KHTML, like Gecko) Chrome/90.0.4430.85 Safari/537.36" "wellnessconceptsclinic.com"
108.218.216.167 - - [15/Oct/2022:12:37:08 -0700] "POST /wellness/wp-admin/admin-ajax.php HTTP/1.1" 200 47 "https://wellnessconceptsclinic.com/wellness/wp-admin/edit.php?post_type=page" "Mozilla/5.0 (Windows NT 10.0; Win64; x64) AppleWebKit/537.36 (KHTML, like Gecko) Chrome/106.0.0.0 Safari/537.36" "wellnessconceptsclinic.com"
108.218.216.167 - - [15/Oct/2022:12:37:05 -0700] "GET /wellness/wp-admin/post.php?post=100&action=edit HTTP/1.1" 200 625056 "https://wellnessconceptsclinic.com/wellness/wp-admin/post.php?post=100&action=edit" "Mozilla/5.0 (Windows NT 10.0; Win64; x64) AppleWebKit/537.36 (KHTML, like Gecko) Chrome/106.0.0.0 Safari/537.36" "wellnessconceptsclinic.com"
193.142.146.138 - - [15/Oct/2022:12:37:14 -0700] "GET /wp-includes/ HTTP/1.1" 200 3964 "binance.com" "Mozilla/5.0 (Windows NT 10.0; Win64; x64) AppleWebKit/537.36 (KHTML, like Gecko) Chrome/90.0.4430.85 Safari/537.36" "wellnessconceptsclinic.com"
193.142.146.138 - - [15/Oct/2022:12:37:15 -0700] "GET /wp-includes/ HTTP/1.1" 200 3964 "binance.com" "Mozilla/5.0 (Windows NT 10.0; Win64; x64) AppleWebKit/537.36 (KHTML, like Gecko) Chrome/90.0.4430.85 Safari/537.36" "wellnessconceptsclinic.com"
193.142.146.138 - - [15/Oct/2022:12:37:17 -0700] "GET /wp-includes/block-editor.php HTTP/1.1" 200 - "binance.com" "Mozilla/5.0 (Windows NT 10.0; Win64; x64) AppleWebKit/537.36 (KHTML, like Gecko) Chrome/90.0.4430.85 Safari/537.36" "wellnessconceptsclinic.com"
193.142.146.138 - - [15/Oct/2022:12:37:17 -0700] "GET /wp-includes/block-template-utils.php HTTP/1.1" 200 - "binance.com" "Mozilla/5.0 (Windows NT 10.0; Win64; x64) AppleWebKit/537.36 (KHTML, like Gecko) Chrome/90.0.4430.85 Safari/537.36" "wellnessconceptsclinic.com"
193.142.146.138 - - [15/Oct/2022:12:37:17 -0700] "GET /wp-includes/block-template.php HTTP/1.1" 200 - "binance.com" "Mozilla/5.0 (Windows NT 10.0; Win64; x64) AppleWebKit/537.36 (KHTML, like Gecko) Chrome/90.0.4430.85 Safari/537.36" "wellnessconceptsclinic.com"
193.142.146.138 - - [15/Oct/2022:12:37:18 -0700] "GET /wp-includes/class-wp-block-editor-context.php HTTP/1.1" 200 - "binance.com" "Mozilla/5.0 (Windows NT 10.0; Win64; x64) AppleWebKit/537.36 (KHTML, like Gecko) Chrome/90.0.4430.85 Safari/537.36" "wellnessconceptsclinic.com"
193.142.146.138 - - [15/Oct/2022:12:37:18 -0700] "GET /wp-includes/class-wp-block-template.php HTTP/1.1" 200 - "binance.com" "Mozilla/5.0 (Windows NT 10.0; Win64; x64) AppleWebKit/537.36 (KHTML, like Gecko) Chrome/90.0.4430.85 Safari/537.36" "wellnessconceptsclinic.com"
193.142.146.138 - - [15/Oct/2022:12:37:19 -0700] "GET /wp-includes/class-wp-http.php HTTP/1.1" 500 - "binance.com" "Mozilla/5.0 (Windows NT 10.0; Win64; x64) AppleWebKit/537.36 (KHTML, like Gecko) Chrome/90.0.4430.85 Safari/537.36" "wellnessconceptsclinic.com"
193.142.146.138 - - [15/Oct/2022:12:37:19 -0700] "GET /wp-includes/class-wp-theme-json-resolver.php HTTP/1.1" 200 - "binance.com" "Mozilla/5.0 (Windows NT 10.0; Win64; x64) AppleWebKit/537.36 (KHTML, like Gecko) Chrome/90.0.4430.85 Safari/537.36" "wellnessconceptsclinic.com"
193.142.146.138 - - [15/Oct/2022:12:37:20 -0700] "GET /wp-includes/class-wp-theme-json-schema.php HTTP/1.1" 200 - "binance.com" "Mozilla/5.0 (Windows NT 10.0; Win64; x64) AppleWebKit/537.36 (KHTML, like Gecko) Chrome/90.0.4430.85 Safari/537.36" "wellnessconceptsclinic.com"
193.142.146.138 - - [15/Oct/2022:12:37:20 -0700] "GET /wp-includes/class-wp-theme-json.php HTTP/1.1" 200 - "binance.com" "Mozilla/5.0 (Windows NT 10.0; Win64; x64) AppleWebKit/537.36 (KHTML, like Gecko) Chrome/90.0.4430.85 Safari/537.36" "wellnessconceptsclinic.com"
193.142.146.138 - - [15/Oct/2022:12:37:21 -0700] "GET /wp-includes/global-styles-and-settings.php HTTP/1.1" 200 - "binance.com" "Mozilla/5.0 (Windows NT 10.0; Win64; x64) AppleWebKit/537.36 (KHTML, like Gecko) Chrome/90.0.4430.85 Safari/537.36" "wellnessconceptsclinic.com"
193.142.146.138 - - [15/Oct/2022:12:37:21 -0700] "GET /wp-includes/https-detection.php HTTP/1.1" 200 - "binance.com" "Mozilla/5.0 (Windows NT 10.0; Win64; x64) AppleWebKit/537.36 (KHTML, like Gecko) Chrome/90.0.4430.85 Safari/537.36" "wellnessconceptsclinic.com"
193.142.146.138 - - [15/Oct/2022:12:37:21 -0700] "GET /wp-includes/https-migration.php HTTP/1.1" 200 - "binance.com" "Mozilla/5.0 (Windows NT 10.0; Win64; x64) AppleWebKit/537.36 (KHTML, like Gecko) Chrome/90.0.4430.85 Safari/537.36" "wellnessconceptsclinic.com"
193.142.146.138 - - [15/Oct/2022:12:37:23 -0700] "GET /wp-includes/robots-template.php HTTP/1.1" 200 - "binance.com" "Mozilla/5.0 (Windows NT 10.0; Win64; x64) AppleWebKit/537.36 (KHTML, like Gecko) Chrome/90.0.4430.85 Safari/537.36" "wellnessconceptsclinic.com"
193.142.146.138 - - [15/Oct/2022:12:37:23 -0700] "GET /wp-includes/template-canvas.php HTTP/1.1" 500 - "binance.com" "Mozilla/5.0 (Windows NT 10.0; Win64; x64) AppleWebKit/537.36 (KHTML, like Gecko) Chrome/90.0.4430.85 Safari/537.36" "wellnessconceptsclinic.com"
193.142.146.138 - - [15/Oct/2022:12:37:24 -0700] "GET /wp-includes/theme-templates.php HTTP/1.1" 200 - "binance.com" "Mozilla/5.0 (Windows NT 10.0; Win64; x64) AppleWebKit/537.36 (KHTML, like Gecko) Chrome/90.0.4430.85 Safari/537.36" "wellnessconceptsclinic.com"
193.142.146.138 - - [15/Oct/2022:12:37:24 -0700] "GET /wp-includes/ID3/ HTTP/1.1" 200 711 "binance.com" "Mozilla/5.0 (Windows NT 10.0; Win64; x64) AppleWebKit/537.36 (KHTML, like Gecko) Chrome/90.0.4430.85 Safari/537.36" "wellnessconceptsclinic.com"
193.142.146.138 - - [15/Oct/2022:12:37:25 -0700] "GET /wp-includes/ID3/ HTTP/1.1" 200 711 "binance.com" "Mozilla/5.0 (Windows NT 10.0; Win64; x64) AppleWebKit/537.36 (KHTML, like Gecko) Chrome/90.0.4430.85 Safari/537.36" "wellnessconceptsclinic.com"
193.142.146.138 - - [15/Oct/2022:12:37:25 -0700] "GET /wp-includes/IXR/ HTTP/1.1" 200 574 "binance.com" "Mozilla/5.0 (Windows NT 10.0; Win64; x64) AppleWebKit/537.36 (KHTML, like Gecko) Chrome/90.0.4430.85 Safari/537.36" "wellnessconceptsclinic.com"
193.142.146.138 - - [15/Oct/2022:12:37:26 -0700] "GET /wp-includes/IXR/ HTTP/1.1" 200 574 "binance.com" "Mozilla/5.0 (Windows NT 10.0; Win64; x64) AppleWebKit/537.36 (KHTML, like Gecko) Chrome/90.0.4430.85 Safari/537.36" "wellnessconceptsclinic.com"
193.142.146.138 - - [15/Oct/2022:12:37:26 -0700] "GET /wp-includes/PHPMailer/ HTTP/1.1" 200 416 "binance.com" "Mozilla/5.0 (Windows NT 10.0; Win64; x64) AppleWebKit/537.36 (KHTML, like Gecko) Chrome/90.0.4430.85 Safari/537.36" "wellnessconceptsclinic.com"
193.142.146.138 - - [15/Oct/2022:12:37:27 -0700] "GET /wp-includes/PHPMailer/ HTTP/1.1" 200 416 "binance.com" "Mozilla/5.0 (Windows NT 10.0; Win64; x64) AppleWebKit/537.36 (KHTML, like Gecko) Chrome/90.0.4430.85 Safari/537.36" "wellnessconceptsclinic.com"
193.142.146.138 - - [15/Oct/2022:12:37:27 -0700] "GET /wp-includes/Text/ HTTP/1.1" 200 407 "binance.com" "Mozilla/5.0 (Windows NT 10.0; Win64; x64) AppleWebKit/537.36 (KHTML, like Gecko) Chrome/90.0.4430.85 Safari/537.36" "wellnessconceptsclinic.com"
193.142.146.138 - - [15/Oct/2022:12:37:28 -0700] "GET /wp-includes/Text/ HTTP/1.1" 200 407 "binance.com" "Mozilla/5.0 (Windows NT 10.0; Win64; x64) AppleWebKit/537.36 (KHTML, like Gecko) Chrome/90.0.4430.85 Safari/537.36" "wellnessconceptsclinic.com"
193.142.146.138 - - [15/Oct/2022:12:37:30 -0700] "GET /wp-includes/Text/Diff/ HTTP/1.1" 200 419 "binance.com" "Mozilla/5.0 (Windows NT 10.0; Win64; x64) AppleWebKit/537.36 (KHTML, like Gecko) Chrome/90.0.4430.85 Safari/537.36" "wellnessconceptsclinic.com"
108.218.216.167 - - [15/Oct/2022:12:37:23 -0700] "POST /wellness/wp-admin/admin-ajax.php HTTP/1.1" 200 47 "https://wellnessconceptsclinic.com/wellness/wp-admin/edit.php?post_type=page" "Mozilla/5.0 (Windows NT 10.0; Win64; x64) AppleWebKit/537.36 (KHTML, like Gecko) Chrome/106.0.0.0 Safari/537.36" "wellnessconceptsclinic.com"
193.142.146.138 - - [15/Oct/2022:12:37:37 -0700] "GET /wp-includes/Text/Diff/ HTTP/1.1" 200 419 "binance.com" "Mozilla/5.0 (Windows NT 10.0; Win64; x64) AppleWebKit/537.36 (KHTML, like Gecko) Chrome/90.0.4430.85 Safari/537.36" "wellnessconceptsclinic.com"
193.142.146.138 - - [15/Oct/2022:12:37:41 -0700] "GET /wp-includes/Text/Diff/Engine/ HTTP/1.1" 200 449 "binance.com" "Mozilla/5.0 (Windows NT 10.0; Win64; x64) AppleWebKit/537.36 (KHTML, like Gecko) Chrome/90.0.4430.85 Safari/537.36" "wellnessconceptsclinic.com"
193.142.146.138 - - [15/Oct/2022:12:37:43 -0700] "GET /wp-includes/Text/Diff/Engine/ HTTP/1.1" 200 449 "binance.com" "Mozilla/5.0 (Windows NT 10.0; Win64; x64) AppleWebKit/537.36 (KHTML, like Gecko) Chrome/90.0.4430.85 Safari/537.36" "wellnessconceptsclinic.com"
193.142.146.138 - - [15/Oct/2022:12:37:45 -0700] "GET /wp-includes/Text/Diff/Renderer/ HTTP/1.1" 200 387 "binance.com" "Mozilla/5.0 (Windows NT 10.0; Win64; x64) AppleWebKit/537.36 (KHTML, like Gecko) Chrome/90.0.4430.85 Safari/537.36" "wellnessconceptsclinic.com"
193.142.146.138 - - [15/Oct/2022:12:37:46 -0700] "GET /wp-includes/Text/Diff/Renderer/ HTTP/1.1" 200 387 "binance.com" "Mozilla/5.0 (Windows NT 10.0; Win64; x64) AppleWebKit/537.36 (KHTML, like Gecko) Chrome/90.0.4430.85 Safari/537.36" "wellnessconceptsclinic.com"
193.142.146.138 - - [15/Oct/2022:12:37:47 -0700] "GET /wp-includes/blocks/ HTTP/1.1" 500 - "binance.com" "Mozilla/5.0 (Windows NT 10.0; Win64; x64) AppleWebKit/537.36 (KHTML, like Gecko) Chrome/90.0.4430.85 Safari/537.36" "wellnessconceptsclinic.com"
108.218.216.167 - - [15/Oct/2022:12:37:37 -0700] "GET /wellness/wp-admin/post.php?post=9&action=edit HTTP/1.1" 200 669181 "https://wellnessconceptsclinic.com/wellness/wp-admin/edit.php?post_type=page" "Mozilla/5.0 (Windows NT 10.0; Win64; x64) AppleWebKit/537.36 (KHTML, like Gecko) Chrome/106.0.0.0 Safari/537.36" "wellnessconceptsclinic.com"
108.218.216.167 - - [15/Oct/2022:12:37:48 -0700] "GET /wellness/index.php?rest_route=/wp/v2/ HTTP/1.1" 404 88 "https://wellnessconceptsclinic.com/wellness/wp-admin/post.php?post=9&action=edit" "Mozilla/5.0 (Windows NT 10.0; Win64; x64) AppleWebKit/537.36 (KHTML, like Gecko) Chrome/106.0.0.0 Safari/537.36" "wellnessconceptsclinic.com"
108.218.216.167 - - [15/Oct/2022:12:37:38 -0700] "POST /wellness/wp-admin/admin-ajax.php HTTP/1.1" 200 47 "https://wellnessconceptsclinic.com/wellness/wp-admin/edit.php?post_type=page" "Mozilla/5.0 (Windows NT 10.0; Win64; x64) AppleWebKit/537.36 (KHTML, like Gecko) Chrome/106.0.0.0 Safari/537.36" "wellnessconceptsclinic.com"
193.142.146.138 - - [15/Oct/2022:12:37:53 -0700] "GET /wp-includes/pomo/ HTTP/1.1" 200 472 "binance.com" "Mozilla/5.0 (Windows NT 10.0; Win64; x64) AppleWebKit/537.36 (KHTML, like Gecko) Chrome/90.0.4430.85 Safari/537.36" "wellnessconceptsclinic.com"
108.218.216.167 - - [15/Oct/2022:12:37:50 -0700] "POST /wellness/wp-admin/admin-ajax.php HTTP/1.1" 200 11314 "https://wellnessconceptsclinic.com/wellness/wp-admin/post.php?post=9&action=edit" "Mozilla/5.0 (Windows NT 10.0; Win64; x64) AppleWebKit/537.36 (KHTML, like Gecko) Chrome/106.0.0.0 Safari/537.36" "wellnessconceptsclinic.com"
193.142.146.138 - - [15/Oct/2022:12:38:02 -0700] "GET /wp-includes/pomo/ HTTP/1.1" 200 472 "binance.com" "Mozilla/5.0 (Windows NT 10.0; Win64; x64) AppleWebKit/537.36 (KHTML, like Gecko) Chrome/90.0.4430.85 Safari/537.36" "wellnessconceptsclinic.com"
108.218.216.167 - - [15/Oct/2022:12:37:50 -0700] "POST /wellness/wp-admin/admin-ajax.php HTTP/1.1" 200 - "https://wellnessconceptsclinic.com/wellness/wp-admin/post.php?post=9&action=edit" "Mozilla/5.0 (Windows NT 10.0; Win64; x64) AppleWebKit/537.36 (KHTML, like Gecko) Chrome/106.0.0.0 Safari/537.36" "wellnessconceptsclinic.com"
193.142.146.138 - - [15/Oct/2022:12:38:09 -0700] "GET /wp-includes/sitemaps/ HTTP/1.1" 200 507 "binance.com" "Mozilla/5.0 (Windows NT 10.0; Win64; x64) AppleWebKit/537.36 (KHTML, like Gecko) Chrome/90.0.4430.85 Safari/537.36" "wellnessconceptsclinic.com"
108.218.216.167 - - [15/Oct/2022:12:37:48 -0700] "POST /wellness/wp-admin/admin-ajax.php HTTP/1.1" 200 18384 "https://wellnessconceptsclinic.com/wellness/wp-admin/post.php?post=9&action=edit" "Mozilla/5.0 (Windows NT 10.0; Win64; x64) AppleWebKit/537.36 (KHTML, like Gecko) Chrome/106.0.0.0 Safari/537.36" "wellnessconceptsclinic.com"
193.142.146.138 - - [15/Oct/2022:12:38:12 -0700] "GET /wp-includes/sitemaps/ HTTP/1.1" 200 507 "binance.com" "Mozilla/5.0 (Windows NT 10.0; Win64; x64) AppleWebKit/537.36 (KHTML, like Gecko) Chrome/90.0.4430.85 Safari/537.36" "wellnessconceptsclinic.com"
193.142.146.138 - - [15/Oct/2022:12:38:19 -0700] "GET /wp-includes/sitemaps/providers/ HTTP/1.1" 200 437 "binance.com" "Mozilla/5.0 (Windows NT 10.0; Win64; x64) AppleWebKit/537.36 (KHTML, like Gecko) Chrome/90.0.4430.85 Safari/537.36" "wellnessconceptsclinic.com"
108.218.216.167 - - [15/Oct/2022:12:38:05 -0700] "POST /wellness/wp-admin/admin-ajax.php HTTP/1.1" 200 214 "https://wellnessconceptsclinic.com/wellness/wp-admin/post.php?post=9&action=edit" "Mozilla/5.0 (Windows NT 10.0; Win64; x64) AppleWebKit/537.36 (KHTML, like Gecko) Chrome/106.0.0.0 Safari/537.36" "wellnessconceptsclinic.com"
193.142.146.138 - - [15/Oct/2022:12:38:25 -0700] "GET /wp-includes/sitemaps/providers/ HTTP/1.1" 200 437 "binance.com" "Mozilla/5.0 (Windows NT 10.0; Win64; x64) AppleWebKit/537.36 (KHTML, like Gecko) Chrome/90.0.4430.85 Safari/537.36" "wellnessconceptsclinic.com"
193.142.146.138 - - [15/Oct/2022:12:38:30 -0700] "GET /wp-includes/widgets/ HTTP/1.1" 200 668 "binance.com" "Mozilla/5.0 (Windows NT 10.0; Win64; x64) AppleWebKit/537.36 (KHTML, like Gecko) Chrome/90.0.4430.85 Safari/537.36" "wellnessconceptsclinic.com"
194.233.69.10 - - [15/Oct/2022:12:38:25 -0700] "POST /xmlrpc.php HTTP/1.1" 200 401 "-" "Mozilla/5.0 (Windows NT 10.0; Win64; x64; rv:96.0) Gecko/20100101 Firefox/96" "wellnessconceptsclinic.com"
193.142.146.138 - - [15/Oct/2022:12:38:33 -0700] "GET /wp-includes/widgets/ HTTP/1.1" 200 668 "binance.com" "Mozilla/5.0 (Windows NT 10.0; Win64; x64) AppleWebKit/537.36 (KHTML, like Gecko) Chrome/90.0.4430.85 Safari/537.36" "wellnessconceptsclinic.com"
108.218.216.167 - - [15/Oct/2022:12:38:21 -0700] "POST /wellness/wp-admin/admin-ajax.php HTTP/1.1" 200 214 "https://wellnessconceptsclinic.com/wellness/wp-admin/post.php?post=9&action=edit" "Mozilla/5.0 (Windows NT 10.0; Win64; x64) AppleWebKit/537.36 (KHTML, like Gecko) Chrome/106.0.0.0 Safari/537.36" "wellnessconceptsclinic.com"
193.142.146.138 - - [15/Oct/2022:12:38:39 -0700] "GET /wp-includes/widgets/class-wp-widget-block.php HTTP/1.1" 500 - "binance.com" "Mozilla/5.0 (Windows NT 10.0; Win64; x64) AppleWebKit/537.36 (KHTML, like Gecko) Chrome/90.0.4430.85 Safari/537.36" "wellnessconceptsclinic.com"
193.142.146.138 - - [15/Oct/2022:12:38:42 -0700] "GET /wp-includes/css/ HTTP/1.1" 200 923 "binance.com" "Mozilla/5.0 (Windows NT 10.0; Win64; x64) AppleWebKit/537.36 (KHTML, like Gecko) Chrome/90.0.4430.85 Safari/537.36" "wellnessconceptsclinic.com"
193.142.146.138 - - [15/Oct/2022:12:38:45 -0700] "GET /wp-includes/css/dist/ HTTP/1.1" 200 559 "binance.com" "Mozilla/5.0 (Windows NT 10.0; Win64; x64) AppleWebKit/537.36 (KHTML, like Gecko) Chrome/90.0.4430.85 Safari/537.36" "wellnessconceptsclinic.com"
212.38.40.215 - - [15/Oct/2022:12:38:38 -0700] "POST /xmlrpc.php HTTP/1.1" 200 401 "-" "Mozilla/5.0 (Windows NT 10.0; Win64; x64; rv:96.0) Gecko/20100101 Firefox/96" "wellnessconceptsclinic.com"
193.142.146.138 - - [15/Oct/2022:12:38:48 -0700] "GET /wp-includes/fonts/ HTTP/1.1" 200 457 "binance.com" "Mozilla/5.0 (Windows NT 10.0; Win64; x64) AppleWebKit/537.36 (KHTML, like Gecko) Chrome/90.0.4430.85 Safari/537.36" "wellnessconceptsclinic.com"
108.218.216.167 - - [15/Oct/2022:12:38:36 -0700] "POST /wellness/wp-admin/admin-ajax.php HTTP/1.1" 200 214 "https://wellnessconceptsclinic.com/wellness/wp-admin/post.php?post=9&action=edit" "Mozilla/5.0 (Windows NT 10.0; Win64; x64) AppleWebKit/537.36 (KHTML, like Gecko) Chrome/106.0.0.0 Safari/537.36" "wellnessconceptsclinic.com"
193.142.146.138 - - [15/Oct/2022:12:38:50 -0700] "GET /wp-includes/images/ HTTP/1.1" 200 836 "binance.com" "Mozilla/5.0 (Windows NT 10.0; Win64; x64) AppleWebKit/537.36 (KHTML, like Gecko) Chrome/90.0.4430.85 Safari/537.36" "wellnessconceptsclinic.com"
193.142.146.138 - - [15/Oct/2022:12:38:52 -0700] "GET /wp-includes/images/crystal/ HTTP/1.1" 200 547 "binance.com" "Mozilla/5.0 (Windows NT 10.0; Win64; x64) AppleWebKit/537.36 (KHTML, like Gecko) Chrome/90.0.4430.85 Safari/537.36" "wellnessconceptsclinic.com"
193.142.146.138 - - [15/Oct/2022:12:38:54 -0700] "GET /wp-includes/images/media/ HTTP/1.1" 200 516 "binance.com" "Mozilla/5.0 (Windows NT 10.0; Win64; x64) AppleWebKit/537.36 (KHTML, like Gecko) Chrome/90.0.4430.85 Safari/537.36" "wellnessconceptsclinic.com"
193.142.146.138 - - [15/Oct/2022:12:38:56 -0700] "GET /wp-includes/images/smilies/ HTTP/1.1" 200 754 "binance.com" "Mozilla/5.0 (Windows NT 10.0; Win64; x64) AppleWebKit/537.36 (KHTML, like Gecko) Chrome/90.0.4430.85 Safari/537.36" "wellnessconceptsclinic.com"
193.142.146.138 - - [15/Oct/2022:12:38:57 -0700] "GET /wp-includes/images/wlw/ HTTP/1.1" 200 420 "binance.com" "Mozilla/5.0 (Windows NT 10.0; Win64; x64) AppleWebKit/537.36 (KHTML, like Gecko) Chrome/90.0.4430.85 Safari/537.36" "wellnessconceptsclinic.com"
193.142.146.138 - - [15/Oct/2022:12:38:58 -0700] "GET /wp-includes/js/%20 HTTP/1.1" 404 88 "binance.com" "Mozilla/5.0 (Windows NT 10.0; Win64; x64) AppleWebKit/537.36 (KHTML, like Gecko) Chrome/90.0.4430.85 Safari/537.36" "wellnessconceptsclinic.com"
193.142.146.138 - - [15/Oct/2022:12:38:58 -0700] "GET /wp-includes/js/codemirror/ HTTP/1.1" 200 519 "binance.com" "Mozilla/5.0 (Windows NT 10.0; Win64; x64) AppleWebKit/537.36 (KHTML, like Gecko) Chrome/90.0.4430.85 Safari/537.36" "wellnessconceptsclinic.com"
193.142.146.138 - - [15/Oct/2022:12:38:59 -0700] "GET /wp-includes/js/plupload/ HTTP/1.1" 200 536 "binance.com" "Mozilla/5.0 (Windows NT 10.0; Win64; x64) AppleWebKit/537.36 (KHTML, like Gecko) Chrome/90.0.4430.85 Safari/537.36" "wellnessconceptsclinic.com"
108.218.216.167 - - [15/Oct/2022:12:38:51 -0700] "POST /wellness/wp-admin/admin-ajax.php HTTP/1.1" 200 214 "https://wellnessconceptsclinic.com/wellness/wp-admin/post.php?post=9&action=edit" "Mozilla/5.0 (Windows NT 10.0; Win64; x64) AppleWebKit/537.36 (KHTML, like Gecko) Chrome/106.0.0.0 Safari/537.36" "wellnessconceptsclinic.com"
108.218.216.167 - - [15/Oct/2022:12:38:56 -0700] "GET /wellness/wp-admin/index.php HTTP/1.1" 200 144224 "https://wellnessconceptsclinic.com/wellness/wp-admin/post.php?post=9&action=edit" "Mozilla/5.0 (Windows NT 10.0; Win64; x64) AppleWebKit/537.36 (KHTML, like Gecko) Chrome/106.0.0.0 Safari/537.36" "wellnessconceptsclinic.com"
108.218.216.167 - - [15/Oct/2022:12:39:06 -0700] "GET /wellness/index.php?rest_route=/wp/v2/ HTTP/1.1" 404 88 "https://wellnessconceptsclinic.com/wellness/wp-admin/index.php" "Mozilla/5.0 (Windows NT 10.0; Win64; x64) AppleWebKit/537.36 (KHTML, like Gecko) Chrome/106.0.0.0 Safari/537.36" "wellnessconceptsclinic.com"
108.218.216.167 - - [15/Oct/2022:12:39:07 -0700] "GET /wellness/index.php?rest_route=/yoast/v1/ryte HTTP/1.1" 404 88 "https://wellnessconceptsclinic.com/wellness/wp-admin/index.php" "Mozilla/5.0 (Windows NT 10.0; Win64; x64) AppleWebKit/537.36 (KHTML, like Gecko) Chrome/106.0.0.0 Safari/537.36" "wellnessconceptsclinic.com"
108.218.216.167 - - [15/Oct/2022:12:39:07 -0700] "GET /wellness/index.php?rest_route=/yoast/v1/statistics HTTP/1.1" 404 88 "https://wellnessconceptsclinic.com/wellness/wp-admin/index.php" "Mozilla/5.0 (Windows NT 10.0; Win64; x64) AppleWebKit/537.36 (KHTML, like Gecko) Chrome/106.0.0.0 Safari/537.36" "wellnessconceptsclinic.com"
108.218.216.167 - - [15/Oct/2022:12:39:07 -0700] "POST /wellness/wp-admin/admin-ajax.php HTTP/1.1" 200 102 "https://wellnessconceptsclinic.com/wellness/wp-admin/index.php" "Mozilla/5.0 (Windows NT 10.0; Win64; x64) AppleWebKit/537.36 (KHTML, like Gecko) Chrome/106.0.0.0 Safari/537.36" "wellnessconceptsclinic.com"
108.218.216.167 - - [15/Oct/2022:12:39:06 -0700] "POST /wellness/wp-admin/admin-ajax.php HTTP/1.1" 200 1 "https://wellnessconceptsclinic.com/wellness/wp-admin/post.php?post=9&action=edit" "Mozilla/5.0 (Windows NT 10.0; Win64; x64) AppleWebKit/537.36 (KHTML, like Gecko) Chrome/106.0.0.0 Safari/537.36" "wellnessconceptsclinic.com"
216.244.66.194 - - [15/Oct/2022:12:39:33 -0700] "GET /robots.txt HTTP/1.1" 404 73 "-" "Mozilla/5.0 (compatible; DotBot/1.2; +https://opensiteexplorer.org/dotbot; help@moz.com)" "wellnessconceptsclinic.com"
108.218.216.167 - - [15/Oct/2022:12:39:41 -0700] "GET /wellness/wp-admin/post.php?post=9&action=edit HTTP/1.1" 200 669153 "https://wellnessconceptsclinic.com/wellness/wp-admin/index.php" "Mozilla/5.0 (Windows NT 10.0; Win64; x64) AppleWebKit/537.36 (KHTML, like Gecko) Chrome/106.0.0.0 Safari/537.36" "wellnessconceptsclinic.com"
108.218.216.167 - - [15/Oct/2022:12:39:54 -0700] "GET /wellness/index.php?rest_route=/wp/v2/ HTTP/1.1" 404 88 "https://wellnessconceptsclinic.com/wellness/wp-admin/post.php?post=9&action=edit" "Mozilla/5.0 (Windows NT 10.0; Win64; x64) AppleWebKit/537.36 (KHTML, like Gecko) Chrome/106.0.0.0 Safari/537.36" "wellnessconceptsclinic.com"
108.218.216.167 - - [15/Oct/2022:12:39:56 -0700] "POST /wellness/wp-admin/admin-ajax.php HTTP/1.1" 200 11314 "https://wellnessconceptsclinic.com/wellness/wp-admin/post.php?post=9&action=edit" "Mozilla/5.0 (Windows NT 10.0; Win64; x64) AppleWebKit/537.36 (KHTML, like Gecko) Chrome/106.0.0.0 Safari/537.36" "wellnessconceptsclinic.com"
108.218.216.167 - - [15/Oct/2022:12:39:54 -0700] "POST /wellness/wp-admin/admin-ajax.php HTTP/1.1" 200 14203 "https://wellnessconceptsclinic.com/wellness/wp-admin/post.php?post=9&action=edit" "Mozilla/5.0 (Windows NT 10.0; Win64; x64) AppleWebKit/537.36 (KHTML, like Gecko) Chrome/106.0.0.0 Safari/537.36" "wellnessconceptsclinic.com"
108.218.216.167 - - [15/Oct/2022:12:39:56 -0700] "POST /wellness/wp-admin/admin-ajax.php HTTP/1.1" 200 - "https://wellnessconceptsclinic.com/wellness/wp-admin/post.php?post=9&action=edit" "Mozilla/5.0 (Windows NT 10.0; Win64; x64) AppleWebKit/537.36 (KHTML, like Gecko) Chrome/106.0.0.0 Safari/537.36" "wellnessconceptsclinic.com"
108.218.216.167 - - [15/Oct/2022:12:40:11 -0700] "POST /wellness/wp-admin/admin-ajax.php HTTP/1.1" 200 214 "https://wellnessconceptsclinic.com/wellness/wp-admin/post.php?post=9&action=edit" "Mozilla/5.0 (Windows NT 10.0; Win64; x64) AppleWebKit/537.36 (KHTML, like Gecko) Chrome/106.0.0.0 Safari/537.36" "wellnessconceptsclinic.com"
108.218.216.167 - - [15/Oct/2022:12:40:26 -0700] "POST /wellness/wp-admin/admin-ajax.php HTTP/1.1" 200 214 "https://wellnessconceptsclinic.com/wellness/wp-admin/post.php?post=9&action=edit" "Mozilla/5.0 (Windows NT 10.0; Win64; x64) AppleWebKit/537.36 (KHTML, like Gecko) Chrome/106.0.0.0 Safari/537.36" "wellnessconceptsclinic.com"
108.218.216.167 - - [15/Oct/2022:12:40:35 -0700] "GET /wellness/wp-admin/edit.php?post_type=page HTTP/1.1" 200 234816 "https://wellnessconceptsclinic.com/wellness/wp-admin/post.php?post=9&action=edit" "Mozilla/5.0 (Windows NT 10.0; Win64; x64) AppleWebKit/537.36 (KHTML, like Gecko) Chrome/106.0.0.0 Safari/537.36" "wellnessconceptsclinic.com"
108.218.216.167 - - [15/Oct/2022:12:40:41 -0700] "POST /wellness/wp-admin/admin-ajax.php HTTP/1.1" 200 214 "https://wellnessconceptsclinic.com/wellness/wp-admin/post.php?post=9&action=edit" "Mozilla/5.0 (Windows NT 10.0; Win64; x64) AppleWebKit/537.36 (KHTML, like Gecko) Chrome/106.0.0.0 Safari/537.36" "wellnessconceptsclinic.com"
108.218.216.167 - - [15/Oct/2022:12:40:47 -0700] "POST /wellness/wp-admin/admin-ajax.php HTTP/1.1" 200 47 "https://wellnessconceptsclinic.com/wellness/wp-admin/edit.php?post_type=page" "Mozilla/5.0 (Windows NT 10.0; Win64; x64) AppleWebKit/537.36 (KHTML, like Gecko) Chrome/106.0.0.0 Safari/537.36" "wellnessconceptsclinic.com"
108.218.216.167 - - [15/Oct/2022:12:40:47 -0700] "POST /wellness/wp-admin/admin-ajax.php HTTP/1.1" 200 1 "https://wellnessconceptsclinic.com/wellness/wp-admin/post.php?post=9&action=edit" "Mozilla/5.0 (Windows NT 10.0; Win64; x64) AppleWebKit/537.36 (KHTML, like Gecko) Chrome/106.0.0.0 Safari/537.36" "wellnessconceptsclinic.com"
108.218.216.167 - - [15/Oct/2022:12:41:02 -0700] "POST /wellness/wp-admin/admin-ajax.php HTTP/1.1" 200 47 "https://wellnessconceptsclinic.com/wellness/wp-admin/edit.php?post_type=page" "Mozilla/5.0 (Windows NT 10.0; Win64; x64) AppleWebKit/537.36 (KHTML, like Gecko) Chrome/106.0.0.0 Safari/537.36" "wellnessconceptsclinic.com"
108.218.216.167 - - [15/Oct/2022:12:41:17 -0700] "POST /wellness/wp-admin/admin-ajax.php HTTP/1.1" 200 47 "https://wellnessconceptsclinic.com/wellness/wp-admin/edit.php?post_type=page" "Mozilla/5.0 (Windows NT 10.0; Win64; x64) AppleWebKit/537.36 (KHTML, like Gecko) Chrome/106.0.0.0 Safari/537.36" "wellnessconceptsclinic.com"
108.218.216.167 - - [15/Oct/2022:12:41:32 -0700] "POST /wellness/wp-admin/admin-ajax.php HTTP/1.1" 200 47 "https://wellnessconceptsclinic.com/wellness/wp-admin/edit.php?post_type=page" "Mozilla/5.0 (Windows NT 10.0; Win64; x64) AppleWebKit/537.36 (KHTML, like Gecko) Chrome/106.0.0.0 Safari/537.36" "wellnessconceptsclinic.com"
108.218.216.167 - - [15/Oct/2022:12:41:47 -0700] "POST /wellness/wp-admin/admin-ajax.php HTTP/1.1" 200 47 "https://wellnessconceptsclinic.com/wellness/wp-admin/edit.php?post_type=page" "Mozilla/5.0 (Windows NT 10.0; Win64; x64) AppleWebKit/537.36 (KHTML, like Gecko) Chrome/106.0.0.0 Safari/537.36" "wellnessconceptsclinic.com"
108.218.216.167 - - [15/Oct/2022:12:42:02 -0700] "POST /wellness/wp-admin/admin-ajax.php HTTP/1.1" 200 47 "https://wellnessconceptsclinic.com/wellness/wp-admin/edit.php?post_type=page" "Mozilla/5.0 (Windows NT 10.0; Win64; x64) AppleWebKit/537.36 (KHTML, like Gecko) Chrome/106.0.0.0 Safari/537.36" "wellnessconceptsclinic.com"
108.218.216.167 - - [15/Oct/2022:12:42:17 -0700] "POST /wellness/wp-admin/admin-ajax.php HTTP/1.1" 200 47 "https://wellnessconceptsclinic.com/wellness/wp-admin/edit.php?post_type=page" "Mozilla/5.0 (Windows NT 10.0; Win64; x64) AppleWebKit/537.36 (KHTML, like Gecko) Chrome/106.0.0.0 Safari/537.36" "wellnessconceptsclinic.com"
108.218.216.167 - - [15/Oct/2022:12:42:18 -0700] "GET /wellness/wp-admin/post.php?post=9&action=edit HTTP/1.1" 200 669198 "https://wellnessconceptsclinic.com/wellness/wp-admin/post.php?post=9&action=edit" "Mozilla/5.0 (Windows NT 10.0; Win64; x64) AppleWebKit/537.36 (KHTML, like Gecko) Chrome/106.0.0.0 Safari/537.36" "wellnessconceptsclinic.com"
108.218.216.167 - - [15/Oct/2022:12:42:28 -0700] "GET /wellness/index.php?rest_route=/wp/v2/ HTTP/1.1" 404 88 "https://wellnessconceptsclinic.com/wellness/wp-admin/post.php?post=9&action=edit" "Mozilla/5.0 (Windows NT 10.0; Win64; x64) AppleWebKit/537.36 (KHTML, like Gecko) Chrome/106.0.0.0 Safari/537.36" "wellnessconceptsclinic.com"
108.218.216.167 - - [15/Oct/2022:12:42:30 -0700] "POST /wellness/wp-admin/admin-ajax.php HTTP/1.1" 200 11314 "https://wellnessconceptsclinic.com/wellness/wp-admin/post.php?post=9&action=edit" "Mozilla/5.0 (Windows NT 10.0; Win64; x64) AppleWebKit/537.36 (KHTML, like Gecko) Chrome/106.0.0.0 Safari/537.36" "wellnessconceptsclinic.com"
108.218.216.167 - - [15/Oct/2022:12:42:28 -0700] "POST /wellness/wp-admin/admin-ajax.php HTTP/1.1" 200 14203 "https://wellnessconceptsclinic.com/wellness/wp-admin/post.php?post=9&action=edit" "Mozilla/5.0 (Windows NT 10.0; Win64; x64) AppleWebKit/537.36 (KHTML, like Gecko) Chrome/106.0.0.0 Safari/537.36" "wellnessconceptsclinic.com"
108.218.216.167 - - [15/Oct/2022:12:42:31 -0700] "POST /wellness/wp-admin/admin-ajax.php HTTP/1.1" 200 - "https://wellnessconceptsclinic.com/wellness/wp-admin/post.php?post=9&action=edit" "Mozilla/5.0 (Windows NT 10.0; Win64; x64) AppleWebKit/537.36 (KHTML, like Gecko) Chrome/106.0.0.0 Safari/537.36" "wellnessconceptsclinic.com"
108.218.216.167 - - [15/Oct/2022:12:42:45 -0700] "POST /wellness/wp-admin/admin-ajax.php HTTP/1.1" 200 214 "https://wellnessconceptsclinic.com/wellness/wp-admin/post.php?post=9&action=edit" "Mozilla/5.0 (Windows NT 10.0; Win64; x64) AppleWebKit/537.36 (KHTML, like Gecko) Chrome/106.0.0.0 Safari/537.36" "wellnessconceptsclinic.com"
13.81.215.207 - - [15/Oct/2022:12:43:01 -0700] "GET /wp-login.php HTTP/1.1" 500 2306 "-" "Mozilla/5.0" "wellnessconceptsclinic.com"
108.218.216.167 - - [15/Oct/2022:12:43:00 -0700] "POST /wellness/wp-admin/admin-ajax.php HTTP/1.1" 200 214 "https://wellnessconceptsclinic.com/wellness/wp-admin/post.php?post=9&action=edit" "Mozilla/5.0 (Windows NT 10.0; Win64; x64) AppleWebKit/537.36 (KHTML, like Gecko) Chrome/106.0.0.0 Safari/537.36" "wellnessconceptsclinic.com"
108.218.216.167 - - [15/Oct/2022:12:43:15 -0700] "POST /wellness/wp-admin/admin-ajax.php HTTP/1.1" 200 214 "https://wellnessconceptsclinic.com/wellness/wp-admin/post.php?post=9&action=edit" "Mozilla/5.0 (Windows NT 10.0; Win64; x64) AppleWebKit/537.36 (KHTML, like Gecko) Chrome/106.0.0.0 Safari/537.36" "wellnessconceptsclinic.com"
108.218.216.167 - - [15/Oct/2022:12:43:30 -0700] "POST /wellness/wp-admin/admin-ajax.php HTTP/1.1" 200 214 "https://wellnessconceptsclinic.com/wellness/wp-admin/post.php?post=9&action=edit" "Mozilla/5.0 (Windows NT 10.0; Win64; x64) AppleWebKit/537.36 (KHTML, like Gecko) Chrome/106.0.0.0 Safari/537.36" "wellnessconceptsclinic.com"
157.55.39.245 - - [15/Oct/2022:12:43:45 -0700] "GET /wp-content/uploads/2019/01/1200px-Yelp_Logo.svg_-768x374.png HTTP/1.1" 200 92778 "-" "Mozilla/5.0 AppleWebKit/537.36 (KHTML, like Gecko; compatible; bingbot/2.0; +http://www.bing.com/bingbot.htm) Chrome/103.0.5060.134 Safari/537.36" "wellnessconceptsclinic.com"
108.218.216.167 - - [15/Oct/2022:12:43:45 -0700] "POST /wellness/wp-admin/admin-ajax.php HTTP/1.1" 200 214 "https://wellnessconceptsclinic.com/wellness/wp-admin/post.php?post=9&action=edit" "Mozilla/5.0 (Windows NT 10.0; Win64; x64) AppleWebKit/537.36 (KHTML, like Gecko) Chrome/106.0.0.0 Safari/537.36" "wellnessconceptsclinic.com"
108.218.216.167 - - [15/Oct/2022:12:44:00 -0700] "POST /wellness/wp-admin/admin-ajax.php HTTP/1.1" 200 214 "https://wellnessconceptsclinic.com/wellness/wp-admin/post.php?post=9&action=edit" "Mozilla/5.0 (Windows NT 10.0; Win64; x64) AppleWebKit/537.36 (KHTML, like Gecko) Chrome/106.0.0.0 Safari/537.36" "wellnessconceptsclinic.com"
108.218.216.167 - - [15/Oct/2022:12:44:15 -0700] "POST /wellness/wp-admin/admin-ajax.php HTTP/1.1" 200 214 "https://wellnessconceptsclinic.com/wellness/wp-admin/post.php?post=9&action=edit" "Mozilla/5.0 (Windows NT 10.0; Win64; x64) AppleWebKit/537.36 (KHTML, like Gecko) Chrome/106.0.0.0 Safari/537.36" "wellnessconceptsclinic.com"
108.218.216.167 - - [15/Oct/2022:12:44:30 -0700] "POST /wellness/wp-admin/admin-ajax.php HTTP/1.1" 200 214 "https://wellnessconceptsclinic.com/wellness/wp-admin/post.php?post=9&action=edit" "Mozilla/5.0 (Windows NT 10.0; Win64; x64) AppleWebKit/537.36 (KHTML, like Gecko) Chrome/106.0.0.0 Safari/537.36" "wellnessconceptsclinic.com"
207.46.13.140 - - [15/Oct/2022:12:44:44 -0700] "GET /wp-content/uploads/2019/08/Patient-Information-Packet.png HTTP/1.1" 200 324847 "-" "Mozilla/5.0 AppleWebKit/537.36 (KHTML, like Gecko; compatible; bingbot/2.0; +http://www.bing.com/bingbot.htm) Chrome/103.0.5060.134 Safari/537.36" "wellnessconceptsclinic.com"
108.218.216.167 - - [15/Oct/2022:12:44:45 -0700] "POST /wellness/wp-admin/admin-ajax.php HTTP/1.1" 200 214 "https://wellnessconceptsclinic.com/wellness/wp-admin/post.php?post=9&action=edit" "Mozilla/5.0 (Windows NT 10.0; Win64; x64) AppleWebKit/537.36 (KHTML, like Gecko) Chrome/106.0.0.0 Safari/537.36" "wellnessconceptsclinic.com"
108.218.216.167 - - [15/Oct/2022:12:45:00 -0700] "POST /wellness/wp-admin/admin-ajax.php HTTP/1.1" 200 214 "https://wellnessconceptsclinic.com/wellness/wp-admin/post.php?post=9&action=edit" "Mozilla/5.0 (Windows NT 10.0; Win64; x64) AppleWebKit/537.36 (KHTML, like Gecko) Chrome/106.0.0.0 Safari/537.36" "wellnessconceptsclinic.com"
108.218.216.167 - - [15/Oct/2022:12:45:15 -0700] "POST /wellness/wp-admin/admin-ajax.php HTTP/1.1" 200 214 "https://wellnessconceptsclinic.com/wellness/wp-admin/post.php?post=9&action=edit" "Mozilla/5.0 (Windows NT 10.0; Win64; x64) AppleWebKit/537.36 (KHTML, like Gecko) Chrome/106.0.0.0 Safari/537.36" "wellnessconceptsclinic.com"
108.218.216.167 - - [15/Oct/2022:12:45:30 -0700] "POST /wellness/wp-admin/admin-ajax.php HTTP/1.1" 200 214 "https://wellnessconceptsclinic.com/wellness/wp-admin/post.php?post=9&action=edit" "Mozilla/5.0 (Windows NT 10.0; Win64; x64) AppleWebKit/537.36 (KHTML, like Gecko) Chrome/106.0.0.0 Safari/537.36" "wellnessconceptsclinic.com"
108.218.216.167 - - [15/Oct/2022:12:45:45 -0700] "POST /wellness/wp-admin/admin-ajax.php HTTP/1.1" 200 214 "https://wellnessconceptsclinic.com/wellness/wp-admin/post.php?post=9&action=edit" "Mozilla/5.0 (Windows NT 10.0; Win64; x64) AppleWebKit/537.36 (KHTML, like Gecko) Chrome/106.0.0.0 Safari/537.36" "wellnessconceptsclinic.com"
108.218.216.167 - - [15/Oct/2022:12:46:00 -0700] "POST /wellness/wp-admin/admin-ajax.php HTTP/1.1" 200 214 "https://wellnessconceptsclinic.com/wellness/wp-admin/post.php?post=9&action=edit" "Mozilla/5.0 (Windows NT 10.0; Win64; x64) AppleWebKit/537.36 (KHTML, like Gecko) Chrome/106.0.0.0 Safari/537.36" "wellnessconceptsclinic.com"
108.218.216.167 - - [15/Oct/2022:12:46:15 -0700] "POST /wellness/wp-admin/admin-ajax.php HTTP/1.1" 200 214 "https://wellnessconceptsclinic.com/wellness/wp-admin/post.php?post=9&action=edit" "Mozilla/5.0 (Windows NT 10.0; Win64; x64) AppleWebKit/537.36 (KHTML, like Gecko) Chrome/106.0.0.0 Safari/537.36" "wellnessconceptsclinic.com"
108.218.216.167 - - [15/Oct/2022:12:46:30 -0700] "POST /wellness/wp-admin/admin-ajax.php HTTP/1.1" 200 214 "https://wellnessconceptsclinic.com/wellness/wp-admin/post.php?post=9&action=edit" "Mozilla/5.0 (Windows NT 10.0; Win64; x64) AppleWebKit/537.36 (KHTML, like Gecko) Chrome/106.0.0.0 Safari/537.36" "wellnessconceptsclinic.com"
108.218.216.167 - - [15/Oct/2022:12:46:45 -0700] "POST /wellness/wp-admin/admin-ajax.php HTTP/1.1" 200 214 "https://wellnessconceptsclinic.com/wellness/wp-admin/post.php?post=9&action=edit" "Mozilla/5.0 (Windows NT 10.0; Win64; x64) AppleWebKit/537.36 (KHTML, like Gecko) Chrome/106.0.0.0 Safari/537.36" "wellnessconceptsclinic.com"
108.218.216.167 - - [15/Oct/2022:12:47:00 -0700] "POST /wellness/wp-admin/admin-ajax.php HTTP/1.1" 200 214 "https://wellnessconceptsclinic.com/wellness/wp-admin/post.php?post=9&action=edit" "Mozilla/5.0 (Windows NT 10.0; Win64; x64) AppleWebKit/537.36 (KHTML, like Gecko) Chrome/106.0.0.0 Safari/537.36" "wellnessconceptsclinic.com"
108.218.216.167 - - [15/Oct/2022:12:47:15 -0700] "POST /wellness/wp-admin/admin-ajax.php HTTP/1.1" 200 214 "https://wellnessconceptsclinic.com/wellness/wp-admin/post.php?post=9&action=edit" "Mozilla/5.0 (Windows NT 10.0; Win64; x64) AppleWebKit/537.36 (KHTML, like Gecko) Chrome/106.0.0.0 Safari/537.36" "wellnessconceptsclinic.com"
108.218.216.167 - - [15/Oct/2022:12:47:30 -0700] "POST /wellness/wp-admin/admin-ajax.php HTTP/1.1" 200 214 "https://wellnessconceptsclinic.com/wellness/wp-admin/post.php?post=9&action=edit" "Mozilla/5.0 (Windows NT 10.0; Win64; x64) AppleWebKit/537.36 (KHTML, like Gecko) Chrome/106.0.0.0 Safari/537.36" "wellnessconceptsclinic.com"
108.218.216.167 - - [15/Oct/2022:12:47:45 -0700] "POST /wellness/wp-admin/admin-ajax.php HTTP/1.1" 200 214 "https://wellnessconceptsclinic.com/wellness/wp-admin/post.php?post=9&action=edit" "Mozilla/5.0 (Windows NT 10.0; Win64; x64) AppleWebKit/537.36 (KHTML, like Gecko) Chrome/106.0.0.0 Safari/537.36" "wellnessconceptsclinic.com"
79.124.8.3 - - [15/Oct/2022:12:48:01 -0700] "GET /wp-login.php HTTP/1.1" 200 7406 "-" "Mozilla/5.0 (compatible; MSIE 9.0; Windows NT 6.1; Trident/5.0)" "wellnessconceptsclinic.com"
108.218.216.167 - - [15/Oct/2022:12:48:00 -0700] "POST /wellness/wp-admin/admin-ajax.php HTTP/1.1" 200 214 "https://wellnessconceptsclinic.com/wellness/wp-admin/post.php?post=9&action=edit" "Mozilla/5.0 (Windows NT 10.0; Win64; x64) AppleWebKit/537.36 (KHTML, like Gecko) Chrome/106.0.0.0 Safari/537.36" "wellnessconceptsclinic.com"
108.218.216.167 - - [15/Oct/2022:12:48:15 -0700] "POST /wellness/wp-admin/admin-ajax.php HTTP/1.1" 200 214 "https://wellnessconceptsclinic.com/wellness/wp-admin/post.php?post=9&action=edit" "Mozilla/5.0 (Windows NT 10.0; Win64; x64) AppleWebKit/537.36 (KHTML, like Gecko) Chrome/106.0.0.0 Safari/537.36" "wellnessconceptsclinic.com"
108.218.216.167 - - [15/Oct/2022:12:48:30 -0700] "POST /wellness/wp-admin/admin-ajax.php HTTP/1.1" 200 214 "https://wellnessconceptsclinic.com/wellness/wp-admin/post.php?post=9&action=edit" "Mozilla/5.0 (Windows NT 10.0; Win64; x64) AppleWebKit/537.36 (KHTML, like Gecko) Chrome/106.0.0.0 Safari/537.36" "wellnessconceptsclinic.com"
108.218.216.167 - - [15/Oct/2022:12:48:45 -0700] "POST /wellness/wp-admin/admin-ajax.php HTTP/1.1" 200 214 "https://wellnessconceptsclinic.com/wellness/wp-admin/post.php?post=9&action=edit" "Mozilla/5.0 (Windows NT 10.0; Win64; x64) AppleWebKit/537.36 (KHTML, like Gecko) Chrome/106.0.0.0 Safari/537.36" "wellnessconceptsclinic.com"
108.218.216.167 - - [15/Oct/2022:12:48:51 -0700] "GET /wellness/wp-admin/edit.php?post_type=page HTTP/1.1" 200 234816 "https://wellnessconceptsclinic.com/wellness/wp-admin/post.php?post=9&action=edit" "Mozilla/5.0 (Windows NT 10.0; Win64; x64) AppleWebKit/537.36 (KHTML, like Gecko) Chrome/106.0.0.0 Safari/537.36" "wellnessconceptsclinic.com"
108.218.216.167 - - [15/Oct/2022:12:49:00 -0700] "POST /wellness/wp-admin/admin-ajax.php HTTP/1.1" 200 214 "https://wellnessconceptsclinic.com/wellness/wp-admin/post.php?post=9&action=edit" "Mozilla/5.0 (Windows NT 10.0; Win64; x64) AppleWebKit/537.36 (KHTML, like Gecko) Chrome/106.0.0.0 Safari/537.36" "wellnessconceptsclinic.com"
108.218.216.167 - - [15/Oct/2022:12:49:04 -0700] "POST /wellness/wp-admin/admin-ajax.php HTTP/1.1" 200 1 "https://wellnessconceptsclinic.com/wellness/wp-admin/post.php?post=9&action=edit" "Mozilla/5.0 (Windows NT 10.0; Win64; x64) AppleWebKit/537.36 (KHTML, like Gecko) Chrome/106.0.0.0 Safari/537.36" "wellnessconceptsclinic.com"
108.218.216.167 - - [15/Oct/2022:12:49:05 -0700] "POST /wellness/wp-admin/admin-ajax.php HTTP/1.1" 200 47 "https://wellnessconceptsclinic.com/wellness/wp-admin/edit.php?post_type=page" "Mozilla/5.0 (Windows NT 10.0; Win64; x64) AppleWebKit/537.36 (KHTML, like Gecko) Chrome/106.0.0.0 Safari/537.36" "wellnessconceptsclinic.com"
10.247.24.102 - - [15/Oct/2022:12:49:11 -0700] "POST /wellness/wp-cron.php?doing_wp_cron=1665863351.4239239692687988281250 HTTP/1.1" 200 - "https://wellnessconceptsclinic.com/wellness/wp-cron.php?doing_wp_cron=1665863351.4239239692687988281250" "WordPress/5.0.17; http://wellnessconceptsclinic.com/wellness" "wellnessconceptsclinic.com"
108.218.216.167 - - [15/Oct/2022:12:49:17 -0700] "GET /wellness/wp-admin/edit.php?s=specials&post_status=all&post_type=page&_wpnonce=eadcf9f17d&_wp_http_referer=%2Fwellness%2Fwp-admin%2Fedit.php%3Fpost_type%3Dpage&action=-1&m=0&seo_filter=&readability_filter=&paged=1&action2=-1 HTTP/1.1" 302 - "https://wellnessconceptsclinic.com/wellness/wp-admin/edit.php?post_type=page" "Mozilla/5.0 (Windows NT 10.0; Win64; x64) AppleWebKit/537.36 (KHTML, like Gecko) Chrome/106.0.0.0 Safari/537.36" "wellnessconceptsclinic.com"
108.218.216.167 - - [15/Oct/2022:12:49:20 -0700] "POST /wellness/wp-admin/admin-ajax.php HTTP/1.1" 200 47 "https://wellnessconceptsclinic.com/wellness/wp-admin/edit.php?post_type=page" "Mozilla/5.0 (Windows NT 10.0; Win64; x64) AppleWebKit/537.36 (KHTML, like Gecko) Chrome/106.0.0.0 Safari/537.36" "wellnessconceptsclinic.com"
108.218.216.167 - - [15/Oct/2022:12:49:25 -0700] "GET /wellness/wp-admin/edit.php?s=specials&post_status=all&post_type=page&action=-1&m=0&seo_filter&readability_filter&paged=1&action2=-1 HTTP/1.1" 200 134312 "https://wellnessconceptsclinic.com/wellness/wp-admin/edit.php?post_type=page" "Mozilla/5.0 (Windows NT 10.0; Win64; x64) AppleWebKit/537.36 (KHTML, like Gecko) Chrome/106.0.0.0 Safari/537.36" "wellnessconceptsclinic.com"
79.124.8.3 - - [15/Oct/2022:12:49:27 -0700] "POST /wp-login.php HTTP/1.1" 200 7777 "-" "Mozilla/5.0 (Windows NT 6.1; WOW64) AppleWebKit/537.36 (KHTML, like Gecko) Chrome/56.0.2924.90 Safari/537.36 2345Explorer/9.3.2.17331" "wellnessconceptsclinic.com"
79.124.8.3 - - [15/Oct/2022:12:49:34 -0700] "POST /wp-login.php HTTP/1.1" 200 7794 "-" "Mozilla/5.0 (Windows NT 6.1; WOW64) AppleWebKit/537.36 (KHTML, like Gecko) Chrome/56.0.2924.90 Safari/537.36 2345Explorer/9.3.2.17331" "wellnessconceptsclinic.com"
108.218.216.167 - - [15/Oct/2022:12:49:34 -0700] "POST /wellness/wp-admin/admin-ajax.php HTTP/1.1" 200 47 "https://wellnessconceptsclinic.com/wellness/wp-admin/edit.php?s=specials&post_status=all&post_type=page&action=-1&m=0&seo_filter&readability_filter&paged=1&action2=-1" "Mozilla/5.0 (Windows NT 10.0; Win64; x64) AppleWebKit/537.36 (KHTML, like Gecko) Chrome/106.0.0.0 Safari/537.36" "wellnessconceptsclinic.com"
79.124.8.3 - - [15/Oct/2022:12:49:41 -0700] "POST /wp-login.php HTTP/1.1" 200 7833 "-" "Mozilla/5.0 (Windows NT 6.1; WOW64) AppleWebKit/537.36 (KHTML, like Gecko) Chrome/56.0.2924.90 Safari/537.36 2345Explorer/9.3.2.17331" "wellnessconceptsclinic.com"
108.218.216.167 - - [15/Oct/2022:12:49:45 -0700] "POST /wellness/wp-admin/admin-ajax.php HTTP/1.1" 200 47 "https://wellnessconceptsclinic.com/wellness/wp-admin/edit.php?post_type=page" "Mozilla/5.0 (Windows NT 10.0; Win64; x64) AppleWebKit/537.36 (KHTML, like Gecko) Chrome/106.0.0.0 Safari/537.36" "wellnessconceptsclinic.com"
79.124.8.3 - - [15/Oct/2022:12:49:47 -0700] "POST /wp-login.php HTTP/1.1" 200 7795 "-" "Mozilla/5.0 (Windows NT 6.1; WOW64) AppleWebKit/537.36 (KHTML, like Gecko) Chrome/56.0.2924.90 Safari/537.36 2345Explorer/9.3.2.17331" "wellnessconceptsclinic.com"
79.124.8.3 - - [15/Oct/2022:12:49:58 -0700] "GET /wp-login.php HTTP/1.1" 200 7406 "-" "Mozilla/5.0 (compatible; MSIE 9.0; Windows NT 6.1; Trident/5.0)" "wellnessconceptsclinic.com"
108.218.216.167 - - [15/Oct/2022:12:50:00 -0700] "POST /wellness/wp-admin/admin-ajax.php HTTP/1.1" 200 47 "https://wellnessconceptsclinic.com/wellness/wp-admin/edit.php?post_type=page" "Mozilla/5.0 (Windows NT 10.0; Win64; x64) AppleWebKit/537.36 (KHTML, like Gecko) Chrome/106.0.0.0 Safari/537.36" "wellnessconceptsclinic.com"
108.218.216.167 - - [15/Oct/2022:12:50:15 -0700] "POST /wellness/wp-admin/admin-ajax.php HTTP/1.1" 200 47 "https://wellnessconceptsclinic.com/wellness/wp-admin/edit.php?post_type=page" "Mozilla/5.0 (Windows NT 10.0; Win64; x64) AppleWebKit/537.36 (KHTML, like Gecko) Chrome/106.0.0.0 Safari/537.36" "wellnessconceptsclinic.com"
