108.218.216.167 - - [15/Oct/2022:11:42:34 -0700] "POST /wellness/wp-admin/admin-ajax.php HTTP/1.1" 200 47 "https://wellnessconceptsclinic.com/wellness/wp-admin/" "Mozilla/5.0 (Windows NT 10.0; Win64; x64) AppleWebKit/537.36 (KHTML, like Gecko) Chrome/106.0.0.0 Safari/537.36" "wellnessconceptsclinic.com"
193.142.147.68 - - [15/Oct/2022:11:42:44 -0700] "POST /wp-login.php HTTP/1.1" 200 7777 "-" "Mozilla/5.0 (Windows NT 6.1; WOW64) AppleWebKit/537.36 (KHTML, like Gecko) Chrome/56.0.2924.90 Safari/537.36 2345Explorer/9.3.2.17331" "wellnessconceptsclinic.com"
193.142.147.68 - - [15/Oct/2022:11:42:50 -0700] "POST /wp-login.php HTTP/1.1" 200 7794 "-" "Mozilla/5.0 (Windows NT 6.1; WOW64) AppleWebKit/537.36 (KHTML, like Gecko) Chrome/56.0.2924.90 Safari/537.36 2345Explorer/9.3.2.17331" "wellnessconceptsclinic.com"
193.142.147.68 - - [15/Oct/2022:11:42:55 -0700] "POST /wp-login.php HTTP/1.1" 200 7833 "-" "Mozilla/5.0 (Windows NT 6.1; WOW64) AppleWebKit/537.36 (KHTML, like Gecko) Chrome/56.0.2924.90 Safari/537.36 2345Explorer/9.3.2.17331" "wellnessconceptsclinic.com"
193.142.147.68 - - [15/Oct/2022:11:43:02 -0700] "POST /wp-login.php HTTP/1.1" 200 7795 "-" "Mozilla/5.0 (Windows NT 6.1; WOW64) AppleWebKit/537.36 (KHTML, like Gecko) Chrome/56.0.2924.90 Safari/537.36 2345Explorer/9.3.2.17331" "wellnessconceptsclinic.com"
216.244.66.194 - - [15/Oct/2022:11:43:19 -0700] "GET /robots.txt HTTP/1.1" 404 73 "-" "Mozilla/5.0 (compatible; DotBot/1.2; +https://opensiteexplorer.org/dotbot; help@moz.com)" "wellnessconceptsclinic.com"
66.249.64.180 - - [15/Oct/2022:11:43:57 -0700] "GET /wp-content/uploads/2022/10/October-1-2022.jpg HTTP/1.1" 200 112285 "-" "Googlebot-Image/1.0" "wellnessconceptsclinic.com"
66.249.64.180 - - [15/Oct/2022:11:43:57 -0700] "GET /wp-content/uploads/2022/10/October-4-2022.jpg HTTP/1.1" 200 193102 "-" "Googlebot-Image/1.0" "wellnessconceptsclinic.com"
66.249.64.180 - - [15/Oct/2022:11:43:58 -0700] "GET /wp-content/uploads/2022/10/October-5-2022.jpg HTTP/1.1" 200 159623 "-" "Googlebot-Image/1.0" "wellnessconceptsclinic.com"
66.249.64.180 - - [15/Oct/2022:11:44:00 -0700] "GET /wp-content/uploads/2022/10/pic.jpg HTTP/1.1" 200 61825 "-" "Googlebot-Image/1.0" "wellnessconceptsclinic.com"
108.218.216.167 - - [15/Oct/2022:11:44:35 -0700] "POST /wellness/wp-admin/admin-ajax.php HTTP/1.1" 200 47 "https://wellnessconceptsclinic.com/wellness/wp-admin/" "Mozilla/5.0 (Windows NT 10.0; Win64; x64) AppleWebKit/537.36 (KHTML, like Gecko) Chrome/106.0.0.0 Safari/537.36" "wellnessconceptsclinic.com"
108.218.216.167 - - [15/Oct/2022:11:46:36 -0700] "POST /wellness/wp-admin/admin-ajax.php HTTP/1.1" 200 47 "https://wellnessconceptsclinic.com/wellness/wp-admin/" "Mozilla/5.0 (Windows NT 10.0; Win64; x64) AppleWebKit/537.36 (KHTML, like Gecko) Chrome/106.0.0.0 Safari/537.36" "wellnessconceptsclinic.com"
108.218.216.167 - - [15/Oct/2022:11:48:37 -0700] "POST /wellness/wp-admin/admin-ajax.php HTTP/1.1" 200 47 "https://wellnessconceptsclinic.com/wellness/wp-admin/" "Mozilla/5.0 (Windows NT 10.0; Win64; x64) AppleWebKit/537.36 (KHTML, like Gecko) Chrome/106.0.0.0 Safari/537.36" "wellnessconceptsclinic.com"
108.218.216.167 - - [15/Oct/2022:11:50:38 -0700] "POST /wellness/wp-admin/admin-ajax.php HTTP/1.1" 200 47 "https://wellnessconceptsclinic.com/wellness/wp-admin/" "Mozilla/5.0 (Windows NT 10.0; Win64; x64) AppleWebKit/537.36 (KHTML, like Gecko) Chrome/106.0.0.0 Safari/537.36" "wellnessconceptsclinic.com"
10.247.24.100 - - [15/Oct/2022:11:50:47 -0700] "POST /wellness/wp-cron.php?doing_wp_cron=1665859847.4801120758056640625000 HTTP/1.1" 200 - "https://wellnessconceptsclinic.com/wellness/wp-cron.php?doing_wp_cron=1665859847.4801120758056640625000" "WordPress/5.0.17; http://wellnessconceptsclinic.com/wellness" "wellnessconceptsclinic.com"
108.218.216.167 - - [15/Oct/2022:11:52:39 -0700] "POST /wellness/wp-admin/admin-ajax.php HTTP/1.1" 200 47 "https://wellnessconceptsclinic.com/wellness/wp-admin/" "Mozilla/5.0 (Windows NT 10.0; Win64; x64) AppleWebKit/537.36 (KHTML, like Gecko) Chrome/106.0.0.0 Safari/537.36" "wellnessconceptsclinic.com"
108.218.216.167 - - [15/Oct/2022:11:54:40 -0700] "POST /wellness/wp-admin/admin-ajax.php HTTP/1.1" 200 47 "https://wellnessconceptsclinic.com/wellness/wp-admin/" "Mozilla/5.0 (Windows NT 10.0; Win64; x64) AppleWebKit/537.36 (KHTML, like Gecko) Chrome/106.0.0.0 Safari/537.36" "wellnessconceptsclinic.com"
101.99.90.175 - - [15/Oct/2022:11:55:33 -0700] "POST /xmlrpc.php HTTP/1.1" 200 401 "-" "Mozilla/5.0 (Windows NT 10.0; Win64; x64; rv:96.0) Gecko/20100101 Firefox/96" "wellnessconceptsclinic.com"
18.224.85.64 - - [15/Oct/2022:11:55:43 -0700] "POST /xmlrpc.php HTTP/1.1" 200 401 "-" "Mozilla/5.0 (Windows NT 10.0; Win64; x64; rv:96.0) Gecko/20100101 Firefox/96" "wellnessconceptsclinic.com"
207.46.13.140 - - [15/Oct/2022:11:56:09 -0700] "GET /wp-content/uploads/2022/09/Sept-5-2022-480x270.jpg HTTP/1.1" 200 31849 "-" "Mozilla/5.0 (compatible; bingbot/2.0; +http://www.bing.com/bingbot.htm)" "wellnessconceptsclinic.com"
108.218.216.167 - - [15/Oct/2022:11:56:41 -0700] "POST /wellness/wp-admin/admin-ajax.php HTTP/1.1" 200 47 "https://wellnessconceptsclinic.com/wellness/wp-admin/" "Mozilla/5.0 (Windows NT 10.0; Win64; x64) AppleWebKit/537.36 (KHTML, like Gecko) Chrome/106.0.0.0 Safari/537.36" "wellnessconceptsclinic.com"
10.247.24.102 - - [15/Oct/2022:11:56:48 -0700] "POST /wellness/wp-cron.php?doing_wp_cron=1665860208.7883200645446777343750 HTTP/1.1" 200 - "https://wellnessconceptsclinic.com/wellness/wp-cron.php?doing_wp_cron=1665860208.7883200645446777343750" "WordPress/5.0.17; http://wellnessconceptsclinic.com/wellness" "wellnessconceptsclinic.com"
108.218.216.167 - - [15/Oct/2022:11:58:42 -0700] "POST /wellness/wp-admin/admin-ajax.php HTTP/1.1" 200 47 "https://wellnessconceptsclinic.com/wellness/wp-admin/" "Mozilla/5.0 (Windows NT 10.0; Win64; x64) AppleWebKit/537.36 (KHTML, like Gecko) Chrome/106.0.0.0 Safari/537.36" "wellnessconceptsclinic.com"
108.218.216.167 - - [15/Oct/2022:12:00:43 -0700] "POST /wellness/wp-admin/admin-ajax.php HTTP/1.1" 200 47 "https://wellnessconceptsclinic.com/wellness/wp-admin/" "Mozilla/5.0 (Windows NT 10.0; Win64; x64) AppleWebKit/537.36 (KHTML, like Gecko) Chrome/106.0.0.0 Safari/537.36" "wellnessconceptsclinic.com"
108.218.216.167 - - [15/Oct/2022:12:02:44 -0700] "POST /wellness/wp-admin/admin-ajax.php HTTP/1.1" 200 47 "https://wellnessconceptsclinic.com/wellness/wp-admin/" "Mozilla/5.0 (Windows NT 10.0; Win64; x64) AppleWebKit/537.36 (KHTML, like Gecko) Chrome/106.0.0.0 Safari/537.36" "wellnessconceptsclinic.com"
10.247.24.101 - - [15/Oct/2022:12:02:54 -0700] "POST /wellness/wp-cron.php?doing_wp_cron=1665860574.5671770572662353515625 HTTP/1.1" 200 - "https://wellnessconceptsclinic.com/wellness/wp-cron.php?doing_wp_cron=1665860574.5671770572662353515625" "WordPress/5.0.17; http://wellnessconceptsclinic.com/wellness" "wellnessconceptsclinic.com"
10.247.24.102 - - [15/Oct/2022:12:04:01 -0700] "POST /wp-cron.php?doing_wp_cron=1665860641.5759849548339843750000 HTTP/1.1" 200 - "https://wellnessconceptsclinic.com/wp-cron.php?doing_wp_cron=1665860641.5759849548339843750000" "WordPress/5.9.4; https://wellnessconceptsclinic.com" "wellnessconceptsclinic.com"
40.77.167.102 - - [15/Oct/2022:12:04:27 -0700] "GET /robots.txt HTTP/1.1" 404 88 "-" "Mozilla/5.0 AppleWebKit/537.36 (KHTML, like Gecko; compatible; bingbot/2.0; +http://www.bing.com/bingbot.htm) Chrome/103.0.5060.134 Safari/537.36" "wellnessconceptsclinic.com"
40.77.167.52 - - [15/Oct/2022:12:04:32 -0700] "GET /wp-content/uploads/2020/03/March-2.jpg HTTP/1.1" 200 117229 "-" "Mozilla/5.0 (compatible; bingbot/2.0; +http://www.bing.com/bingbot.htm)" "wellnessconceptsclinic.com"
108.218.216.167 - - [15/Oct/2022:12:04:45 -0700] "POST /wellness/wp-admin/admin-ajax.php HTTP/1.1" 200 47 "https://wellnessconceptsclinic.com/wellness/wp-admin/" "Mozilla/5.0 (Windows NT 10.0; Win64; x64) AppleWebKit/537.36 (KHTML, like Gecko) Chrome/106.0.0.0 Safari/537.36" "wellnessconceptsclinic.com"
193.142.147.68 - - [15/Oct/2022:12:06:37 -0700] "GET /wp-login.php HTTP/1.1" 200 7406 "-" "Mozilla/5.0 (compatible; MSIE 9.0; Windows NT 6.1; Trident/5.0)" "wellnessconceptsclinic.com"
108.218.216.167 - - [15/Oct/2022:12:06:46 -0700] "POST /wellness/wp-admin/admin-ajax.php HTTP/1.1" 200 47 "https://wellnessconceptsclinic.com/wellness/wp-admin/" "Mozilla/5.0 (Windows NT 10.0; Win64; x64) AppleWebKit/537.36 (KHTML, like Gecko) Chrome/106.0.0.0 Safari/537.36" "wellnessconceptsclinic.com"
193.142.147.68 - - [15/Oct/2022:12:07:20 -0700] "POST /wp-login.php HTTP/1.1" 200 7794 "-" "Mozilla/5.0 (Windows NT 6.1; WOW64) AppleWebKit/537.36 (KHTML, like Gecko) Chrome/56.0.2924.90 Safari/537.36 2345Explorer/9.3.2.17331" "wellnessconceptsclinic.com"
108.218.216.167 - - [15/Oct/2022:12:08:47 -0700] "POST /wellness/wp-admin/admin-ajax.php HTTP/1.1" 200 47 "https://wellnessconceptsclinic.com/wellness/wp-admin/" "Mozilla/5.0 (Windows NT 10.0; Win64; x64) AppleWebKit/537.36 (KHTML, like Gecko) Chrome/106.0.0.0 Safari/537.36" "wellnessconceptsclinic.com"
124.222.127.109 - - [15/Oct/2022:12:09:02 -0700] "POST /xmlrpc.php HTTP/1.1" 200 401 "-" "Mozilla/5.0 (Windows NT 10.0; Win64; x64; rv:96.0) Gecko/20100101 Firefox/96" "wellnessconceptsclinic.com"
122.17.148.164 - - [15/Oct/2022:12:09:02 -0700] "POST /xmlrpc.php HTTP/1.1" 200 401 "-" "Mozilla/5.0 (Windows NT 10.0; Win64; x64; rv:96.0) Gecko/20100101 Firefox/96" "wellnessconceptsclinic.com"
108.218.216.167 - - [15/Oct/2022:12:10:48 -0700] "POST /wellness/wp-admin/admin-ajax.php HTTP/1.1" 200 47 "https://wellnessconceptsclinic.com/wellness/wp-admin/" "Mozilla/5.0 (Windows NT 10.0; Win64; x64) AppleWebKit/537.36 (KHTML, like Gecko) Chrome/106.0.0.0 Safari/537.36" "wellnessconceptsclinic.com"
108.218.216.167 - - [15/Oct/2022:12:12:49 -0700] "POST /wellness/wp-admin/admin-ajax.php HTTP/1.1" 200 47 "https://wellnessconceptsclinic.com/wellness/wp-admin/" "Mozilla/5.0 (Windows NT 10.0; Win64; x64) AppleWebKit/537.36 (KHTML, like Gecko) Chrome/106.0.0.0 Safari/537.36" "wellnessconceptsclinic.com"
193.142.147.68 - - [15/Oct/2022:12:14:31 -0700] "GET /wp-login.php HTTP/1.1" 200 7406 "-" "Mozilla/5.0 (compatible; MSIE 9.0; Windows NT 6.1; Trident/5.0)" "wellnessconceptsclinic.com"
108.218.216.167 - - [15/Oct/2022:12:14:50 -0700] "POST /wellness/wp-admin/admin-ajax.php HTTP/1.1" 200 47 "https://wellnessconceptsclinic.com/wellness/wp-admin/" "Mozilla/5.0 (Windows NT 10.0; Win64; x64) AppleWebKit/537.36 (KHTML, like Gecko) Chrome/106.0.0.0 Safari/537.36" "wellnessconceptsclinic.com"
108.218.216.167 - - [15/Oct/2022:12:16:51 -0700] "POST /wellness/wp-admin/admin-ajax.php HTTP/1.1" 200 47 "https://wellnessconceptsclinic.com/wellness/wp-admin/" "Mozilla/5.0 (Windows NT 10.0; Win64; x64) AppleWebKit/537.36 (KHTML, like Gecko) Chrome/106.0.0.0 Safari/537.36" "wellnessconceptsclinic.com"
193.142.147.68 - - [15/Oct/2022:12:17:38 -0700] "GET /wp-login.php HTTP/1.1" 200 7406 "-" "Mozilla/5.0 (compatible; MSIE 9.0; Windows NT 6.1; Trident/5.0)" "wellnessconceptsclinic.com"
108.218.216.167 - - [15/Oct/2022:12:18:52 -0700] "POST /wellness/wp-admin/admin-ajax.php HTTP/1.1" 200 47 "https://wellnessconceptsclinic.com/wellness/wp-admin/" "Mozilla/5.0 (Windows NT 10.0; Win64; x64) AppleWebKit/537.36 (KHTML, like Gecko) Chrome/106.0.0.0 Safari/537.36" "wellnessconceptsclinic.com"
87.250.224.188 - - [15/Oct/2022:12:19:13 -0700] "GET /robots.txt HTTP/1.1" 404 73 "-" "Mozilla/5.0 (compatible; YandexBot/3.0; +http://yandex.com/bots)" "www.wellnessconceptsclinic.com"
5.255.253.142 - - [15/Oct/2022:12:19:17 -0700] "GET / HTTP/1.1" 301 20 "-" "Mozilla/5.0 (compatible; YandexBot/3.0; +http://yandex.com/bots)" "www.wellnessconceptsclinic.com"
174.209.226.213 - - [15/Oct/2022:12:19:57 -0700] "GET /wp-content/et-cache/9/et-core-unified-deferred-9.min.css?ver=1664307428 HTTP/1.1" 200 674 "https://wellnessconceptsclinic.com/" "Mozilla/5.0 (Linux; Android 12; SM-G998U) AppleWebKit/537.36 (KHTML, like Gecko) Chrome/106.0.0.0 Mobile Safari/537.36" "wellnessconceptsclinic.com"
108.218.216.167 - - [15/Oct/2022:12:20:53 -0700] "POST /wellness/wp-admin/admin-ajax.php HTTP/1.1" 200 47 "https://wellnessconceptsclinic.com/wellness/wp-admin/" "Mozilla/5.0 (Windows NT 10.0; Win64; x64) AppleWebKit/537.36 (KHTML, like Gecko) Chrome/106.0.0.0 Safari/537.36" "wellnessconceptsclinic.com"
87.250.224.188 - - [15/Oct/2022:12:22:48 -0700] "GET /robots.txt HTTP/1.1" 404 73 "-" "Mozilla/5.0 (compatible; YandexBot/3.0; +http://yandex.com/bots)" "wellnessconceptsclinic.com"
95.108.213.43 - - [15/Oct/2022:12:22:52 -0700] "GET / HTTP/1.1" 200 29585 "-" "Mozilla/5.0 (compatible; YandexBot/3.0; +http://yandex.com/bots)" "wellnessconceptsclinic.com"
108.218.216.167 - - [15/Oct/2022:12:22:54 -0700] "POST /wellness/wp-admin/admin-ajax.php HTTP/1.1" 200 47 "https://wellnessconceptsclinic.com/wellness/wp-admin/" "Mozilla/5.0 (Windows NT 10.0; Win64; x64) AppleWebKit/537.36 (KHTML, like Gecko) Chrome/106.0.0.0 Safari/537.36" "wellnessconceptsclinic.com"
66.29.131.126 - - [15/Oct/2022:12:23:40 -0700] "POST /xmlrpc.php HTTP/1.1" 200 401 "-" "Mozilla/5.0 (Windows NT 10.0; Win64; x64; rv:96.0) Gecko/20100101 Firefox/96" "wellnessconceptsclinic.com"
10.247.24.101 - - [15/Oct/2022:12:23:48 -0700] "POST /wp-cron.php?doing_wp_cron=1665861828.7560958862304687500000 HTTP/1.1" 200 - "https://wellnessconceptsclinic.com/wp-cron.php?doing_wp_cron=1665861828.7560958862304687500000" "WordPress/5.9.4; https://wellnessconceptsclinic.com" "wellnessconceptsclinic.com"
108.218.216.167 - - [15/Oct/2022:12:24:55 -0700] "POST /wellness/wp-admin/admin-ajax.php HTTP/1.1" 200 47 "https://wellnessconceptsclinic.com/wellness/wp-admin/" "Mozilla/5.0 (Windows NT 10.0; Win64; x64) AppleWebKit/537.36 (KHTML, like Gecko) Chrome/106.0.0.0 Safari/537.36" "wellnessconceptsclinic.com"
108.218.216.167 - - [15/Oct/2022:12:26:56 -0700] "POST /wellness/wp-admin/admin-ajax.php HTTP/1.1" 200 47 "https://wellnessconceptsclinic.com/wellness/wp-admin/" "Mozilla/5.0 (Windows NT 10.0; Win64; x64) AppleWebKit/537.36 (KHTML, like Gecko) Chrome/106.0.0.0 Safari/537.36" "wellnessconceptsclinic.com"
108.218.216.167 - - [15/Oct/2022:12:29:10 -0700] "GET /wellness/wp-admin/tools.php HTTP/1.1" 200 112552 "https://wellnessconceptsclinic.com/wellness/wp-admin/" "Mozilla/5.0 (Windows NT 10.0; Win64; x64) AppleWebKit/537.36 (KHTML, like Gecko) Chrome/106.0.0.0 Safari/537.36" "wellnessconceptsclinic.com"
108.218.216.167 - - [15/Oct/2022:12:29:14 -0700] "GET /wellness/wp-admin/options-general.php HTTP/1.1" 200 137880 "https://wellnessconceptsclinic.com/wellness/wp-admin/" "Mozilla/5.0 (Windows NT 10.0; Win64; x64) AppleWebKit/537.36 (KHTML, like Gecko) Chrome/106.0.0.0 Safari/537.36" "wellnessconceptsclinic.com"
108.218.216.167 - - [15/Oct/2022:12:29:21 -0700] "GET /wellness/wp-admin/edit.php?post_type=page HTTP/1.1" 200 156264 "https://wellnessconceptsclinic.com/wellness/wp-admin/" "Mozilla/5.0 (Windows NT 10.0; Win64; x64) AppleWebKit/537.36 (KHTML, like Gecko) Chrome/106.0.0.0 Safari/537.36" "wellnessconceptsclinic.com"
108.218.216.167 - - [15/Oct/2022:12:29:24 -0700] "GET /wellness/wp-admin/edit.php?post_type=page HTTP/1.1" 200 156264 "https://wellnessconceptsclinic.com/wellness/wp-admin/" "Mozilla/5.0 (Windows NT 10.0; Win64; x64) AppleWebKit/537.36 (KHTML, like Gecko) Chrome/106.0.0.0 Safari/537.36" "wellnessconceptsclinic.com"
108.218.216.167 - - [15/Oct/2022:12:29:28 -0700] "GET /wellness/wp-admin/edit.php?post_type=page HTTP/1.1" 200 234816 "https://wellnessconceptsclinic.com/wellness/wp-admin/" "Mozilla/5.0 (Windows NT 10.0; Win64; x64) AppleWebKit/537.36 (KHTML, like Gecko) Chrome/106.0.0.0 Safari/537.36" "wellnessconceptsclinic.com"
108.218.216.167 - - [15/Oct/2022:12:29:42 -0700] "GET /wellness/wp-content/plugins/google-analytics-dashboard-for-wp/admin/css/item-reports.css?ver=5.3.7 HTTP/1.1" 200 541 "https://wellnessconceptsclinic.com/wellness/wp-admin/edit.php?post_type=page" "Mozilla/5.0 (Windows NT 10.0; Win64; x64) AppleWebKit/537.36 (KHTML, like Gecko) Chrome/106.0.0.0 Safari/537.36" "wellnessconceptsclinic.com"
108.218.216.167 - - [15/Oct/2022:12:29:42 -0700] "GET /wellness/wp-admin/load-styles.php?c=1&dir=ltr&load%5B%5D=dashicons,admin-bar,common,forms,admin-menu,dashboard,list-tables,edit,revisions,media,themes,about,nav-menus,wp-pointer,widgets&load%5B%5D=,site-icon,l10n,buttons,wp-auth-check,media-views,wp-jquery-ui-dialog&ver=5.0.17 HTTP/1.1" 200 381988 "https://wellnessconceptsclinic.com/wellness/wp-admin/edit.php?post_type=page" "Mozilla/5.0 (Windows NT 10.0; Win64; x64) AppleWebKit/537.36 (KHTML, like Gecko) Chrome/106.0.0.0 Safari/537.36" "wellnessconceptsclinic.com"
108.218.216.167 - - [15/Oct/2022:12:29:44 -0700] "GET /wellness/wp-admin/js/svg-painter.js?ver=5.0.17 HTTP/1.1" 200 2092 "https://wellnessconceptsclinic.com/wellness/wp-admin/edit.php?post_type=page" "Mozilla/5.0 (Windows NT 10.0; Win64; x64) AppleWebKit/537.36 (KHTML, like Gecko) Chrome/106.0.0.0 Safari/537.36" "wellnessconceptsclinic.com"
108.218.216.167 - - [15/Oct/2022:12:29:45 -0700] "GET /wellness/wp-includes/js/underscore.min.js?ver=1.8.3 HTTP/1.1" 200 5822 "https://wellnessconceptsclinic.com/wellness/wp-admin/edit.php?post_type=page" "Mozilla/5.0 (Windows NT 10.0; Win64; x64) AppleWebKit/537.36 (KHTML, like Gecko) Chrome/106.0.0.0 Safari/537.36" "wellnessconceptsclinic.com"
108.218.216.167 - - [15/Oct/2022:12:29:45 -0700] "GET /wellness/wp-includes/js/shortcode.min.js?ver=5.0.17 HTTP/1.1" 200 1097 "https://wellnessconceptsclinic.com/wellness/wp-admin/edit.php?post_type=page" "Mozilla/5.0 (Windows NT 10.0; Win64; x64) AppleWebKit/537.36 (KHTML, like Gecko) Chrome/106.0.0.0 Safari/537.36" "wellnessconceptsclinic.com"
108.218.216.167 - - [15/Oct/2022:12:29:45 -0700] "GET /wellness/wp-includes/js/wp-util.min.js?ver=5.0.17 HTTP/1.1" 200 563 "https://wellnessconceptsclinic.com/wellness/wp-admin/edit.php?post_type=page" "Mozilla/5.0 (Windows NT 10.0; Win64; x64) AppleWebKit/537.36 (KHTML, like Gecko) Chrome/106.0.0.0 Safari/537.36" "wellnessconceptsclinic.com"
108.218.216.167 - - [15/Oct/2022:12:29:45 -0700] "GET /wellness/wp-includes/js/thickbox/thickbox.js?ver=3.1-20121105 HTTP/1.1" 200 3997 "https://wellnessconceptsclinic.com/wellness/wp-admin/edit.php?post_type=page" "Mozilla/5.0 (Windows NT 10.0; Win64; x64) AppleWebKit/537.36 (KHTML, like Gecko) Chrome/106.0.0.0 Safari/537.36" "wellnessconceptsclinic.com"
108.218.216.167 - - [15/Oct/2022:12:29:45 -0700] "GET /wellness/wp-admin/js/media-upload.min.js?ver=5.0.17 HTTP/1.1" 200 587 "https://wellnessconceptsclinic.com/wellness/wp-admin/edit.php?post_type=page" "Mozilla/5.0 (Windows NT 10.0; Win64; x64) AppleWebKit/537.36 (KHTML, like Gecko) Chrome/106.0.0.0 Safari/537.36" "wellnessconceptsclinic.com"
108.218.216.167 - - [15/Oct/2022:12:29:45 -0700] "GET /wellness/wp-content/plugins/wordpress-seo/js/dist/wp-seo-quick-edit-handler-930.min.js?ver=9.3 HTTP/1.1" 200 601 "https://wellnessconceptsclinic.com/wellness/wp-admin/edit.php?post_type=page" "Mozilla/5.0 (Windows NT 10.0; Win64; x64) AppleWebKit/537.36 (KHTML, like Gecko) Chrome/106.0.0.0 Safari/537.36" "wellnessconceptsclinic.com"
108.218.216.167 - - [15/Oct/2022:12:29:45 -0700] "GET /wellness/wp-content/plugins/wordpress-seo/images/Yoast_SEO_negative_icon.svg HTTP/1.1" 200 280 "https://wellnessconceptsclinic.com/wellness/wp-content/plugins/wordpress-seo/css/dist/admin-global-930.min.css?ver=9.3" "Mozilla/5.0 (Windows NT 10.0; Win64; x64) AppleWebKit/537.36 (KHTML, like Gecko) Chrome/106.0.0.0 Safari/537.36" "wellnessconceptsclinic.com"
108.218.216.167 - - [15/Oct/2022:12:29:45 -0700] "POST /wellness/wp-admin/admin-ajax.php HTTP/1.1" 200 47 "https://wellnessconceptsclinic.com/wellness/wp-admin/edit.php?post_type=page" "Mozilla/5.0 (Windows NT 10.0; Win64; x64) AppleWebKit/537.36 (KHTML, like Gecko) Chrome/106.0.0.0 Safari/537.36" "wellnessconceptsclinic.com"
108.218.216.167 - - [15/Oct/2022:12:29:52 -0700] "GET /wellness/wp-admin/post.php?post=9&action=edit HTTP/1.1" 200 652632 "https://wellnessconceptsclinic.com/wellness/wp-admin/edit.php?post_type=page" "Mozilla/5.0 (Windows NT 10.0; Win64; x64) AppleWebKit/537.36 (KHTML, like Gecko) Chrome/106.0.0.0 Safari/537.36" "wellnessconceptsclinic.com"
108.218.216.167 - - [15/Oct/2022:12:29:57 -0700] "GET /wellness/wp-admin/post.php?post=9&action=edit HTTP/1.1" 200 238992 "https://wellnessconceptsclinic.com/wellness/wp-admin/edit.php?post_type=page" "Mozilla/5.0 (Windows NT 10.0; Win64; x64) AppleWebKit/537.36 (KHTML, like Gecko) Chrome/106.0.0.0 Safari/537.36" "wellnessconceptsclinic.com"
108.218.216.167 - - [15/Oct/2022:12:30:00 -0700] "GET /wellness/wp-admin/post.php?post=9&action=edit HTTP/1.1" 200 202224 "https://wellnessconceptsclinic.com/wellness/wp-admin/edit.php?post_type=page" "Mozilla/5.0 (Windows NT 10.0; Win64; x64) AppleWebKit/537.36 (KHTML, like Gecko) Chrome/106.0.0.0 Safari/537.36" "wellnessconceptsclinic.com"
108.218.216.167 - - [15/Oct/2022:12:30:08 -0700] "GET /wellness/wp-admin/post.php?post=9&action=edit HTTP/1.1" 200 669181 "https://wellnessconceptsclinic.com/wellness/wp-admin/edit.php?post_type=page" "Mozilla/5.0 (Windows NT 10.0; Win64; x64) AppleWebKit/537.36 (KHTML, like Gecko) Chrome/106.0.0.0 Safari/537.36" "wellnessconceptsclinic.com"
108.218.216.167 - - [15/Oct/2022:12:30:20 -0700] "GET /wellness/wp-content/plugins/divi-builder/core/admin/css/portability.css?ver=3.18.3 HTTP/1.1" 200 1205 "https://wellnessconceptsclinic.com/wellness/wp-admin/post.php?post=9&action=edit" "Mozilla/5.0 (Windows NT 10.0; Win64; x64) AppleWebKit/537.36 (KHTML, like Gecko) Chrome/106.0.0.0 Safari/537.36" "wellnessconceptsclinic.com"
108.218.216.167 - - [15/Oct/2022:12:30:20 -0700] "GET /wellness/wp-content/themes/Divi/includes/builder/styles/notification_popup_styles.css?ver=5.0.17 HTTP/1.1" 200 1862 "https://wellnessconceptsclinic.com/wellness/wp-admin/post.php?post=9&action=edit" "Mozilla/5.0 (Windows NT 10.0; Win64; x64) AppleWebKit/537.36 (KHTML, like Gecko) Chrome/106.0.0.0 Safari/537.36" "wellnessconceptsclinic.com"
108.218.216.167 - - [15/Oct/2022:12:30:20 -0700] "GET /wellness/wp-includes/js/dist/data.min.js?ver=4.2.1 HTTP/1.1" 200 7202 "https://wellnessconceptsclinic.com/wellness/wp-admin/post.php?post=9&action=edit" "Mozilla/5.0 (Windows NT 10.0; Win64; x64) AppleWebKit/537.36 (KHTML, like Gecko) Chrome/106.0.0.0 Safari/537.36" "wellnessconceptsclinic.com"
108.218.216.167 - - [15/Oct/2022:12:30:20 -0700] "GET /wellness/wp-includes/js/dist/compose.min.js?ver=3.0.1 HTTP/1.1" 200 2330 "https://wellnessconceptsclinic.com/wellness/wp-admin/post.php?post=9&action=edit" "Mozilla/5.0 (Windows NT 10.0; Win64; x64) AppleWebKit/537.36 (KHTML, like Gecko) Chrome/106.0.0.0 Safari/537.36" "wellnessconceptsclinic.com"
108.218.216.167 - - [15/Oct/2022:12:30:20 -0700] "GET /wellness/wp-includes/js/dist/is-shallow-equal.min.js?ver=1.1.5 HTTP/1.1" 200 682 "https://wellnessconceptsclinic.com/wellness/wp-admin/post.php?post=9&action=edit" "Mozilla/5.0 (Windows NT 10.0; Win64; x64) AppleWebKit/537.36 (KHTML, like Gecko) Chrome/106.0.0.0 Safari/537.36" "wellnessconceptsclinic.com"
108.218.216.167 - - [15/Oct/2022:12:30:20 -0700] "GET /wellness/wp-includes/js/wp-a11y.min.js?ver=5.0.17 HTTP/1.1" 200 357 "https://wellnessconceptsclinic.com/wellness/wp-admin/post.php?post=9&action=edit" "Mozilla/5.0 (Windows NT 10.0; Win64; x64) AppleWebKit/537.36 (KHTML, like Gecko) Chrome/106.0.0.0 Safari/537.36" "wellnessconceptsclinic.com"
108.218.216.167 - - [15/Oct/2022:12:30:20 -0700] "GET /wellness/wp-includes/js/dist/dom.min.js?ver=2.0.9 HTTP/1.1" 200 3248 "https://wellnessconceptsclinic.com/wellness/wp-admin/post.php?post=9&action=edit" "Mozilla/5.0 (Windows NT 10.0; Win64; x64) AppleWebKit/537.36 (KHTML, like Gecko) Chrome/106.0.0.0 Safari/537.36" "wellnessconceptsclinic.com"
108.218.216.167 - - [15/Oct/2022:12:30:20 -0700] "GET /wellness/wp-content/plugins/wordpress-seo/css/dist/yst_seo_score-930.min.css?ver=9.3 HTTP/1.1" 200 260 "https://wellnessconceptsclinic.com/wellness/wp-admin/post.php?post=9&action=edit" "Mozilla/5.0 (Windows NT 10.0; Win64; x64) AppleWebKit/537.36 (KHTML, like Gecko) Chrome/106.0.0.0 Safari/537.36" "wellnessconceptsclinic.com"
108.218.216.167 - - [15/Oct/2022:12:30:20 -0700] "GET /wellness/wp-content/plugins/wordpress-seo/js/dist/wp-seo-metabox-930.min.js?ver=9.3 HTTP/1.1" 200 1075 "https://wellnessconceptsclinic.com/wellness/wp-admin/post.php?post=9&action=edit" "Mozilla/5.0 (Windows NT 10.0; Win64; x64) AppleWebKit/537.36 (KHTML, like Gecko) Chrome/106.0.0.0 Safari/537.36" "wellnessconceptsclinic.com"
108.218.216.167 - - [15/Oct/2022:12:30:20 -0700] "GET /wellness/wp-includes/js/dist/keycodes.min.js?ver=2.0.6 HTTP/1.1" 200 1927 "https://wellnessconceptsclinic.com/wellness/wp-admin/post.php?post=9&action=edit" "Mozilla/5.0 (Windows NT 10.0; Win64; x64) AppleWebKit/537.36 (KHTML, like Gecko) Chrome/106.0.0.0 Safari/537.36" "wellnessconceptsclinic.com"
108.218.216.167 - - [15/Oct/2022:12:30:20 -0700] "GET /wellness/wp-content/plugins/wordpress-seo/css/dist/yst_plugin_tools-930.min.css?ver=9.3 HTTP/1.1" 200 2886 "https://wellnessconceptsclinic.com/wellness/wp-admin/post.php?post=9&action=edit" "Mozilla/5.0 (Windows NT 10.0; Win64; x64) AppleWebKit/537.36 (KHTML, like Gecko) Chrome/106.0.0.0 Safari/537.36" "wellnessconceptsclinic.com"
108.218.216.167 - - [15/Oct/2022:12:30:20 -0700] "GET /wellness/wp-includes/js/quicktags.min.js?ver=5.0.17 HTTP/1.1" 200 3469 "https://wellnessconceptsclinic.com/wellness/wp-admin/post.php?post=9&action=edit" "Mozilla/5.0 (Windows NT 10.0; Win64; x64) AppleWebKit/537.36 (KHTML, like Gecko) Chrome/106.0.0.0 Safari/537.36" "wellnessconceptsclinic.com"
108.218.216.167 - - [15/Oct/2022:12:30:20 -0700] "GET /wellness/wp-includes/js/dist/api-fetch.min.js?ver=2.2.8 HTTP/1.1" 200 2713 "https://wellnessconceptsclinic.com/wellness/wp-admin/post.php?post=9&action=edit" "Mozilla/5.0 (Windows NT 10.0; Win64; x64) AppleWebKit/537.36 (KHTML, like Gecko) Chrome/106.0.0.0 Safari/537.36" "wellnessconceptsclinic.com"
108.218.216.167 - - [15/Oct/2022:12:30:20 -0700] "GET /wellness/wp-content/plugins/wordpress-seo/css/dist/toggle-switch-930.min.css?ver=9.3 HTTP/1.1" 200 1505 "https://wellnessconceptsclinic.com/wellness/wp-admin/post.php?post=9&action=edit" "Mozilla/5.0 (Windows NT 10.0; Win64; x64) AppleWebKit/537.36 (KHTML, like Gecko) Chrome/106.0.0.0 Safari/537.36" "wellnessconceptsclinic.com"
108.218.216.167 - - [15/Oct/2022:12:30:20 -0700] "GET /wellness/wp-includes/js/dist/components.min.js?ver=7.0.10 HTTP/1.1" 200 153342 "https://wellnessconceptsclinic.com/wellness/wp-admin/post.php?post=9&action=edit" "Mozilla/5.0 (Windows NT 10.0; Win64; x64) AppleWebKit/537.36 (KHTML, like Gecko) Chrome/106.0.0.0 Safari/537.36" "wellnessconceptsclinic.com"
108.218.216.167 - - [15/Oct/2022:12:30:20 -0700] "GET /wellness/wp-admin/load-scripts.php?c=1&load%5B%5D=jquery-core,jquery-migrate,utils&ver=5.0.17 HTTP/1.1" 200 108727 "https://wellnessconceptsclinic.com/wellness/wp-admin/post.php?post=9&action=edit" "Mozilla/5.0 (Windows NT 10.0; Win64; x64) AppleWebKit/537.36 (KHTML, like Gecko) Chrome/106.0.0.0 Safari/537.36" "wellnessconceptsclinic.com"
108.218.216.167 - - [15/Oct/2022:12:30:20 -0700] "GET /wellness/wp-admin/load-styles.php?c=1&dir=ltr&load%5B%5D=dashicons,admin-bar,buttons,media-views,common,forms,admin-menu,dashboard,list-tables,edit,revisions,media,themes,about,nav-menu&load%5B%5D=s,wp-pointer,widgets,site-icon,l10n,wp-auth-check,wp-color-picker&ver=5.0.17 HTTP/1.1" 200 380346 "https://wellnessconceptsclinic.com/wellness/wp-admin/post.php?post=9&action=edit" "Mozilla/5.0 (Windows NT 10.0; Win64; x64) AppleWebKit/537.36 (KHTML, like Gecko) Chrome/106.0.0.0 Safari/537.36" "wellnessconceptsclinic.com"
108.218.216.167 - - [15/Oct/2022:12:30:23 -0700] "GET /wellness/wp-includes/css/editor.min.css?ver=5.0.17 HTTP/1.1" 200 5828 "https://wellnessconceptsclinic.com/wellness/wp-admin/post.php?post=9&action=edit" "Mozilla/5.0 (Windows NT 10.0; Win64; x64) AppleWebKit/537.36 (KHTML, like Gecko) Chrome/106.0.0.0 Safari/537.36" "wellnessconceptsclinic.com"
108.218.216.167 - - [15/Oct/2022:12:30:23 -0700] "GET /wellness/wp-content/plugins/wordpress-seo/js/dist/wp-seo-help-center-930.min.js?ver=9.3 HTTP/1.1" 200 16723 "https://wellnessconceptsclinic.com/wellness/wp-admin/post.php?post=9&action=edit" "Mozilla/5.0 (Windows NT 10.0; Win64; x64) AppleWebKit/537.36 (KHTML, like Gecko) Chrome/106.0.0.0 Safari/537.36" "wellnessconceptsclinic.com"
108.218.216.167 - - [15/Oct/2022:12:30:23 -0700] "GET /wellness/wp-content/plugins/wordpress-seo/js/dist/wp-seo-admin-media-930.min.js?ver=9.3 HTTP/1.1" 200 451 "https://wellnessconceptsclinic.com/wellness/wp-admin/post.php?post=9&action=edit" "Mozilla/5.0 (Windows NT 10.0; Win64; x64) AppleWebKit/537.36 (KHTML, like Gecko) Chrome/106.0.0.0 Safari/537.36" "wellnessconceptsclinic.com"
108.218.216.167 - - [15/Oct/2022:12:30:23 -0700] "GET /wellness/wp-content/plugins/wordpress-seo/js/dist/wp-seo-replacevar-plugin-930.min.js?ver=9.3 HTTP/1.1" 200 11106 "https://wellnessconceptsclinic.com/wellness/wp-admin/post.php?post=9&action=edit" "Mozilla/5.0 (Windows NT 10.0; Win64; x64) AppleWebKit/537.36 (KHTML, like Gecko) Chrome/106.0.0.0 Safari/537.36" "wellnessconceptsclinic.com"
108.218.216.167 - - [15/Oct/2022:12:30:24 -0700] "GET /wellness/wp-includes/js/jquery/ui/datepicker.min.js?ver=1.11.4 HTTP/1.1" 200 10782 "https://wellnessconceptsclinic.com/wellness/wp-admin/post.php?post=9&action=edit" "Mozilla/5.0 (Windows NT 10.0; Win64; x64) AppleWebKit/537.36 (KHTML, like Gecko) Chrome/106.0.0.0 Safari/537.36" "wellnessconceptsclinic.com"
108.218.216.167 - - [15/Oct/2022:12:30:24 -0700] "GET /wellness/wp-content/themes/Divi/includes/builder/scripts/ext/jquery.minicolors.js?ver=3.18.3 HTTP/1.1" 200 5834 "https://wellnessconceptsclinic.com/wellness/wp-admin/post.php?post=9&action=edit" "Mozilla/5.0 (Windows NT 10.0; Win64; x64) AppleWebKit/537.36 (KHTML, like Gecko) Chrome/106.0.0.0 Safari/537.36" "wellnessconceptsclinic.com"
108.218.216.167 - - [15/Oct/2022:12:30:24 -0700] "GET /wellness/wp-includes/js/wp-embed.min.js?ver=5.0.17 HTTP/1.1" 200 739 "https://wellnessconceptsclinic.com/wellness/wp-admin/post.php?post=9&action=edit" "Mozilla/5.0 (Windows NT 10.0; Win64; x64) AppleWebKit/537.36 (KHTML, like Gecko) Chrome/106.0.0.0 Safari/537.36" "wellnessconceptsclinic.com"
108.218.216.167 - - [15/Oct/2022:12:30:24 -0700] "GET /wellness/wp-content/plugins/wordpress-seo/js/dist/wp-seo-featured-image-930.min.js?ver=9.3 HTTP/1.1" 200 2131 "https://wellnessconceptsclinic.com/wellness/wp-admin/post.php?post=9&action=edit" "Mozilla/5.0 (Windows NT 10.0; Win64; x64) AppleWebKit/537.36 (KHTML, like Gecko) Chrome/106.0.0.0 Safari/537.36" "wellnessconceptsclinic.com"
108.218.216.167 - - [15/Oct/2022:12:30:24 -0700] "GET /wellness/wp-includes/js/tinymce/langs/wp-langs-en.js?ver=4800-20180716 HTTP/1.1" 200 5448 "https://wellnessconceptsclinic.com/wellness/wp-admin/post.php?post=9&action=edit" "Mozilla/5.0 (Windows NT 10.0; Win64; x64) AppleWebKit/537.36 (KHTML, like Gecko) Chrome/106.0.0.0 Safari/537.36" "wellnessconceptsclinic.com"
108.218.216.167 - - [15/Oct/2022:12:30:24 -0700] "GET /wellness/wp-content/themes/Divi/includes/builder/scripts/lz-string.min.js?ver=3.18.3 HTTP/1.1" 200 1607 "https://wellnessconceptsclinic.com/wellness/wp-admin/post.php?post=9&action=edit" "Mozilla/5.0 (Windows NT 10.0; Win64; x64) AppleWebKit/537.36 (KHTML, like Gecko) Chrome/106.0.0.0 Safari/537.36" "wellnessconceptsclinic.com"
108.218.216.167 - - [15/Oct/2022:12:30:24 -0700] "GET /wellness/wp-content/themes/Divi/includes/builder/scripts/ext/wp-color-picker-alpha.min.js?ver=3.18.3 HTTP/1.1" 200 3304 "https://wellnessconceptsclinic.com/wellness/wp-admin/post.php?post=9&action=edit" "Mozilla/5.0 (Windows NT 10.0; Win64; x64) AppleWebKit/537.36 (KHTML, like Gecko) Chrome/106.0.0.0 Safari/537.36" "wellnessconceptsclinic.com"
108.218.216.167 - - [15/Oct/2022:12:30:24 -0700] "GET /wellness/wp-content/themes/Divi/includes/builder/scripts/builder.js?ver=3.18.3 HTTP/1.1" 200 136949 "https://wellnessconceptsclinic.com/wellness/wp-admin/post.php?post=9&action=edit" "Mozilla/5.0 (Windows NT 10.0; Win64; x64) AppleWebKit/537.36 (KHTML, like Gecko) Chrome/106.0.0.0 Safari/537.36" "wellnessconceptsclinic.com"
108.218.216.167 - - [15/Oct/2022:12:30:25 -0700] "GET /wellness/wp-content/plugins/divi-builder/core/admin/fonts/builder.woff HTTP/1.1" 200 21420 "https://wellnessconceptsclinic.com/wellness/wp-content/plugins/divi-builder/core/admin/css/core.css?ver=3.18.3" "Mozilla/5.0 (Windows NT 10.0; Win64; x64) AppleWebKit/537.36 (KHTML, like Gecko) Chrome/106.0.0.0 Safari/537.36" "wellnessconceptsclinic.com"
108.218.216.167 - - [15/Oct/2022:12:30:25 -0700] "GET /wellness/wp-content/themes/Divi/includes/builder/images/menu.svg HTTP/1.1" 200 505 "https://wellnessconceptsclinic.com/wellness/wp-admin/post.php?post=9&action=edit" "Mozilla/5.0 (Windows NT 10.0; Win64; x64) AppleWebKit/537.36 (KHTML, like Gecko) Chrome/106.0.0.0 Safari/537.36" "wellnessconceptsclinic.com"
108.218.216.167 - - [15/Oct/2022:12:30:25 -0700] "GET /wellness/wp-content/plugins/wordpress-seo/js/dist/wp-seo-analysis-worker-930.min.js HTTP/1.1" 200 580144 "https://wellnessconceptsclinic.com/wellness/wp-admin/post.php?post=9&action=edit" "Mozilla/5.0 (Windows NT 10.0; Win64; x64) AppleWebKit/537.36 (KHTML, like Gecko) Chrome/106.0.0.0 Safari/537.36" "wellnessconceptsclinic.com"
108.218.216.167 - - [15/Oct/2022:12:30:26 -0700] "GET /wellness/wp-content/plugins/wordpress-seo/js/dist/wp-seo-used-keywords-assessment-930.min.js HTTP/1.1" 200 745 "https://wellnessconceptsclinic.com/wellness/wp-content/plugins/wordpress-seo/js/dist/wp-seo-analysis-worker-930.min.js" "Mozilla/5.0 (Windows NT 10.0; Win64; x64) AppleWebKit/537.36 (KHTML, like Gecko) Chrome/106.0.0.0 Safari/537.36" "wellnessconceptsclinic.com"
108.218.216.167 - - [15/Oct/2022:12:30:25 -0700] "POST /wellness/wp-admin/admin-ajax.php HTTP/1.1" 200 11314 "https://wellnessconceptsclinic.com/wellness/wp-admin/post.php?post=9&action=edit" "Mozilla/5.0 (Windows NT 10.0; Win64; x64) AppleWebKit/537.36 (KHTML, like Gecko) Chrome/106.0.0.0 Safari/537.36" "wellnessconceptsclinic.com"
108.218.216.167 - - [15/Oct/2022:12:30:26 -0700] "POST /wellness/wp-admin/admin-ajax.php HTTP/1.1" 200 - "https://wellnessconceptsclinic.com/wellness/wp-admin/post.php?post=9&action=edit" "Mozilla/5.0 (Windows NT 10.0; Win64; x64) AppleWebKit/537.36 (KHTML, like Gecko) Chrome/106.0.0.0 Safari/537.36" "wellnessconceptsclinic.com"
108.218.216.167 - - [15/Oct/2022:12:30:25 -0700] "POST /wellness/wp-admin/admin-ajax.php HTTP/1.1" 200 14203 "https://wellnessconceptsclinic.com/wellness/wp-admin/post.php?post=9&action=edit" "Mozilla/5.0 (Windows NT 10.0; Win64; x64) AppleWebKit/537.36 (KHTML, like Gecko) Chrome/106.0.0.0 Safari/537.36" "wellnessconceptsclinic.com"
108.218.216.167 - - [15/Oct/2022:12:30:26 -0700] "POST /wellness/wp-admin/admin-ajax.php HTTP/1.1" 200 201306 "https://wellnessconceptsclinic.com/wellness/wp-admin/post.php?post=9&action=edit" "Mozilla/5.0 (Windows NT 10.0; Win64; x64) AppleWebKit/537.36 (KHTML, like Gecko) Chrome/106.0.0.0 Safari/537.36" "wellnessconceptsclinic.com"
108.218.216.167 - - [15/Oct/2022:12:30:27 -0700] "POST /wellness/wp-admin/admin-ajax.php HTTP/1.1" 200 283182 "https://wellnessconceptsclinic.com/wellness/wp-admin/post.php?post=9&action=edit" "Mozilla/5.0 (Windows NT 10.0; Win64; x64) AppleWebKit/537.36 (KHTML, like Gecko) Chrome/106.0.0.0 Safari/537.36" "wellnessconceptsclinic.com"
108.218.216.167 - - [15/Oct/2022:12:30:41 -0700] "POST /wellness/wp-admin/admin-ajax.php HTTP/1.1" 200 214 "https://wellnessconceptsclinic.com/wellness/wp-admin/post.php?post=9&action=edit" "Mozilla/5.0 (Windows NT 10.0; Win64; x64) AppleWebKit/537.36 (KHTML, like Gecko) Chrome/106.0.0.0 Safari/537.36" "wellnessconceptsclinic.com"
108.218.216.167 - - [15/Oct/2022:12:30:56 -0700] "POST /wellness/wp-admin/admin-ajax.php HTTP/1.1" 200 214 "https://wellnessconceptsclinic.com/wellness/wp-admin/post.php?post=9&action=edit" "Mozilla/5.0 (Windows NT 10.0; Win64; x64) AppleWebKit/537.36 (KHTML, like Gecko) Chrome/106.0.0.0 Safari/537.36" "wellnessconceptsclinic.com"
108.218.216.167 - - [15/Oct/2022:12:31:11 -0700] "POST /wellness/wp-admin/admin-ajax.php HTTP/1.1" 200 214 "https://wellnessconceptsclinic.com/wellness/wp-admin/post.php?post=9&action=edit" "Mozilla/5.0 (Windows NT 10.0; Win64; x64) AppleWebKit/537.36 (KHTML, like Gecko) Chrome/106.0.0.0 Safari/537.36" "wellnessconceptsclinic.com"
108.218.216.167 - - [15/Oct/2022:12:31:26 -0700] "POST /wellness/wp-admin/admin-ajax.php HTTP/1.1" 200 214 "https://wellnessconceptsclinic.com/wellness/wp-admin/post.php?post=9&action=edit" "Mozilla/5.0 (Windows NT 10.0; Win64; x64) AppleWebKit/537.36 (KHTML, like Gecko) Chrome/106.0.0.0 Safari/537.36" "wellnessconceptsclinic.com"
108.218.216.167 - - [15/Oct/2022:12:31:26 -0700] "GET /wellness/wp-admin/edit.php?post_type=page HTTP/1.1" 200 234816 "https://wellnessconceptsclinic.com/wellness/wp-admin/post.php?post=9&action=edit" "Mozilla/5.0 (Windows NT 10.0; Win64; x64) AppleWebKit/537.36 (KHTML, like Gecko) Chrome/106.0.0.0 Safari/537.36" "wellnessconceptsclinic.com"
108.218.216.167 - - [15/Oct/2022:12:31:46 -0700] "POST /wellness/wp-admin/admin-ajax.php HTTP/1.1" 200 47 "https://wellnessconceptsclinic.com/wellness/wp-admin/edit.php?post_type=page" "Mozilla/5.0 (Windows NT 10.0; Win64; x64) AppleWebKit/537.36 (KHTML, like Gecko) Chrome/106.0.0.0 Safari/537.36" "wellnessconceptsclinic.com"
108.218.216.167 - - [15/Oct/2022:12:31:45 -0700] "POST /wellness/wp-admin/admin-ajax.php HTTP/1.1" 200 1 "https://wellnessconceptsclinic.com/wellness/wp-admin/post.php?post=9&action=edit" "Mozilla/5.0 (Windows NT 10.0; Win64; x64) AppleWebKit/537.36 (KHTML, like Gecko) Chrome/106.0.0.0 Safari/537.36" "wellnessconceptsclinic.com"
108.218.216.167 - - [15/Oct/2022:12:31:41 -0700] "POST /wellness/wp-admin/admin-ajax.php HTTP/1.1" 200 214 "https://wellnessconceptsclinic.com/wellness/wp-admin/post.php?post=9&action=edit" "Mozilla/5.0 (Windows NT 10.0; Win64; x64) AppleWebKit/537.36 (KHTML, like Gecko) Chrome/106.0.0.0 Safari/537.36" "wellnessconceptsclinic.com"
108.218.216.167 - - [15/Oct/2022:12:32:01 -0700] "POST /wellness/wp-admin/admin-ajax.php HTTP/1.1" 200 47 "https://wellnessconceptsclinic.com/wellness/wp-admin/edit.php?post_type=page" "Mozilla/5.0 (Windows NT 10.0; Win64; x64) AppleWebKit/537.36 (KHTML, like Gecko) Chrome/106.0.0.0 Safari/537.36" "wellnessconceptsclinic.com"
108.218.216.167 - - [15/Oct/2022:12:32:16 -0700] "POST /wellness/wp-admin/admin-ajax.php HTTP/1.1" 200 47 "https://wellnessconceptsclinic.com/wellness/wp-admin/edit.php?post_type=page" "Mozilla/5.0 (Windows NT 10.0; Win64; x64) AppleWebKit/537.36 (KHTML, like Gecko) Chrome/106.0.0.0 Safari/537.36" "wellnessconceptsclinic.com"
108.218.216.167 - - [15/Oct/2022:12:32:24 -0700] "GET /wellness/wp-admin/post.php?post=100&action=edit HTTP/1.1" 200 644039 "https://wellnessconceptsclinic.com/wellness/wp-admin/edit.php?post_type=page" "Mozilla/5.0 (Windows NT 10.0; Win64; x64) AppleWebKit/537.36 (KHTML, like Gecko) Chrome/106.0.0.0 Safari/537.36" "wellnessconceptsclinic.com"
108.218.216.167 - - [15/Oct/2022:12:32:41 -0700] "GET /wellness/index.php?rest_route=/wp/v2/ HTTP/1.1" 404 88 "https://wellnessconceptsclinic.com/wellness/wp-admin/post.php?post=100&action=edit" "Mozilla/5.0 (Windows NT 10.0; Win64; x64) AppleWebKit/537.36 (KHTML, like Gecko) Chrome/106.0.0.0 Safari/537.36" "wellnessconceptsclinic.com"
108.218.216.167 - - [15/Oct/2022:12:32:31 -0700] "POST /wellness/wp-admin/admin-ajax.php HTTP/1.1" 200 47 "https://wellnessconceptsclinic.com/wellness/wp-admin/edit.php?post_type=page" "Mozilla/5.0 (Windows NT 10.0; Win64; x64) AppleWebKit/537.36 (KHTML, like Gecko) Chrome/106.0.0.0 Safari/537.36" "wellnessconceptsclinic.com"
108.218.216.167 - - [15/Oct/2022:12:32:43 -0700] "POST /wellness/wp-admin/admin-ajax.php HTTP/1.1" 200 - "https://wellnessconceptsclinic.com/wellness/wp-admin/post.php?post=100&action=edit" "Mozilla/5.0 (Windows NT 10.0; Win64; x64) AppleWebKit/537.36 (KHTML, like Gecko) Chrome/106.0.0.0 Safari/537.36" "wellnessconceptsclinic.com"
108.218.216.167 - - [15/Oct/2022:12:32:43 -0700] "POST /wellness/wp-admin/admin-ajax.php HTTP/1.1" 200 14496 "https://wellnessconceptsclinic.com/wellness/wp-admin/post.php?post=100&action=edit" "Mozilla/5.0 (Windows NT 10.0; Win64; x64) AppleWebKit/537.36 (KHTML, like Gecko) Chrome/106.0.0.0 Safari/537.36" "wellnessconceptsclinic.com"
108.218.216.167 - - [15/Oct/2022:12:32:41 -0700] "POST /wellness/wp-admin/admin-ajax.php HTTP/1.1" 200 14164 "https://wellnessconceptsclinic.com/wellness/wp-admin/post.php?post=100&action=edit" "Mozilla/5.0 (Windows NT 10.0; Win64; x64) AppleWebKit/537.36 (KHTML, like Gecko) Chrome/106.0.0.0 Safari/537.36" "wellnessconceptsclinic.com"
108.218.216.167 - - [15/Oct/2022:12:32:58 -0700] "POST /wellness/wp-admin/admin-ajax.php HTTP/1.1" 200 214 "https://wellnessconceptsclinic.com/wellness/wp-admin/post.php?post=100&action=edit" "Mozilla/5.0 (Windows NT 10.0; Win64; x64) AppleWebKit/537.36 (KHTML, like Gecko) Chrome/106.0.0.0 Safari/537.36" "wellnessconceptsclinic.com"
108.218.216.167 - - [15/Oct/2022:12:33:13 -0700] "POST /wellness/wp-admin/admin-ajax.php HTTP/1.1" 200 214 "https://wellnessconceptsclinic.com/wellness/wp-admin/post.php?post=100&action=edit" "Mozilla/5.0 (Windows NT 10.0; Win64; x64) AppleWebKit/537.36 (KHTML, like Gecko) Chrome/106.0.0.0 Safari/537.36" "wellnessconceptsclinic.com"
108.218.216.167 - - [15/Oct/2022:12:33:28 -0700] "POST /wellness/wp-admin/admin-ajax.php HTTP/1.1" 200 214 "https://wellnessconceptsclinic.com/wellness/wp-admin/post.php?post=100&action=edit" "Mozilla/5.0 (Windows NT 10.0; Win64; x64) AppleWebKit/537.36 (KHTML, like Gecko) Chrome/106.0.0.0 Safari/537.36" "wellnessconceptsclinic.com"
108.218.216.167 - - [15/Oct/2022:12:33:43 -0700] "POST /wellness/wp-admin/admin-ajax.php HTTP/1.1" 200 214 "https://wellnessconceptsclinic.com/wellness/wp-admin/post.php?post=100&action=edit" "Mozilla/5.0 (Windows NT 10.0; Win64; x64) AppleWebKit/537.36 (KHTML, like Gecko) Chrome/106.0.0.0 Safari/537.36" "wellnessconceptsclinic.com"
108.218.216.167 - - [15/Oct/2022:12:33:58 -0700] "POST /wellness/wp-admin/admin-ajax.php HTTP/1.1" 200 214 "https://wellnessconceptsclinic.com/wellness/wp-admin/post.php?post=100&action=edit" "Mozilla/5.0 (Windows NT 10.0; Win64; x64) AppleWebKit/537.36 (KHTML, like Gecko) Chrome/106.0.0.0 Safari/537.36" "wellnessconceptsclinic.com"
108.218.216.167 - - [15/Oct/2022:12:34:13 -0700] "POST /wellness/wp-admin/admin-ajax.php HTTP/1.1" 200 214 "https://wellnessconceptsclinic.com/wellness/wp-admin/post.php?post=100&action=edit" "Mozilla/5.0 (Windows NT 10.0; Win64; x64) AppleWebKit/537.36 (KHTML, like Gecko) Chrome/106.0.0.0 Safari/537.36" "wellnessconceptsclinic.com"
108.218.216.167 - - [15/Oct/2022:12:34:28 -0700] "POST /wellness/wp-admin/admin-ajax.php HTTP/1.1" 200 214 "https://wellnessconceptsclinic.com/wellness/wp-admin/post.php?post=100&action=edit" "Mozilla/5.0 (Windows NT 10.0; Win64; x64) AppleWebKit/537.36 (KHTML, like Gecko) Chrome/106.0.0.0 Safari/537.36" "wellnessconceptsclinic.com"
108.218.216.167 - - [15/Oct/2022:12:34:58 -0700] "POST /wellness/wp-admin/admin-ajax.php HTTP/1.1" 200 214 "https://wellnessconceptsclinic.com/wellness/wp-admin/post.php?post=100&action=edit" "Mozilla/5.0 (Windows NT 10.0; Win64; x64) AppleWebKit/537.36 (KHTML, like Gecko) Chrome/106.0.0.0 Safari/537.36" "wellnessconceptsclinic.com"
108.218.216.167 - - [15/Oct/2022:12:35:13 -0700] "POST /wellness/wp-admin/admin-ajax.php HTTP/1.1" 200 214 "https://wellnessconceptsclinic.com/wellness/wp-admin/post.php?post=100&action=edit" "Mozilla/5.0 (Windows NT 10.0; Win64; x64) AppleWebKit/537.36 (KHTML, like Gecko) Chrome/106.0.0.0 Safari/537.36" "wellnessconceptsclinic.com"
104.173.54.241 - - [15/Oct/2022:12:35:46 -0700] "GET /wp-content/uploads/2018/11/detox2.png HTTP/1.1" 200 749422 "https://www.google.com/" "Mozilla/5.0 (Linux; Android 12; SM-N976V) AppleWebKit/537.36 (KHTML, like Gecko) Chrome/106.0.0.0 Mobile Safari/537.36" "wellnessconceptsclinic.com"
193.142.146.138 - - [15/Oct/2022:12:35:59 -0700] "GET /wp-admin/css/ HTTP/1.1" 200 1573 "binance.com" "Mozilla/5.0 (Windows NT 10.0; Win64; x64) AppleWebKit/537.36 (KHTML, like Gecko) Chrome/90.0.4430.85 Safari/537.36" "wellnessconceptsclinic.com"
108.218.216.167 - - [15/Oct/2022:12:36:04 -0700] "GET /wellness/?page_id=100 HTTP/1.1" 200 791 "-" "Mozilla/5.0 (Windows NT 10.0; Win64; x64) AppleWebKit/537.36 (KHTML, like Gecko) Chrome/106.0.0.0 Safari/537.36" "wellnessconceptsclinic.com"
193.142.146.138 - - [15/Oct/2022:12:36:06 -0700] "GET /wp-content/uploads/2022/10/ HTTP/1.1" 200 1366 "binance.com" "Mozilla/5.0 (Windows NT 10.0; Win64; x64) AppleWebKit/537.36 (KHTML, like Gecko) Chrome/90.0.4430.85 Safari/537.36" "wellnessconceptsclinic.com"
108.218.216.167 - - [15/Oct/2022:12:35:58 -0700] "POST /wellness/wp-admin/admin-ajax.php HTTP/1.1" 200 214 "https://wellnessconceptsclinic.com/wellness/wp-admin/post.php?post=100&action=edit" "Mozilla/5.0 (Windows NT 10.0; Win64; x64) AppleWebKit/537.36 (KHTML, like Gecko) Chrome/106.0.0.0 Safari/537.36" "wellnessconceptsclinic.com"
108.218.216.167 - - [15/Oct/2022:12:36:04 -0700] "POST /wellness/wp-admin/admin-ajax.php HTTP/1.1" 200 1 "https://wellnessconceptsclinic.com/wellness/wp-admin/post.php?post=100&action=edit" "Mozilla/5.0 (Windows NT 10.0; Win64; x64) AppleWebKit/537.36 (KHTML, like Gecko) Chrome/106.0.0.0 Safari/537.36" "wellnessconceptsclinic.com"
20.163.60.126 - - [15/Oct/2022:12:36:13 -0700] "GET / HTTP/1.1" 200 161809 "-" "Mozilla/5.0 (Windows NT 10.0; Win64; x64) AppleWebKit/537.36 (KHTML, like Gecko) Chrome/79.0 Safari/537.36" "wellnessconceptsclinic.com"
193.142.146.138 - - [15/Oct/2022:12:36:14 -0700] "GET /wp-content/uploads/2022/09/ HTTP/1.1" 200 1181 "binance.com" "Mozilla/5.0 (Windows NT 10.0; Win64; x64) AppleWebKit/537.36 (KHTML, like Gecko) Chrome/90.0.4430.85 Safari/537.36" "wellnessconceptsclinic.com"
20.163.60.126 - - [15/Oct/2022:12:36:14 -0700] "GET /wp-includes/wlwmanifest.xml HTTP/1.1" 200 1045 "-" "Mozilla/5.0 (Windows NT 10.0; Win64; x64) AppleWebKit/537.36 (KHTML, like Gecko) Chrome/79.0 Safari/537.36" "wellnessconceptsclinic.com"
193.142.146.138 - - [15/Oct/2022:12:36:18 -0700] "GET /wp-content/uploads/ HTTP/1.1" 200 393 "binance.com" "Mozilla/5.0 (Windows NT 10.0; Win64; x64) AppleWebKit/537.36 (KHTML, like Gecko) Chrome/90.0.4430.85 Safari/537.36" "wellnessconceptsclinic.com"
20.163.60.126 - - [15/Oct/2022:12:36:14 -0700] "GET /?author=1 HTTP/1.1" 200 74915 "-" "Mozilla/5.0 (Windows NT 10.0; Win64; x64) AppleWebKit/537.36 (KHTML, like Gecko) Chrome/79.0 Safari/537.36" "wellnessconceptsclinic.com"
193.142.146.138 - - [15/Oct/2022:12:36:22 -0700] "GET /wp-content/upgrade/ HTTP/1.1" 200 324 "binance.com" "Mozilla/5.0 (Windows NT 10.0; Win64; x64) AppleWebKit/537.36 (KHTML, like Gecko) Chrome/90.0.4430.85 Safari/537.36" "wellnessconceptsclinic.com"
193.142.146.138 - - [15/Oct/2022:12:36:26 -0700] "GET /wp-content/languages/ HTTP/1.1" 404 88 "binance.com" "Mozilla/5.0 (Windows NT 10.0; Win64; x64) AppleWebKit/537.36 (KHTML, like Gecko) Chrome/90.0.4430.85 Safari/537.36" "wellnessconceptsclinic.com"
108.218.216.167 - - [15/Oct/2022:12:36:29 -0700] "GET /wellness/index.php?rest_route=/wp/v2/ HTTP/1.1" 404 88 "https://wellnessconceptsclinic.com/wellness/wp-admin/post.php?post=100&action=edit" "Mozilla/5.0 (Windows NT 10.0; Win64; x64) AppleWebKit/537.36 (KHTML, like Gecko) Chrome/106.0.0.0 Safari/537.36" "wellnessconceptsclinic.com"
20.163.60.126 - - [15/Oct/2022:12:36:21 -0700] "GET /?author=2 HTTP/1.1" 200 74962 "-" "Mozilla/5.0 (Windows NT 10.0; Win64; x64) AppleWebKit/537.36 (KHTML, like Gecko) Chrome/79.0 Safari/537.36" "wellnessconceptsclinic.com"
20.163.60.126 - - [15/Oct/2022:12:36:29 -0700] "GET /wp-json/oembed/1.0/embed?url=https://wellnessconceptsclinic.com/ HTTP/1.1" 404 73 "-" "Mozilla/5.0 (Windows NT 10.0; Win64; x64) AppleWebKit/537.36 (KHTML, like Gecko) Chrome/79.0 Safari/537.36" "wellnessconceptsclinic.com"
20.163.60.126 - - [15/Oct/2022:12:36:30 -0700] "POST /xmlrpc.php HTTP/1.1" 500 5653 "-" "Mozilla/5.0 (Windows NT 10.0; Win64; x64) AppleWebKit/537.36 (KHTML, like Gecko) Chrome/79.0 Safari/537.36" "wellnessconceptsclinic.com"
193.142.146.138 - - [15/Oct/2022:12:36:30 -0700] "GET /wp-admin/includes/ HTTP/1.1" 200 2005 "binance.com" "Mozilla/5.0 (Windows NT 10.0; Win64; x64) AppleWebKit/537.36 (KHTML, like Gecko) Chrome/90.0.4430.85 Safari/537.36" "wellnessconceptsclinic.com"
193.142.146.138 - - [15/Oct/2022:12:36:33 -0700] "GET /wp-admin/includes/ HTTP/1.1" 200 2005 "binance.com" "Mozilla/5.0 (Windows NT 10.0; Win64; x64) AppleWebKit/537.36 (KHTML, like Gecko) Chrome/90.0.4430.85 Safari/537.36" "wellnessconceptsclinic.com"
193.142.146.138 - - [15/Oct/2022:12:36:38 -0700] "GET /wp-admin/maint/ HTTP/1.1" 200 371 "binance.com" "Mozilla/5.0 (Windows NT 10.0; Win64; x64) AppleWebKit/537.36 (KHTML, like Gecko) Chrome/90.0.4430.85 Safari/537.36" "wellnessconceptsclinic.com"
108.218.216.167 - - [15/Oct/2022:12:36:31 -0700] "POST /wellness/wp-admin/admin-ajax.php HTTP/1.1" 200 14496 "https://wellnessconceptsclinic.com/wellness/wp-admin/post.php?post=100&action=edit" "Mozilla/5.0 (Windows NT 10.0; Win64; x64) AppleWebKit/537.36 (KHTML, like Gecko) Chrome/106.0.0.0 Safari/537.36" "wellnessconceptsclinic.com"
108.218.216.167 - - [15/Oct/2022:12:36:31 -0700] "POST /wellness/wp-admin/admin-ajax.php HTTP/1.1" 200 - "https://wellnessconceptsclinic.com/wellness/wp-admin/post.php?post=100&action=edit" "Mozilla/5.0 (Windows NT 10.0; Win64; x64) AppleWebKit/537.36 (KHTML, like Gecko) Chrome/106.0.0.0 Safari/537.36" "wellnessconceptsclinic.com"
