108.218.216.167 - - [15/Oct/2022:12:50:30 -0700] "POST /wellness/wp-admin/admin-ajax.php HTTP/1.1" 200 47 "https://wellnessconceptsclinic.com/wellness/wp-admin/edit.php?post_type=page" "Mozilla/5.0 (Windows NT 10.0; Win64; x64) AppleWebKit/537.36 (KHTML, like Gecko) Chrome/106.0.0.0 Safari/537.36" "wellnessconceptsclinic.com"
108.218.216.167 - - [15/Oct/2022:12:50:35 -0700] "GET /wellness/wp-admin/edit.php?post_type=page HTTP/1.1" 200 234816 "https://wellnessconceptsclinic.com/wellness/wp-admin/edit.php?post_type=page" "Mozilla/5.0 (Windows NT 10.0; Win64; x64) AppleWebKit/537.36 (KHTML, like Gecko) Chrome/106.0.0.0 Safari/537.36" "wellnessconceptsclinic.com"
108.218.216.167 - - [15/Oct/2022:12:50:45 -0700] "POST /wellness/wp-admin/admin-ajax.php HTTP/1.1" 200 47 "https://wellnessconceptsclinic.com/wellness/wp-admin/edit.php?post_type=page" "Mozilla/5.0 (Windows NT 10.0; Win64; x64) AppleWebKit/537.36 (KHTML, like Gecko) Chrome/106.0.0.0 Safari/537.36" "wellnessconceptsclinic.com"
108.218.216.167 - - [15/Oct/2022:12:50:49 -0700] "POST /wellness/wp-admin/admin-ajax.php HTTP/1.1" 200 47 "https://wellnessconceptsclinic.com/wellness/wp-admin/edit.php?post_type=page" "Mozilla/5.0 (Windows NT 10.0; Win64; x64) AppleWebKit/537.36 (KHTML, like Gecko) Chrome/106.0.0.0 Safari/537.36" "wellnessconceptsclinic.com"
108.218.216.167 - - [15/Oct/2022:12:50:57 -0700] "GET /wellness/wp-admin/edit.php?post_type=page HTTP/1.1" 200 220608 "https://wellnessconceptsclinic.com/wellness/wp-admin/edit.php?post_type=page" "Mozilla/5.0 (Windows NT 10.0; Win64; x64) AppleWebKit/537.36 (KHTML, like Gecko) Chrome/106.0.0.0 Safari/537.36" "wellnessconceptsclinic.com"
108.218.216.167 - - [15/Oct/2022:12:51:04 -0700] "POST /wellness/wp-admin/admin-ajax.php HTTP/1.1" 200 47 "https://wellnessconceptsclinic.com/wellness/wp-admin/edit.php?post_type=page" "Mozilla/5.0 (Windows NT 10.0; Win64; x64) AppleWebKit/537.36 (KHTML, like Gecko) Chrome/106.0.0.0 Safari/537.36" "wellnessconceptsclinic.com"
108.218.216.167 - - [15/Oct/2022:12:51:02 -0700] "GET /wellness/wp-admin/edit.php?post_type=page HTTP/1.1" 200 234816 "https://wellnessconceptsclinic.com/wellness/wp-admin/edit.php?post_type=page" "Mozilla/5.0 (Windows NT 10.0; Win64; x64) AppleWebKit/537.36 (KHTML, like Gecko) Chrome/106.0.0.0 Safari/537.36" "wellnessconceptsclinic.com"
79.124.8.3 - - [15/Oct/2022:12:51:19 -0700] "POST /wp-login.php HTTP/1.1" 200 7777 "-" "Mozilla/5.0 (Windows NT 6.1; WOW64) AppleWebKit/537.36 (KHTML, like Gecko) Chrome/56.0.2924.90 Safari/537.36 2345Explorer/9.3.2.17331" "wellnessconceptsclinic.com"
79.124.8.3 - - [15/Oct/2022:12:51:26 -0700] "POST /wp-login.php HTTP/1.1" 200 7794 "-" "Mozilla/5.0 (Windows NT 6.1; WOW64) AppleWebKit/537.36 (KHTML, like Gecko) Chrome/56.0.2924.90 Safari/537.36 2345Explorer/9.3.2.17331" "wellnessconceptsclinic.com"
108.218.216.167 - - [15/Oct/2022:12:51:21 -0700] "GET /wellness/wp-admin/edit.php?post_type=page HTTP/1.1" 200 234816 "https://wellnessconceptsclinic.com/wellness/wp-admin/edit.php?post_type=page" "Mozilla/5.0 (Windows NT 10.0; Win64; x64) AppleWebKit/537.36 (KHTML, like Gecko) Chrome/106.0.0.0 Safari/537.36" "wellnessconceptsclinic.com"
108.218.216.167 - - [15/Oct/2022:12:51:41 -0700] "POST /wellness/wp-admin/admin-ajax.php HTTP/1.1" 200 47 "https://wellnessconceptsclinic.com/wellness/wp-admin/edit.php?post_type=page" "Mozilla/5.0 (Windows NT 10.0; Win64; x64) AppleWebKit/537.36 (KHTML, like Gecko) Chrome/106.0.0.0 Safari/537.36" "wellnessconceptsclinic.com"
108.218.216.167 - - [15/Oct/2022:12:51:56 -0700] "GET /wellness/ HTTP/1.1" 200 791 "-" "Mozilla/5.0 (Windows NT 10.0; Win64; x64) AppleWebKit/537.36 (KHTML, like Gecko) Chrome/106.0.0.0 Safari/537.36" "wellnessconceptsclinic.com"
79.124.8.3 - - [15/Oct/2022:12:51:52 -0700] "POST /wp-login.php HTTP/1.1" 200 7795 "-" "Mozilla/5.0 (Windows NT 6.1; WOW64) AppleWebKit/537.36 (KHTML, like Gecko) Chrome/56.0.2924.90 Safari/537.36 2345Explorer/9.3.2.17331" "wellnessconceptsclinic.com"
108.218.216.167 - - [15/Oct/2022:12:51:56 -0700] "POST /wellness/wp-admin/admin-ajax.php HTTP/1.1" 200 47 "https://wellnessconceptsclinic.com/wellness/wp-admin/edit.php?post_type=page" "Mozilla/5.0 (Windows NT 10.0; Win64; x64) AppleWebKit/537.36 (KHTML, like Gecko) Chrome/106.0.0.0 Safari/537.36" "wellnessconceptsclinic.com"
108.218.216.167 - - [15/Oct/2022:12:52:09 -0700] "POST /wellness/wp-admin/admin-ajax.php HTTP/1.1" 200 47 "https://wellnessconceptsclinic.com/wellness/wp-admin/edit.php?post_type=page" "Mozilla/5.0 (Windows NT 10.0; Win64; x64) AppleWebKit/537.36 (KHTML, like Gecko) Chrome/106.0.0.0 Safari/537.36" "wellnessconceptsclinic.com"
108.218.216.167 - - [15/Oct/2022:12:52:24 -0700] "POST /wellness/wp-admin/admin-ajax.php HTTP/1.1" 200 47 "https://wellnessconceptsclinic.com/wellness/wp-admin/edit.php?post_type=page" "Mozilla/5.0 (Windows NT 10.0; Win64; x64) AppleWebKit/537.36 (KHTML, like Gecko) Chrome/106.0.0.0 Safari/537.36" "wellnessconceptsclinic.com"
108.218.216.167 - - [15/Oct/2022:12:52:39 -0700] "POST /wellness/wp-admin/admin-ajax.php HTTP/1.1" 200 47 "https://wellnessconceptsclinic.com/wellness/wp-admin/edit.php?post_type=page" "Mozilla/5.0 (Windows NT 10.0; Win64; x64) AppleWebKit/537.36 (KHTML, like Gecko) Chrome/106.0.0.0 Safari/537.36" "wellnessconceptsclinic.com"
108.218.216.167 - - [15/Oct/2022:12:52:54 -0700] "POST /wellness/wp-admin/admin-ajax.php HTTP/1.1" 200 47 "https://wellnessconceptsclinic.com/wellness/wp-admin/edit.php?post_type=page" "Mozilla/5.0 (Windows NT 10.0; Win64; x64) AppleWebKit/537.36 (KHTML, like Gecko) Chrome/106.0.0.0 Safari/537.36" "wellnessconceptsclinic.com"
79.124.8.3 - - [15/Oct/2022:12:51:32 -0700] "POST /wp-login.php HTTP/1.1" 500 85 "-" "Mozilla/5.0 (Windows NT 6.1; WOW64) AppleWebKit/537.36 (KHTML, like Gecko) Chrome/56.0.2924.90 Safari/537.36 2345Explorer/9.3.2.17331" "wellnessconceptsclinic.com"
108.218.216.167 - - [15/Oct/2022:12:53:09 -0700] "POST /wellness/wp-admin/admin-ajax.php HTTP/1.1" 200 47 "https://wellnessconceptsclinic.com/wellness/wp-admin/edit.php?post_type=page" "Mozilla/5.0 (Windows NT 10.0; Win64; x64) AppleWebKit/537.36 (KHTML, like Gecko) Chrome/106.0.0.0 Safari/537.36" "wellnessconceptsclinic.com"
108.218.216.167 - - [15/Oct/2022:12:53:24 -0700] "POST /wellness/wp-admin/admin-ajax.php HTTP/1.1" 200 47 "https://wellnessconceptsclinic.com/wellness/wp-admin/edit.php?post_type=page" "Mozilla/5.0 (Windows NT 10.0; Win64; x64) AppleWebKit/537.36 (KHTML, like Gecko) Chrome/106.0.0.0 Safari/537.36" "wellnessconceptsclinic.com"
108.218.216.167 - - [15/Oct/2022:12:53:39 -0700] "POST /wellness/wp-admin/admin-ajax.php HTTP/1.1" 200 47 "https://wellnessconceptsclinic.com/wellness/wp-admin/edit.php?post_type=page" "Mozilla/5.0 (Windows NT 10.0; Win64; x64) AppleWebKit/537.36 (KHTML, like Gecko) Chrome/106.0.0.0 Safari/537.36" "wellnessconceptsclinic.com"
194.233.89.214 - - [15/Oct/2022:12:53:50 -0700] "POST /xmlrpc.php HTTP/1.1" 200 401 "-" "Mozilla/5.0 (Windows NT 10.0; Win64; x64; rv:96.0) Gecko/20100101 Firefox/96" "wellnessconceptsclinic.com"
15.235.97.24 - - [15/Oct/2022:12:53:54 -0700] "POST /xmlrpc.php HTTP/1.1" 200 401 "-" "Mozilla/5.0 (Windows NT 10.0; Win64; x64; rv:96.0) Gecko/20100101 Firefox/96" "wellnessconceptsclinic.com"
108.218.216.167 - - [15/Oct/2022:12:53:54 -0700] "POST /wellness/wp-admin/admin-ajax.php HTTP/1.1" 200 47 "https://wellnessconceptsclinic.com/wellness/wp-admin/edit.php?post_type=page" "Mozilla/5.0 (Windows NT 10.0; Win64; x64) AppleWebKit/537.36 (KHTML, like Gecko) Chrome/106.0.0.0 Safari/537.36" "wellnessconceptsclinic.com"
108.218.216.167 - - [15/Oct/2022:12:54:29 -0700] "POST /wellness/wp-admin/admin-ajax.php HTTP/1.1" 200 47 "https://wellnessconceptsclinic.com/wellness/wp-admin/edit.php?post_type=page" "Mozilla/5.0 (Windows NT 10.0; Win64; x64) AppleWebKit/537.36 (KHTML, like Gecko) Chrome/106.0.0.0 Safari/537.36" "wellnessconceptsclinic.com"
108.218.216.167 - - [15/Oct/2022:12:54:44 -0700] "POST /wellness/wp-admin/admin-ajax.php HTTP/1.1" 200 47 "https://wellnessconceptsclinic.com/wellness/wp-admin/edit.php?post_type=page" "Mozilla/5.0 (Windows NT 10.0; Win64; x64) AppleWebKit/537.36 (KHTML, like Gecko) Chrome/106.0.0.0 Safari/537.36" "wellnessconceptsclinic.com"
108.218.216.167 - - [15/Oct/2022:12:54:59 -0700] "POST /wellness/wp-admin/admin-ajax.php HTTP/1.1" 200 47 "https://wellnessconceptsclinic.com/wellness/wp-admin/edit.php?post_type=page" "Mozilla/5.0 (Windows NT 10.0; Win64; x64) AppleWebKit/537.36 (KHTML, like Gecko) Chrome/106.0.0.0 Safari/537.36" "wellnessconceptsclinic.com"
108.218.216.167 - - [15/Oct/2022:12:55:14 -0700] "POST /wellness/wp-admin/admin-ajax.php HTTP/1.1" 200 47 "https://wellnessconceptsclinic.com/wellness/wp-admin/edit.php?post_type=page" "Mozilla/5.0 (Windows NT 10.0; Win64; x64) AppleWebKit/537.36 (KHTML, like Gecko) Chrome/106.0.0.0 Safari/537.36" "wellnessconceptsclinic.com"
108.218.216.167 - - [15/Oct/2022:12:55:29 -0700] "POST /wellness/wp-admin/admin-ajax.php HTTP/1.1" 200 47 "https://wellnessconceptsclinic.com/wellness/wp-admin/edit.php?post_type=page" "Mozilla/5.0 (Windows NT 10.0; Win64; x64) AppleWebKit/537.36 (KHTML, like Gecko) Chrome/106.0.0.0 Safari/537.36" "wellnessconceptsclinic.com"
108.218.216.167 - - [15/Oct/2022:12:54:09 -0700] "POST /wellness/wp-admin/admin-ajax.php HTTP/1.1" 500 100 "https://wellnessconceptsclinic.com/wellness/wp-admin/edit.php?post_type=page" "Mozilla/5.0 (Windows NT 10.0; Win64; x64) AppleWebKit/537.36 (KHTML, like Gecko) Chrome/106.0.0.0 Safari/537.36" "wellnessconceptsclinic.com"
108.218.216.167 - - [15/Oct/2022:12:55:44 -0700] "POST /wellness/wp-admin/admin-ajax.php HTTP/1.1" 200 47 "https://wellnessconceptsclinic.com/wellness/wp-admin/edit.php?post_type=page" "Mozilla/5.0 (Windows NT 10.0; Win64; x64) AppleWebKit/537.36 (KHTML, like Gecko) Chrome/106.0.0.0 Safari/537.36" "wellnessconceptsclinic.com"
108.218.216.167 - - [15/Oct/2022:12:55:59 -0700] "POST /wellness/wp-admin/admin-ajax.php HTTP/1.1" 200 47 "https://wellnessconceptsclinic.com/wellness/wp-admin/edit.php?post_type=page" "Mozilla/5.0 (Windows NT 10.0; Win64; x64) AppleWebKit/537.36 (KHTML, like Gecko) Chrome/106.0.0.0 Safari/537.36" "wellnessconceptsclinic.com"
108.218.216.167 - - [15/Oct/2022:12:56:14 -0700] "POST /wellness/wp-admin/admin-ajax.php HTTP/1.1" 200 47 "https://wellnessconceptsclinic.com/wellness/wp-admin/edit.php?post_type=page" "Mozilla/5.0 (Windows NT 10.0; Win64; x64) AppleWebKit/537.36 (KHTML, like Gecko) Chrome/106.0.0.0 Safari/537.36" "wellnessconceptsclinic.com"
108.218.216.167 - - [15/Oct/2022:12:56:29 -0700] "POST /wellness/wp-admin/admin-ajax.php HTTP/1.1" 200 47 "https://wellnessconceptsclinic.com/wellness/wp-admin/edit.php?post_type=page" "Mozilla/5.0 (Windows NT 10.0; Win64; x64) AppleWebKit/537.36 (KHTML, like Gecko) Chrome/106.0.0.0 Safari/537.36" "wellnessconceptsclinic.com"
108.218.216.167 - - [15/Oct/2022:12:56:44 -0700] "POST /wellness/wp-admin/admin-ajax.php HTTP/1.1" 200 47 "https://wellnessconceptsclinic.com/wellness/wp-admin/edit.php?post_type=page" "Mozilla/5.0 (Windows NT 10.0; Win64; x64) AppleWebKit/537.36 (KHTML, like Gecko) Chrome/106.0.0.0 Safari/537.36" "wellnessconceptsclinic.com"
108.218.216.167 - - [15/Oct/2022:12:56:59 -0700] "POST /wellness/wp-admin/admin-ajax.php HTTP/1.1" 200 47 "https://wellnessconceptsclinic.com/wellness/wp-admin/edit.php?post_type=page" "Mozilla/5.0 (Windows NT 10.0; Win64; x64) AppleWebKit/537.36 (KHTML, like Gecko) Chrome/106.0.0.0 Safari/537.36" "wellnessconceptsclinic.com"
108.218.216.167 - - [15/Oct/2022:12:57:15 -0700] "POST /wellness/wp-admin/admin-ajax.php HTTP/1.1" 200 47 "https://wellnessconceptsclinic.com/wellness/wp-admin/edit.php?post_type=page" "Mozilla/5.0 (Windows NT 10.0; Win64; x64) AppleWebKit/537.36 (KHTML, like Gecko) Chrome/106.0.0.0 Safari/537.36" "wellnessconceptsclinic.com"
108.218.216.167 - - [15/Oct/2022:12:57:29 -0700] "POST /wellness/wp-admin/admin-ajax.php HTTP/1.1" 200 47 "https://wellnessconceptsclinic.com/wellness/wp-admin/edit.php?post_type=page" "Mozilla/5.0 (Windows NT 10.0; Win64; x64) AppleWebKit/537.36 (KHTML, like Gecko) Chrome/106.0.0.0 Safari/537.36" "wellnessconceptsclinic.com"
108.218.216.167 - - [15/Oct/2022:12:57:44 -0700] "POST /wellness/wp-admin/admin-ajax.php HTTP/1.1" 200 47 "https://wellnessconceptsclinic.com/wellness/wp-admin/edit.php?post_type=page" "Mozilla/5.0 (Windows NT 10.0; Win64; x64) AppleWebKit/537.36 (KHTML, like Gecko) Chrome/106.0.0.0 Safari/537.36" "wellnessconceptsclinic.com"
108.218.216.167 - - [15/Oct/2022:12:57:59 -0700] "POST /wellness/wp-admin/admin-ajax.php HTTP/1.1" 200 47 "https://wellnessconceptsclinic.com/wellness/wp-admin/edit.php?post_type=page" "Mozilla/5.0 (Windows NT 10.0; Win64; x64) AppleWebKit/537.36 (KHTML, like Gecko) Chrome/106.0.0.0 Safari/537.36" "wellnessconceptsclinic.com"
108.218.216.167 - - [15/Oct/2022:12:58:14 -0700] "POST /wellness/wp-admin/admin-ajax.php HTTP/1.1" 200 47 "https://wellnessconceptsclinic.com/wellness/wp-admin/edit.php?post_type=page" "Mozilla/5.0 (Windows NT 10.0; Win64; x64) AppleWebKit/537.36 (KHTML, like Gecko) Chrome/106.0.0.0 Safari/537.36" "wellnessconceptsclinic.com"
108.218.216.167 - - [15/Oct/2022:12:58:29 -0700] "POST /wellness/wp-admin/admin-ajax.php HTTP/1.1" 200 47 "https://wellnessconceptsclinic.com/wellness/wp-admin/edit.php?post_type=page" "Mozilla/5.0 (Windows NT 10.0; Win64; x64) AppleWebKit/537.36 (KHTML, like Gecko) Chrome/106.0.0.0 Safari/537.36" "wellnessconceptsclinic.com"
108.218.216.167 - - [15/Oct/2022:12:58:44 -0700] "POST /wellness/wp-admin/admin-ajax.php HTTP/1.1" 200 47 "https://wellnessconceptsclinic.com/wellness/wp-admin/edit.php?post_type=page" "Mozilla/5.0 (Windows NT 10.0; Win64; x64) AppleWebKit/537.36 (KHTML, like Gecko) Chrome/106.0.0.0 Safari/537.36" "wellnessconceptsclinic.com"
108.218.216.167 - - [15/Oct/2022:12:58:53 -0700] "GET /wellness/wp-admin/link-manager.php HTTP/1.1" 200 129120 "https://wellnessconceptsclinic.com/wellness/wp-admin/edit.php?post_type=page" "Mozilla/5.0 (Windows NT 10.0; Win64; x64) AppleWebKit/537.36 (KHTML, like Gecko) Chrome/106.0.0.0 Safari/537.36" "wellnessconceptsclinic.com"
108.218.216.167 - - [15/Oct/2022:12:58:59 -0700] "POST /wellness/wp-admin/admin-ajax.php HTTP/1.1" 200 47 "https://wellnessconceptsclinic.com/wellness/wp-admin/edit.php?post_type=page" "Mozilla/5.0 (Windows NT 10.0; Win64; x64) AppleWebKit/537.36 (KHTML, like Gecko) Chrome/106.0.0.0 Safari/537.36" "wellnessconceptsclinic.com"
108.218.216.167 - - [15/Oct/2022:12:59:03 -0700] "GET /wellness/wp-admin/index.php HTTP/1.1" 200 144300 "https://wellnessconceptsclinic.com/wellness/wp-admin/edit.php?post_type=page" "Mozilla/5.0 (Windows NT 10.0; Win64; x64) AppleWebKit/537.36 (KHTML, like Gecko) Chrome/106.0.0.0 Safari/537.36" "wellnessconceptsclinic.com"
108.218.216.167 - - [15/Oct/2022:12:59:11 -0700] "GET /wellness/index.php?rest_route=/wp/v2/ HTTP/1.1" 404 88 "https://wellnessconceptsclinic.com/wellness/wp-admin/index.php" "Mozilla/5.0 (Windows NT 10.0; Win64; x64) AppleWebKit/537.36 (KHTML, like Gecko) Chrome/106.0.0.0 Safari/537.36" "wellnessconceptsclinic.com"
108.218.216.167 - - [15/Oct/2022:12:59:11 -0700] "GET /wellness/index.php?rest_route=/yoast/v1/statistics HTTP/1.1" 404 88 "https://wellnessconceptsclinic.com/wellness/wp-admin/index.php" "Mozilla/5.0 (Windows NT 10.0; Win64; x64) AppleWebKit/537.36 (KHTML, like Gecko) Chrome/106.0.0.0 Safari/537.36" "wellnessconceptsclinic.com"
108.218.216.167 - - [15/Oct/2022:12:59:11 -0700] "GET /wellness/index.php?rest_route=/yoast/v1/ryte HTTP/1.1" 404 88 "https://wellnessconceptsclinic.com/wellness/wp-admin/index.php" "Mozilla/5.0 (Windows NT 10.0; Win64; x64) AppleWebKit/537.36 (KHTML, like Gecko) Chrome/106.0.0.0 Safari/537.36" "wellnessconceptsclinic.com"
108.218.216.167 - - [15/Oct/2022:12:59:29 -0700] "GET /wellness/ HTTP/1.1" 200 791 "-" "Mozilla/5.0 (Windows NT 10.0; Win64; x64) AppleWebKit/537.36 (KHTML, like Gecko) Chrome/106.0.0.0 Safari/537.36" "wellnessconceptsclinic.com"
108.218.216.167 - - [15/Oct/2022:12:59:33 -0700] "GET /wellness/index.php/homepage-index.php HTTP/1.1" 404 88 "https://wellnessconceptsclinic.com/wellness/" "Mozilla/5.0 (Windows NT 10.0; Win64; x64) AppleWebKit/537.36 (KHTML, like Gecko) Chrome/106.0.0.0 Safari/537.36" "wellnessconceptsclinic.com"
108.218.216.167 - - [15/Oct/2022:12:59:50 -0700] "GET /wellness/index.php/readme.html HTTP/1.1" 404 88 "https://wellnessconceptsclinic.com/wellness/" "Mozilla/5.0 (Windows NT 10.0; Win64; x64) AppleWebKit/537.36 (KHTML, like Gecko) Chrome/106.0.0.0 Safari/537.36" "wellnessconceptsclinic.com"
108.218.216.167 - - [15/Oct/2022:13:00:03 -0700] "GET /wellness/wp-admin/customize.php HTTP/1.1" 200 1119681 "https://wellnessconceptsclinic.com/wellness/wp-admin/index.php" "Mozilla/5.0 (Windows NT 10.0; Win64; x64) AppleWebKit/537.36 (KHTML, like Gecko) Chrome/106.0.0.0 Safari/537.36" "wellnessconceptsclinic.com"
108.218.216.167 - - [15/Oct/2022:13:00:17 -0700] "GET /wellness/wp-includes/js/codemirror/codemirror.min.css?ver=5.29.1-alpha-ee20357 HTTP/1.1" 200 4332 "https://wellnessconceptsclinic.com/wellness/wp-admin/customize.php" "Mozilla/5.0 (Windows NT 10.0; Win64; x64) AppleWebKit/537.36 (KHTML, like Gecko) Chrome/106.0.0.0 Safari/537.36" "wellnessconceptsclinic.com"
108.218.216.167 - - [15/Oct/2022:13:00:17 -0700] "GET /wellness/wp-content/themes/Divi/css/theme-customizer-controls-styles.css?ver=3.18.3 HTTP/1.1" 200 3797 "https://wellnessconceptsclinic.com/wellness/wp-admin/customize.php" "Mozilla/5.0 (Windows NT 10.0; Win64; x64) AppleWebKit/537.36 (KHTML, like Gecko) Chrome/106.0.0.0 Safari/537.36" "wellnessconceptsclinic.com"
108.218.216.167 - - [15/Oct/2022:13:00:17 -0700] "GET /wellness/wp-includes/js/wp-lists.min.js?ver=5.0.17 HTTP/1.1" 200 2490 "https://wellnessconceptsclinic.com/wellness/wp-admin/customize.php" "Mozilla/5.0 (Windows NT 10.0; Win64; x64) AppleWebKit/537.36 (KHTML, like Gecko) Chrome/106.0.0.0 Safari/537.36" "wellnessconceptsclinic.com"
108.218.216.167 - - [15/Oct/2022:13:00:17 -0700] "GET /wellness/wp-admin/js/code-editor.min.js?ver=5.0.17 HTTP/1.1" 200 1289 "https://wellnessconceptsclinic.com/wellness/wp-admin/customize.php" "Mozilla/5.0 (Windows NT 10.0; Win64; x64) AppleWebKit/537.36 (KHTML, like Gecko) Chrome/106.0.0.0 Safari/537.36" "wellnessconceptsclinic.com"
108.218.216.167 - - [15/Oct/2022:13:00:17 -0700] "GET /wellness/wp-includes/js/jquery/jquery.color.min.js?ver=2.1.1 HTTP/1.1" 200 3918 "https://wellnessconceptsclinic.com/wellness/wp-admin/customize.php" "Mozilla/5.0 (Windows NT 10.0; Win64; x64) AppleWebKit/537.36 (KHTML, like Gecko) Chrome/106.0.0.0 Safari/537.36" "wellnessconceptsclinic.com"
108.218.216.167 - - [15/Oct/2022:13:00:17 -0700] "GET /wellness/wp-content/themes/Divi/includes/builder/styles/widgets.css?ver=3.18.3 HTTP/1.1" 200 608 "https://wellnessconceptsclinic.com/wellness/wp-admin/customize.php" "Mozilla/5.0 (Windows NT 10.0; Win64; x64) AppleWebKit/537.36 (KHTML, like Gecko) Chrome/106.0.0.0 Safari/537.36" "wellnessconceptsclinic.com"
108.218.216.167 - - [15/Oct/2022:13:00:17 -0700] "GET /wellness/wp-includes/js/wp-ajax-response.min.js?ver=5.0.17 HTTP/1.1" 200 954 "https://wellnessconceptsclinic.com/wellness/wp-admin/customize.php" "Mozilla/5.0 (Windows NT 10.0; Win64; x64) AppleWebKit/537.36 (KHTML, like Gecko) Chrome/106.0.0.0 Safari/537.36" "wellnessconceptsclinic.com"
108.218.216.167 - - [15/Oct/2022:13:00:17 -0700] "GET /wellness/wp-admin/js/postbox.min.js?ver=5.0.17 HTTP/1.1" 200 1549 "https://wellnessconceptsclinic.com/wellness/wp-admin/customize.php" "Mozilla/5.0 (Windows NT 10.0; Win64; x64) AppleWebKit/537.36 (KHTML, like Gecko) Chrome/106.0.0.0 Safari/537.36" "wellnessconceptsclinic.com"
108.218.216.167 - - [15/Oct/2022:13:00:17 -0700] "GET /wellness/wp-content/themes/Divi/epanel/google-fonts/et_google_fonts.css?ver=3.18.3 HTTP/1.1" 200 389 "https://wellnessconceptsclinic.com/wellness/wp-admin/customize.php" "Mozilla/5.0 (Windows NT 10.0; Win64; x64) AppleWebKit/537.36 (KHTML, like Gecko) Chrome/106.0.0.0 Safari/537.36" "wellnessconceptsclinic.com"
108.218.216.167 - - [15/Oct/2022:13:00:17 -0700] "GET /wellness/wp-admin/js/nav-menu.min.js?ver=5.0.17 HTTP/1.1" 200 6138 "https://wellnessconceptsclinic.com/wellness/wp-admin/customize.php" "Mozilla/5.0 (Windows NT 10.0; Win64; x64) AppleWebKit/537.36 (KHTML, like Gecko) Chrome/106.0.0.0 Safari/537.36" "wellnessconceptsclinic.com"
108.218.216.167 - - [15/Oct/2022:13:00:17 -0700] "GET /wellness/wp-includes/js/jquery/ui/slider.min.js?ver=1.11.4 HTTP/1.1" 200 3053 "https://wellnessconceptsclinic.com/wellness/wp-admin/customize.php" "Mozilla/5.0 (Windows NT 10.0; Win64; x64) AppleWebKit/537.36 (KHTML, like Gecko) Chrome/106.0.0.0 Safari/537.36" "wellnessconceptsclinic.com"
108.218.216.167 - - [15/Oct/2022:13:00:17 -0700] "GET /wellness/wp-includes/js/codemirror/csslint.js?ver=1.0.5 HTTP/1.1" 200 67362 "https://wellnessconceptsclinic.com/wellness/wp-admin/customize.php" "Mozilla/5.0 (Windows NT 10.0; Win64; x64) AppleWebKit/537.36 (KHTML, like Gecko) Chrome/106.0.0.0 Safari/537.36" "wellnessconceptsclinic.com"
108.218.216.167 - - [15/Oct/2022:13:00:17 -0700] "GET /wellness/wp-admin/js/iris.min.js?ver=1.0.7 HTTP/1.1" 200 8060 "https://wellnessconceptsclinic.com/wellness/wp-admin/customize.php" "Mozilla/5.0 (Windows NT 10.0; Win64; x64) AppleWebKit/537.36 (KHTML, like Gecko) Chrome/106.0.0.0 Safari/537.36" "wellnessconceptsclinic.com"
108.218.216.167 - - [15/Oct/2022:13:00:17 -0700] "GET /wellness/wp-admin/js/color-picker.min.js?ver=5.0.17 HTTP/1.1" 200 1163 "https://wellnessconceptsclinic.com/wellness/wp-admin/customize.php" "Mozilla/5.0 (Windows NT 10.0; Win64; x64) AppleWebKit/537.36 (KHTML, like Gecko) Chrome/106.0.0.0 Safari/537.36" "wellnessconceptsclinic.com"
108.218.216.167 - - [15/Oct/2022:13:00:17 -0700] "GET /wellness/wp-admin/js/widgets/media-audio-widget.min.js?ver=5.0.17 HTTP/1.1" 200 656 "https://wellnessconceptsclinic.com/wellness/wp-admin/customize.php" "Mozilla/5.0 (Windows NT 10.0; Win64; x64) AppleWebKit/537.36 (KHTML, like Gecko) Chrome/106.0.0.0 Safari/537.36" "wellnessconceptsclinic.com"
108.218.216.167 - - [15/Oct/2022:13:00:17 -0700] "GET /wellness/wp-admin/js/widgets/media-video-widget.min.js?ver=5.0.17 HTTP/1.1" 200 1135 "https://wellnessconceptsclinic.com/wellness/wp-admin/customize.php" "Mozilla/5.0 (Windows NT 10.0; Win64; x64) AppleWebKit/537.36 (KHTML, like Gecko) Chrome/106.0.0.0 Safari/537.36" "wellnessconceptsclinic.com"
108.218.216.167 - - [15/Oct/2022:13:00:17 -0700] "GET /wellness/wp-admin/js/widgets/media-gallery-widget.min.js?ver=5.0.17 HTTP/1.1" 200 1201 "https://wellnessconceptsclinic.com/wellness/wp-admin/customize.php" "Mozilla/5.0 (Windows NT 10.0; Win64; x64) AppleWebKit/537.36 (KHTML, like Gecko) Chrome/106.0.0.0 Safari/537.36" "wellnessconceptsclinic.com"
108.218.216.167 - - [15/Oct/2022:13:00:17 -0700] "GET /wellness/wp-includes/js/jquery/jquery.ui.touch-punch.js?ver=0.2.2 HTTP/1.1" 200 585 "https://wellnessconceptsclinic.com/wellness/wp-admin/customize.php" "Mozilla/5.0 (Windows NT 10.0; Win64; x64) AppleWebKit/537.36 (KHTML, like Gecko) Chrome/106.0.0.0 Safari/537.36" "wellnessconceptsclinic.com"
108.218.216.167 - - [15/Oct/2022:13:00:17 -0700] "GET /wellness/wp-admin/js/widgets/media-image-widget.min.js?ver=5.0.17 HTTP/1.1" 200 813 "https://wellnessconceptsclinic.com/wellness/wp-admin/customize.php" "Mozilla/5.0 (Windows NT 10.0; Win64; x64) AppleWebKit/537.36 (KHTML, like Gecko) Chrome/106.0.0.0 Safari/537.36" "wellnessconceptsclinic.com"
108.218.216.167 - - [15/Oct/2022:13:00:17 -0700] "GET /wellness/wp-includes/js/codemirror/htmlhint.js?ver=0.9.14-xwp HTTP/1.1" 200 5704 "https://wellnessconceptsclinic.com/wellness/wp-admin/customize.php" "Mozilla/5.0 (Windows NT 10.0; Win64; x64) AppleWebKit/537.36 (KHTML, like Gecko) Chrome/106.0.0.0 Safari/537.36" "wellnessconceptsclinic.com"
108.218.216.167 - - [15/Oct/2022:13:00:17 -0700] "GET /wellness/wp-admin/js/widgets/text-widgets.min.js?ver=5.0.17 HTTP/1.1" 200 2006 "https://wellnessconceptsclinic.com/wellness/wp-admin/customize.php" "Mozilla/5.0 (Windows NT 10.0; Win64; x64) AppleWebKit/537.36 (KHTML, like Gecko) Chrome/106.0.0.0 Safari/537.36" "wellnessconceptsclinic.com"
108.218.216.167 - - [15/Oct/2022:13:00:17 -0700] "GET /wellness/wp-admin/js/widgets/media-widgets.min.js?ver=5.0.17 HTTP/1.1" 200 4632 "https://wellnessconceptsclinic.com/wellness/wp-admin/customize.php" "Mozilla/5.0 (Windows NT 10.0; Win64; x64) AppleWebKit/537.36 (KHTML, like Gecko) Chrome/106.0.0.0 Safari/537.36" "wellnessconceptsclinic.com"
108.218.216.167 - - [15/Oct/2022:13:00:17 -0700] "GET /wellness/wp-content/themes/Divi/includes/builder/scripts/ext/wp-color-picker-alpha.min.js?ver=5.0.17 HTTP/1.1" 200 3304 "https://wellnessconceptsclinic.com/wellness/wp-admin/customize.php" "Mozilla/5.0 (Windows NT 10.0; Win64; x64) AppleWebKit/537.36 (KHTML, like Gecko) Chrome/106.0.0.0 Safari/537.36" "wellnessconceptsclinic.com"
108.218.216.167 - - [15/Oct/2022:13:00:17 -0700] "GET /wellness/wp-includes/js/codemirror/codemirror.min.js?ver=5.29.1-alpha-ee20357 HTTP/1.1" 200 181890 "https://wellnessconceptsclinic.com/wellness/wp-admin/customize.php" "Mozilla/5.0 (Windows NT 10.0; Win64; x64) AppleWebKit/537.36 (KHTML, like Gecko) Chrome/106.0.0.0 Safari/537.36" "wellnessconceptsclinic.com"
108.218.216.167 - - [15/Oct/2022:13:00:17 -0700] "GET /wellness/wp-includes/js/codemirror/jshint.js?ver=2.9.5.999 HTTP/1.1" 200 44603 "https://wellnessconceptsclinic.com/wellness/wp-admin/customize.php" "Mozilla/5.0 (Windows NT 10.0; Win64; x64) AppleWebKit/537.36 (KHTML, like Gecko) Chrome/106.0.0.0 Safari/537.36" "wellnessconceptsclinic.com"
108.218.216.167 - - [15/Oct/2022:13:00:17 -0700] "GET /wellness/wp-admin/js/widgets/custom-html-widgets.min.js?ver=5.0.17 HTTP/1.1" 200 1886 "https://wellnessconceptsclinic.com/wellness/wp-admin/customize.php" "Mozilla/5.0 (Windows NT 10.0; Win64; x64) AppleWebKit/537.36 (KHTML, like Gecko) Chrome/106.0.0.0 Safari/537.36" "wellnessconceptsclinic.com"
108.218.216.167 - - [15/Oct/2022:13:00:17 -0700] "GET /wellness/wp-admin/load-styles.php?c=1&dir=ltr&load%5B%5D=dashicons,common,forms,admin-menu,dashboard,list-tables,edit,revisions,media,themes,about,nav-menus,wp-pointer,widgets,site-icon&load%5B%5D=,l10n,buttons,customize-controls,customize-widgets,media-views,customize-nav-menus,code-editor,wp-color-picker&ver=5.0.17 HTTP/1.1" 200 444783 "https://wellnessconceptsclinic.com/wellness/wp-admin/customize.php" "Mozilla/5.0 (Windows NT 10.0; Win64; x64) AppleWebKit/537.36 (KHTML, like Gecko) Chrome/106.0.0.0 Safari/537.36" "wellnessconceptsclinic.com"
108.218.216.167 - - [15/Oct/2022:13:00:17 -0700] "GET /wellness/wp-admin/load-scripts.php?c=1&load%5B%5D=jquery-core,jquery-migrate,underscore,wp-a11y,wp-util,jquery-ui-core,jquery-ui-widget,jquery-ui-mouse,jquery-ui-sortable,jquery-&load%5B%5D=ui-draggable,jquery-ui-droppable,backbone,wp-backbone,jquery-ui-tabs,jquery-form,shortcode,utils,media-models,moxiejs,plupload,w&load%5B%5D=p-plupload&ver=5.0.17 HTTP/1.1" 200 370122 "https://wellnessconceptsclinic.com/wellness/wp-admin/customize.php" "Mozilla/5.0 (Windows NT 10.0; Win64; x64) AppleWebKit/537.36 (KHTML, like Gecko) Chrome/106.0.0.0 Safari/537.36" "wellnessconceptsclinic.com"
108.218.216.167 - - [15/Oct/2022:13:00:17 -0700] "GET /wellness/wp-includes/js/customize-base.min.js?ver=5.0.17 HTTP/1.1" 200 2467 "https://wellnessconceptsclinic.com/wellness/wp-admin/customize.php" "Mozilla/5.0 (Windows NT 10.0; Win64; x64) AppleWebKit/537.36 (KHTML, like Gecko) Chrome/106.0.0.0 Safari/537.36" "wellnessconceptsclinic.com"
108.218.216.167 - - [15/Oct/2022:13:00:17 -0700] "GET /wellness/wp-admin/js/customize-controls.min.js?ver=5.0.17 HTTP/1.1" 200 28066 "https://wellnessconceptsclinic.com/wellness/wp-admin/customize.php" "Mozilla/5.0 (Windows NT 10.0; Win64; x64) AppleWebKit/537.36 (KHTML, like Gecko) Chrome/106.0.0.0 Safari/537.36" "wellnessconceptsclinic.com"
108.218.216.167 - - [15/Oct/2022:13:00:17 -0700] "GET /wellness/wp-admin/load-styles.php?c=1&dir=ltr&load%5B%5D=editor-buttons&ver=5.0.17 HTTP/1.1" 200 26515 "https://wellnessconceptsclinic.com/wellness/wp-admin/customize.php" "Mozilla/5.0 (Windows NT 10.0; Win64; x64) AppleWebKit/537.36 (KHTML, like Gecko) Chrome/106.0.0.0 Safari/537.36" "wellnessconceptsclinic.com"
108.218.216.167 - - [15/Oct/2022:13:00:17 -0700] "GET /wellness/wp-includes/js/customize-views.js?ver=5.0.17 HTTP/1.1" 200 1426 "https://wellnessconceptsclinic.com/wellness/wp-admin/customize.php" "Mozilla/5.0 (Windows NT 10.0; Win64; x64) AppleWebKit/537.36 (KHTML, like Gecko) Chrome/106.0.0.0 Safari/537.36" "wellnessconceptsclinic.com"
108.218.216.167 - - [15/Oct/2022:13:00:17 -0700] "GET /wellness/wp-admin/js/accordion.min.js?ver=5.0.17 HTTP/1.1" 200 390 "https://wellnessconceptsclinic.com/wellness/wp-admin/customize.php" "Mozilla/5.0 (Windows NT 10.0; Win64; x64) AppleWebKit/537.36 (KHTML, like Gecko) Chrome/106.0.0.0 Safari/537.36" "wellnessconceptsclinic.com"
108.218.216.167 - - [15/Oct/2022:13:00:17 -0700] "GET /wellness/wp-includes/js/jquery/ui/menu.min.js?ver=1.11.4 HTTP/1.1" 200 2805 "https://wellnessconceptsclinic.com/wellness/wp-admin/customize.php" "Mozilla/5.0 (Windows NT 10.0; Win64; x64) AppleWebKit/537.36 (KHTML, like Gecko) Chrome/106.0.0.0 Safari/537.36" "wellnessconceptsclinic.com"
108.218.216.167 - - [15/Oct/2022:13:00:17 -0700] "GET /wellness/wp-includes/js/customize-models.js?ver=5.0.17 HTTP/1.1" 200 1929 "https://wellnessconceptsclinic.com/wellness/wp-admin/customize.php" "Mozilla/5.0 (Windows NT 10.0; Win64; x64) AppleWebKit/537.36 (KHTML, like Gecko) Chrome/106.0.0.0 Safari/537.36" "wellnessconceptsclinic.com"
108.218.216.167 - - [15/Oct/2022:13:00:17 -0700] "GET /wellness/wp-admin/js/updates.min.js?ver=5.0.17 HTTP/1.1" 200 7390 "https://wellnessconceptsclinic.com/wellness/wp-admin/customize.php" "Mozilla/5.0 (Windows NT 10.0; Win64; x64) AppleWebKit/537.36 (KHTML, like Gecko) Chrome/106.0.0.0 Safari/537.36" "wellnessconceptsclinic.com"
108.218.216.167 - - [15/Oct/2022:13:00:17 -0700] "GET /wellness/wp-admin/js/customize-widgets.min.js?ver=5.0.17 HTTP/1.1" 200 7994 "https://wellnessconceptsclinic.com/wellness/wp-admin/customize.php" "Mozilla/5.0 (Windows NT 10.0; Win64; x64) AppleWebKit/537.36 (KHTML, like Gecko) Chrome/106.0.0.0 Safari/537.36" "wellnessconceptsclinic.com"
108.218.216.167 - - [15/Oct/2022:13:00:17 -0700] "GET /wellness/wp-includes/js/jquery/ui/autocomplete.min.js?ver=1.11.4 HTTP/1.1" 200 2774 "https://wellnessconceptsclinic.com/wellness/wp-admin/customize.php" "Mozilla/5.0 (Windows NT 10.0; Win64; x64) AppleWebKit/537.36 (KHTML, like Gecko) Chrome/106.0.0.0 Safari/537.36" "wellnessconceptsclinic.com"
108.218.216.167 - - [15/Oct/2022:13:00:17 -0700] "GET /wellness/wp-content/themes/Divi/includes/builder/scripts/ext/widgets.js?ver=3.18.3 HTTP/1.1" 200 649 "https://wellnessconceptsclinic.com/wellness/wp-admin/customize.php" "Mozilla/5.0 (Windows NT 10.0; Win64; x64) AppleWebKit/537.36 (KHTML, like Gecko) Chrome/106.0.0.0 Safari/537.36" "wellnessconceptsclinic.com"
108.218.216.167 - - [15/Oct/2022:13:00:17 -0700] "GET /wellness/wp-admin/js/customize-nav-menus.min.js?ver=5.0.17 HTTP/1.1" 200 11526 "https://wellnessconceptsclinic.com/wellness/wp-admin/customize.php" "Mozilla/5.0 (Windows NT 10.0; Win64; x64) AppleWebKit/537.36 (KHTML, like Gecko) Chrome/106.0.0.0 Safari/537.36" "wellnessconceptsclinic.com"
108.218.216.167 - - [15/Oct/2022:13:00:17 -0700] "GET /wellness/wp-content/themes/Divi/js/theme-customizer-controls.js?ver=3.18.3 HTTP/1.1" 200 5419 "https://wellnessconceptsclinic.com/wellness/wp-admin/customize.php" "Mozilla/5.0 (Windows NT 10.0; Win64; x64) AppleWebKit/537.36 (KHTML, like Gecko) Chrome/106.0.0.0 Safari/537.36" "wellnessconceptsclinic.com"
108.218.216.167 - - [15/Oct/2022:13:00:17 -0700] "GET /wellness/wp-content/themes/Divi/epanel/google-fonts/et_google_fonts.js?ver=3.18.3 HTTP/1.1" 200 2292 "https://wellnessconceptsclinic.com/wellness/wp-admin/customize.php" "Mozilla/5.0 (Windows NT 10.0; Win64; x64) AppleWebKit/537.36 (KHTML, like Gecko) Chrome/106.0.0.0 Safari/537.36" "wellnessconceptsclinic.com"
108.218.216.167 - - [15/Oct/2022:13:00:20 -0700] "GET /wellness/wp-admin/images/arrows-2x.png HTTP/1.1" 200 863 "https://wellnessconceptsclinic.com/wellness/wp-admin/load-styles.php?c=1&dir=ltr&load%5B%5D=dashicons,common,forms,admin-menu,dashboard,list-tables,edit,revisions,media,themes,about,nav-menus,wp-pointer,widgets,site-icon&load%5B%5D=,l10n,buttons,customize-controls,customize-widgets,media-views,customize-nav-menus,code-editor,wp-color-picker&ver=5.0.17" "Mozilla/5.0 (Windows NT 10.0; Win64; x64) AppleWebKit/537.36 (KHTML, like Gecko) Chrome/106.0.0.0 Safari/537.36" "wellnessconceptsclinic.com"
108.218.216.167 - - [15/Oct/2022:13:00:21 -0700] "GET /wellness/wp-content/themes/Divi/images/footer-layouts.png HTTP/1.1" 200 694 "https://wellnessconceptsclinic.com/wellness/wp-content/themes/Divi/css/theme-customizer-controls-styles.css?ver=3.18.3" "Mozilla/5.0 (Windows NT 10.0; Win64; x64) AppleWebKit/537.36 (KHTML, like Gecko) Chrome/106.0.0.0 Safari/537.36" "wellnessconceptsclinic.com"
108.218.216.167 - - [15/Oct/2022:13:00:21 -0700] "GET /wellness/?customize_changeset_uuid=2cbcb0ea-b548-4f09-830b-5c576d2152e9&customize_theme=Divi&customize_messenger_channel=preview-0 HTTP/1.1" 200 791 "https://wellnessconceptsclinic.com/wellness/wp-admin/customize.php" "Mozilla/5.0 (Windows NT 10.0; Win64; x64) AppleWebKit/537.36 (KHTML, like Gecko) Chrome/106.0.0.0 Safari/537.36" "wellnessconceptsclinic.com"
108.218.216.167 - - [15/Oct/2022:13:00:35 -0700] "GET /wellness/index.php/homepage-index.php HTTP/1.1" 404 88 "https://wellnessconceptsclinic.com/wellness/?customize_changeset_uuid=2cbcb0ea-b548-4f09-830b-5c576d2152e9&customize_theme=Divi&customize_messenger_channel=preview-0" "Mozilla/5.0 (Windows NT 10.0; Win64; x64) AppleWebKit/537.36 (KHTML, like Gecko) Chrome/106.0.0.0 Safari/537.36" "wellnessconceptsclinic.com"
79.124.8.3 - - [15/Oct/2022:13:01:21 -0700] "GET /wp-login.php HTTP/1.1" 200 7406 "-" "Mozilla/5.0 (compatible; MSIE 9.0; Windows NT 6.1; Trident/5.0)" "wellnessconceptsclinic.com"
193.142.147.68 - - [15/Oct/2022:13:01:42 -0700] "GET /wp-login.php HTTP/1.1" 200 7406 "-" "Mozilla/5.0 (compatible; MSIE 9.0; Windows NT 6.1; Trident/5.0)" "wellnessconceptsclinic.com"
108.218.216.167 - - [15/Oct/2022:13:01:49 -0700] "POST /wellness/wp-admin/admin-ajax.php HTTP/1.1" 200 47 "https://wellnessconceptsclinic.com/wellness/wp-admin/index.php" "Mozilla/5.0 (Windows NT 10.0; Win64; x64) AppleWebKit/537.36 (KHTML, like Gecko) Chrome/106.0.0.0 Safari/537.36" "wellnessconceptsclinic.com"
79.124.8.3 - - [15/Oct/2022:13:02:42 -0700] "POST /wp-login.php HTTP/1.1" 200 7777 "-" "Mozilla/5.0 (Windows NT 6.1; WOW64) AppleWebKit/537.36 (KHTML, like Gecko) Chrome/56.0.2924.90 Safari/537.36 2345Explorer/9.3.2.17331" "wellnessconceptsclinic.com"
79.124.8.3 - - [15/Oct/2022:13:02:48 -0700] "POST /wp-login.php HTTP/1.1" 200 7794 "-" "Mozilla/5.0 (Windows NT 6.1; WOW64) AppleWebKit/537.36 (KHTML, like Gecko) Chrome/56.0.2924.90 Safari/537.36 2345Explorer/9.3.2.17331" "wellnessconceptsclinic.com"
10.247.24.102 - - [15/Oct/2022:13:02:53 -0700] "POST /wp-cron.php?doing_wp_cron=1665864173.8963739871978759765625 HTTP/1.1" 200 - "https://wellnessconceptsclinic.com/wp-cron.php?doing_wp_cron=1665864173.8963739871978759765625" "WordPress/5.9.4; https://wellnessconceptsclinic.com" "wellnessconceptsclinic.com"
79.124.8.3 - - [15/Oct/2022:13:02:55 -0700] "POST /wp-login.php HTTP/1.1" 200 7833 "-" "Mozilla/5.0 (Windows NT 6.1; WOW64) AppleWebKit/537.36 (KHTML, like Gecko) Chrome/56.0.2924.90 Safari/537.36 2345Explorer/9.3.2.17331" "wellnessconceptsclinic.com"
79.124.8.3 - - [15/Oct/2022:13:03:00 -0700] "POST /wp-login.php HTTP/1.1" 200 7795 "-" "Mozilla/5.0 (Windows NT 6.1; WOW64) AppleWebKit/537.36 (KHTML, like Gecko) Chrome/56.0.2924.90 Safari/537.36 2345Explorer/9.3.2.17331" "wellnessconceptsclinic.com"
108.218.216.167 - - [15/Oct/2022:13:03:49 -0700] "POST /wellness/wp-admin/admin-ajax.php HTTP/1.1" 200 47 "https://wellnessconceptsclinic.com/wellness/wp-admin/index.php" "Mozilla/5.0 (Windows NT 10.0; Win64; x64) AppleWebKit/537.36 (KHTML, like Gecko) Chrome/106.0.0.0 Safari/537.36" "wellnessconceptsclinic.com"
10.247.24.101 - - [15/Oct/2022:13:03:56 -0700] "POST /wellness/wp-cron.php?doing_wp_cron=1665864236.9140150547027587890625 HTTP/1.1" 200 - "https://wellnessconceptsclinic.com/wellness/wp-cron.php?doing_wp_cron=1665864236.9140150547027587890625" "WordPress/5.0.17; http://wellnessconceptsclinic.com/wellness" "wellnessconceptsclinic.com"
108.218.216.167 - - [15/Oct/2022:13:05:49 -0700] "POST /wellness/wp-admin/admin-ajax.php HTTP/1.1" 200 47 "https://wellnessconceptsclinic.com/wellness/wp-admin/index.php" "Mozilla/5.0 (Windows NT 10.0; Win64; x64) AppleWebKit/537.36 (KHTML, like Gecko) Chrome/106.0.0.0 Safari/537.36" "wellnessconceptsclinic.com"
193.142.147.68 - - [15/Oct/2022:13:06:24 -0700] "POST /wp-login.php HTTP/1.1" 200 7777 "-" "Mozilla/5.0 (Windows NT 6.1; WOW64) AppleWebKit/537.36 (KHTML, like Gecko) Chrome/56.0.2924.90 Safari/537.36 2345Explorer/9.3.2.17331" "wellnessconceptsclinic.com"
193.142.147.68 - - [15/Oct/2022:13:06:29 -0700] "POST /wp-login.php HTTP/1.1" 200 7794 "-" "Mozilla/5.0 (Windows NT 6.1; WOW64) AppleWebKit/537.36 (KHTML, like Gecko) Chrome/56.0.2924.90 Safari/537.36 2345Explorer/9.3.2.17331" "wellnessconceptsclinic.com"
193.142.147.68 - - [15/Oct/2022:13:06:37 -0700] "POST /wp-login.php HTTP/1.1" 200 7833 "-" "Mozilla/5.0 (Windows NT 6.1; WOW64) AppleWebKit/537.36 (KHTML, like Gecko) Chrome/56.0.2924.90 Safari/537.36 2345Explorer/9.3.2.17331" "wellnessconceptsclinic.com"
193.142.147.68 - - [15/Oct/2022:13:06:42 -0700] "POST /wp-login.php HTTP/1.1" 200 7795 "-" "Mozilla/5.0 (Windows NT 6.1; WOW64) AppleWebKit/537.36 (KHTML, like Gecko) Chrome/56.0.2924.90 Safari/537.36 2345Explorer/9.3.2.17331" "wellnessconceptsclinic.com"
193.142.147.68 - - [15/Oct/2022:13:06:56 -0700] "POST /xmlrpc.php HTTP/1.1" 200 403 "-" "Mozilla/5.0 (Windows NT 6.1; WOW64) AppleWebKit/537.36 (KHTML, like Gecko) Chrome/56.0.2924.90 Safari/537.36 2345Explorer/9.3.2.17331" "wellnessconceptsclinic.com"
193.142.147.68 - - [15/Oct/2022:13:07:04 -0700] "POST /xmlrpc.php HTTP/1.1" 200 403 "-" "Mozilla/5.0 (Windows NT 6.1; WOW64) AppleWebKit/537.36 (KHTML, like Gecko) Chrome/56.0.2924.90 Safari/537.36 2345Explorer/9.3.2.17331" "wellnessconceptsclinic.com"
193.142.147.68 - - [15/Oct/2022:13:07:09 -0700] "POST /xmlrpc.php HTTP/1.1" 200 403 "-" "Mozilla/5.0 (Windows NT 6.1; WOW64) AppleWebKit/537.36 (KHTML, like Gecko) Chrome/56.0.2924.90 Safari/537.36 2345Explorer/9.3.2.17331" "wellnessconceptsclinic.com"
193.142.147.68 - - [15/Oct/2022:13:07:18 -0700] "POST /xmlrpc.php HTTP/1.1" 200 403 "-" "Mozilla/5.0 (Windows NT 6.1; WOW64) AppleWebKit/537.36 (KHTML, like Gecko) Chrome/56.0.2924.90 Safari/537.36 2345Explorer/9.3.2.17331" "wellnessconceptsclinic.com"
193.142.147.68 - - [15/Oct/2022:13:07:24 -0700] "POST /xmlrpc.php HTTP/1.1" 200 403 "-" "Mozilla/5.0 (Windows NT 6.1; WOW64) AppleWebKit/537.36 (KHTML, like Gecko) Chrome/56.0.2924.90 Safari/537.36 2345Explorer/9.3.2.17331" "wellnessconceptsclinic.com"
193.142.147.68 - - [15/Oct/2022:13:07:29 -0700] "POST /xmlrpc.php HTTP/1.1" 200 403 "-" "Mozilla/5.0 (Windows NT 6.1; WOW64) AppleWebKit/537.36 (KHTML, like Gecko) Chrome/56.0.2924.90 Safari/537.36 2345Explorer/9.3.2.17331" "wellnessconceptsclinic.com"
193.142.147.68 - - [15/Oct/2022:13:07:35 -0700] "POST /xmlrpc.php HTTP/1.1" 200 403 "-" "Mozilla/5.0 (Windows NT 6.1; WOW64) AppleWebKit/537.36 (KHTML, like Gecko) Chrome/56.0.2924.90 Safari/537.36 2345Explorer/9.3.2.17331" "wellnessconceptsclinic.com"
193.142.147.68 - - [15/Oct/2022:13:07:41 -0700] "POST /xmlrpc.php HTTP/1.1" 200 403 "-" "Mozilla/5.0 (Windows NT 6.1; WOW64) AppleWebKit/537.36 (KHTML, like Gecko) Chrome/56.0.2924.90 Safari/537.36 2345Explorer/9.3.2.17331" "wellnessconceptsclinic.com"
108.218.216.167 - - [15/Oct/2022:13:07:49 -0700] "POST /wellness/wp-admin/admin-ajax.php HTTP/1.1" 200 47 "https://wellnessconceptsclinic.com/wellness/wp-admin/index.php" "Mozilla/5.0 (Windows NT 10.0; Win64; x64) AppleWebKit/537.36 (KHTML, like Gecko) Chrome/106.0.0.0 Safari/537.36" "wellnessconceptsclinic.com"
193.142.147.68 - - [15/Oct/2022:13:07:54 -0700] "POST /xmlrpc.php HTTP/1.1" 200 403 "-" "Mozilla/5.0 (Windows NT 6.1; WOW64) AppleWebKit/537.36 (KHTML, like Gecko) Chrome/56.0.2924.90 Safari/537.36 2345Explorer/9.3.2.17331" "wellnessconceptsclinic.com"
193.142.147.68 - - [15/Oct/2022:13:08:02 -0700] "POST /xmlrpc.php HTTP/1.1" 200 403 "-" "Mozilla/5.0 (Windows NT 6.1; WOW64) AppleWebKit/537.36 (KHTML, like Gecko) Chrome/56.0.2924.90 Safari/537.36 2345Explorer/9.3.2.17331" "wellnessconceptsclinic.com"
193.142.147.68 - - [15/Oct/2022:13:08:08 -0700] "POST /xmlrpc.php HTTP/1.1" 200 403 "-" "Mozilla/5.0 (Windows NT 6.1; WOW64) AppleWebKit/537.36 (KHTML, like Gecko) Chrome/56.0.2924.90 Safari/537.36 2345Explorer/9.3.2.17331" "wellnessconceptsclinic.com"
193.142.147.68 - - [15/Oct/2022:13:08:14 -0700] "POST /xmlrpc.php HTTP/1.1" 200 403 "-" "Mozilla/5.0 (Windows NT 6.1; WOW64) AppleWebKit/537.36 (KHTML, like Gecko) Chrome/56.0.2924.90 Safari/537.36 2345Explorer/9.3.2.17331" "wellnessconceptsclinic.com"
193.142.147.68 - - [15/Oct/2022:13:08:20 -0700] "POST /xmlrpc.php HTTP/1.1" 200 403 "-" "Mozilla/5.0 (Windows NT 6.1; WOW64) AppleWebKit/537.36 (KHTML, like Gecko) Chrome/56.0.2924.90 Safari/537.36 2345Explorer/9.3.2.17331" "wellnessconceptsclinic.com"
193.142.147.68 - - [15/Oct/2022:13:08:26 -0700] "POST /xmlrpc.php HTTP/1.1" 200 403 "-" "Mozilla/5.0 (Windows NT 6.1; WOW64) AppleWebKit/537.36 (KHTML, like Gecko) Chrome/56.0.2924.90 Safari/537.36 2345Explorer/9.3.2.17331" "wellnessconceptsclinic.com"
193.142.147.68 - - [15/Oct/2022:13:08:33 -0700] "POST /xmlrpc.php HTTP/1.1" 200 403 "-" "Mozilla/5.0 (Windows NT 6.1; WOW64) AppleWebKit/537.36 (KHTML, like Gecko) Chrome/56.0.2924.90 Safari/537.36 2345Explorer/9.3.2.17331" "wellnessconceptsclinic.com"
193.142.147.68 - - [15/Oct/2022:13:08:40 -0700] "POST /xmlrpc.php HTTP/1.1" 200 403 "-" "Mozilla/5.0 (Windows NT 6.1; WOW64) AppleWebKit/537.36 (KHTML, like Gecko) Chrome/56.0.2924.90 Safari/537.36 2345Explorer/9.3.2.17331" "wellnessconceptsclinic.com"
193.142.147.68 - - [15/Oct/2022:13:08:47 -0700] "POST /xmlrpc.php HTTP/1.1" 200 403 "-" "Mozilla/5.0 (Windows NT 6.1; WOW64) AppleWebKit/537.36 (KHTML, like Gecko) Chrome/56.0.2924.90 Safari/537.36 2345Explorer/9.3.2.17331" "wellnessconceptsclinic.com"
108.218.216.167 - - [15/Oct/2022:13:08:49 -0700] "POST /wellness/wp-admin/admin-ajax.php HTTP/1.1" 200 47 "https://wellnessconceptsclinic.com/wellness/wp-admin/index.php" "Mozilla/5.0 (Windows NT 10.0; Win64; x64) AppleWebKit/537.36 (KHTML, like Gecko) Chrome/106.0.0.0 Safari/537.36" "wellnessconceptsclinic.com"
193.142.147.68 - - [15/Oct/2022:13:08:53 -0700] "POST /xmlrpc.php HTTP/1.1" 200 403 "-" "Mozilla/5.0 (Windows NT 6.1; WOW64) AppleWebKit/537.36 (KHTML, like Gecko) Chrome/56.0.2924.90 Safari/537.36 2345Explorer/9.3.2.17331" "wellnessconceptsclinic.com"
193.142.147.68 - - [15/Oct/2022:13:09:03 -0700] "POST /xmlrpc.php HTTP/1.1" 200 403 "-" "Mozilla/5.0 (Windows NT 6.1; WOW64) AppleWebKit/537.36 (KHTML, like Gecko) Chrome/56.0.2924.90 Safari/537.36 2345Explorer/9.3.2.17331" "wellnessconceptsclinic.com"
193.142.147.68 - - [15/Oct/2022:13:09:15 -0700] "POST /xmlrpc.php HTTP/1.1" 200 403 "-" "Mozilla/5.0 (Windows NT 6.1; WOW64) AppleWebKit/537.36 (KHTML, like Gecko) Chrome/56.0.2924.90 Safari/537.36 2345Explorer/9.3.2.17331" "wellnessconceptsclinic.com"
193.142.147.68 - - [15/Oct/2022:13:09:27 -0700] "POST /xmlrpc.php HTTP/1.1" 200 403 "-" "Mozilla/5.0 (Windows NT 6.1; WOW64) AppleWebKit/537.36 (KHTML, like Gecko) Chrome/56.0.2924.90 Safari/537.36 2345Explorer/9.3.2.17331" "wellnessconceptsclinic.com"
193.142.147.68 - - [15/Oct/2022:13:09:38 -0700] "POST /xmlrpc.php HTTP/1.1" 200 403 "-" "Mozilla/5.0 (Windows NT 6.1; WOW64) AppleWebKit/537.36 (KHTML, like Gecko) Chrome/56.0.2924.90 Safari/537.36 2345Explorer/9.3.2.17331" "wellnessconceptsclinic.com"
193.142.147.68 - - [15/Oct/2022:13:09:51 -0700] "POST /xmlrpc.php HTTP/1.1" 200 403 "-" "Mozilla/5.0 (Windows NT 6.1; WOW64) AppleWebKit/537.36 (KHTML, like Gecko) Chrome/56.0.2924.90 Safari/537.36 2345Explorer/9.3.2.17331" "wellnessconceptsclinic.com"
111.90.150.36 - - [15/Oct/2022:13:09:52 -0700] "POST /xmlrpc.php HTTP/1.1" 200 401 "-" "Mozilla/5.0 (Windows NT 10.0; Win64; x64; rv:96.0) Gecko/20100101 Firefox/96" "wellnessconceptsclinic.com"
193.142.147.68 - - [15/Oct/2022:13:10:01 -0700] "POST /xmlrpc.php HTTP/1.1" 200 403 "-" "Mozilla/5.0 (Windows NT 6.1; WOW64) AppleWebKit/537.36 (KHTML, like Gecko) Chrome/56.0.2924.90 Safari/537.36 2345Explorer/9.3.2.17331" "wellnessconceptsclinic.com"
124.70.98.118 - - [15/Oct/2022:13:10:04 -0700] "POST /xmlrpc.php HTTP/1.1" 200 401 "-" "Mozilla/5.0 (Windows NT 10.0; Win64; x64; rv:96.0) Gecko/20100101 Firefox/96" "wellnessconceptsclinic.com"
193.142.147.68 - - [15/Oct/2022:13:10:14 -0700] "POST /xmlrpc.php HTTP/1.1" 200 403 "-" "Mozilla/5.0 (Windows NT 6.1; WOW64) AppleWebKit/537.36 (KHTML, like Gecko) Chrome/56.0.2924.90 Safari/537.36 2345Explorer/9.3.2.17331" "wellnessconceptsclinic.com"
193.142.147.68 - - [15/Oct/2022:13:10:27 -0700] "POST /xmlrpc.php HTTP/1.1" 200 403 "-" "Mozilla/5.0 (Windows NT 6.1; WOW64) AppleWebKit/537.36 (KHTML, like Gecko) Chrome/56.0.2924.90 Safari/537.36 2345Explorer/9.3.2.17331" "wellnessconceptsclinic.com"
193.142.147.68 - - [15/Oct/2022:13:10:39 -0700] "POST /xmlrpc.php HTTP/1.1" 200 403 "-" "Mozilla/5.0 (Windows NT 6.1; WOW64) AppleWebKit/537.36 (KHTML, like Gecko) Chrome/56.0.2924.90 Safari/537.36 2345Explorer/9.3.2.17331" "wellnessconceptsclinic.com"
193.142.147.68 - - [15/Oct/2022:13:10:45 -0700] "POST /xmlrpc.php HTTP/1.1" 200 403 "-" "Mozilla/5.0 (Windows NT 6.1; WOW64) AppleWebKit/537.36 (KHTML, like Gecko) Chrome/56.0.2924.90 Safari/537.36 2345Explorer/9.3.2.17331" "wellnessconceptsclinic.com"
193.142.147.68 - - [15/Oct/2022:13:10:50 -0700] "POST /xmlrpc.php HTTP/1.1" 200 403 "-" "Mozilla/5.0 (Windows NT 6.1; WOW64) AppleWebKit/537.36 (KHTML, like Gecko) Chrome/56.0.2924.90 Safari/537.36 2345Explorer/9.3.2.17331" "wellnessconceptsclinic.com"
108.218.216.167 - - [15/Oct/2022:13:10:50 -0700] "POST /wellness/wp-admin/admin-ajax.php HTTP/1.1" 200 47 "https://wellnessconceptsclinic.com/wellness/wp-admin/index.php" "Mozilla/5.0 (Windows NT 10.0; Win64; x64) AppleWebKit/537.36 (KHTML, like Gecko) Chrome/106.0.0.0 Safari/537.36" "wellnessconceptsclinic.com"
193.142.147.68 - - [15/Oct/2022:13:10:55 -0700] "POST /xmlrpc.php HTTP/1.1" 200 403 "-" "Mozilla/5.0 (Windows NT 6.1; WOW64) AppleWebKit/537.36 (KHTML, like Gecko) Chrome/56.0.2924.90 Safari/537.36 2345Explorer/9.3.2.17331" "wellnessconceptsclinic.com"
193.142.147.68 - - [15/Oct/2022:13:11:00 -0700] "POST /xmlrpc.php HTTP/1.1" 200 403 "-" "Mozilla/5.0 (Windows NT 6.1; WOW64) AppleWebKit/537.36 (KHTML, like Gecko) Chrome/56.0.2924.90 Safari/537.36 2345Explorer/9.3.2.17331" "wellnessconceptsclinic.com"
193.142.147.68 - - [15/Oct/2022:13:11:05 -0700] "POST /xmlrpc.php HTTP/1.1" 200 403 "-" "Mozilla/5.0 (Windows NT 6.1; WOW64) AppleWebKit/537.36 (KHTML, like Gecko) Chrome/56.0.2924.90 Safari/537.36 2345Explorer/9.3.2.17331" "wellnessconceptsclinic.com"
193.142.147.68 - - [15/Oct/2022:13:11:10 -0700] "POST /xmlrpc.php HTTP/1.1" 200 403 "-" "Mozilla/5.0 (Windows NT 6.1; WOW64) AppleWebKit/537.36 (KHTML, like Gecko) Chrome/56.0.2924.90 Safari/537.36 2345Explorer/9.3.2.17331" "wellnessconceptsclinic.com"
193.142.147.68 - - [15/Oct/2022:13:11:16 -0700] "POST /xmlrpc.php HTTP/1.1" 500 4965 "-" "Mozilla/5.0 (Windows NT 6.1; WOW64) AppleWebKit/537.36 (KHTML, like Gecko) Chrome/56.0.2924.90 Safari/537.36 2345Explorer/9.3.2.17331" "wellnessconceptsclinic.com"
193.202.110.23 - - [15/Oct/2022:13:12:08 -0700] "GET /wp-content/plugins/vd454/991176.php HTTP/1.1" 404 73 "http://wellnessconceptsclinic.com/wp-content/plugins/vd454/991176.php" "Mozilla/5.0 (Windows; U; Windows NT 5.1; en-US) AppleWebKit/533.4 (KHTML, like Gecko) Chrome/5.0.375.99 Safari/533.4" "wellnessconceptsclinic.com"
108.218.216.167 - - [15/Oct/2022:13:12:51 -0700] "POST /wellness/wp-admin/admin-ajax.php HTTP/1.1" 200 47 "https://wellnessconceptsclinic.com/wellness/wp-admin/index.php" "Mozilla/5.0 (Windows NT 10.0; Win64; x64) AppleWebKit/537.36 (KHTML, like Gecko) Chrome/106.0.0.0 Safari/537.36" "wellnessconceptsclinic.com"
108.218.216.167 - - [15/Oct/2022:13:14:52 -0700] "POST /wellness/wp-admin/admin-ajax.php HTTP/1.1" 200 47 "https://wellnessconceptsclinic.com/wellness/wp-admin/index.php" "Mozilla/5.0 (Windows NT 10.0; Win64; x64) AppleWebKit/537.36 (KHTML, like Gecko) Chrome/106.0.0.0 Safari/537.36" "wellnessconceptsclinic.com"
108.218.216.167 - - [15/Oct/2022:13:16:53 -0700] "POST /wellness/wp-admin/admin-ajax.php HTTP/1.1" 200 47 "https://wellnessconceptsclinic.com/wellness/wp-admin/index.php" "Mozilla/5.0 (Windows NT 10.0; Win64; x64) AppleWebKit/537.36 (KHTML, like Gecko) Chrome/106.0.0.0 Safari/537.36" "wellnessconceptsclinic.com"
207.46.13.56 - - [15/Oct/2022:13:25:23 -0700] "GET / HTTP/1.1" 301 20 "-" "Mozilla/5.0 (compatible; bingbot/2.0; +http://www.bing.com/bingbot.htm)" "www.wellnessconceptsclinic.com"
107.180.241.146 - - [15/Oct/2022:13:25:52 -0700] "POST /xmlrpc.php HTTP/1.1" 200 401 "-" "Mozilla/5.0 (Windows NT 10.0; Win64; x64; rv:96.0) Gecko/20100101 Firefox/96" "wellnessconceptsclinic.com"
103.110.84.132 - - [15/Oct/2022:13:25:58 -0700] "POST /xmlrpc.php HTTP/1.1" 200 401 "-" "Mozilla/5.0 (Windows NT 10.0; Win64; x64; rv:96.0) Gecko/20100101 Firefox/96" "wellnessconceptsclinic.com"
