103.229.126.79 - - [02/Nov/2022:19:46:42 -0700] "GET /wp-includes/Text/Diff/Renderer/ HTTP/1.1" 200 387 "binance.com" "Mozilla/5.0 (Windows NT 10.0; Win64; x64) AppleWebKit/537.36 (KHTML, like Gecko) Chrome/90.0.4430.85 Safari/537.36" "wellnessconceptsclinic.com"
103.229.126.79 - - [02/Nov/2022:19:47:07 -0700] "GET /wp-includes/Text/Diff/Renderer/ HTTP/1.1" 200 387 "binance.com" "Mozilla/5.0 (Windows NT 10.0; Win64; x64) AppleWebKit/537.36 (KHTML, like Gecko) Chrome/90.0.4430.85 Safari/537.36" "wellnessconceptsclinic.com"
103.229.126.79 - - [02/Nov/2022:19:47:30 -0700] "GET /wp-includes/blocks/ HTTP/1.1" 500 - "binance.com" "Mozilla/5.0 (Windows NT 10.0; Win64; x64) AppleWebKit/537.36 (KHTML, like Gecko) Chrome/90.0.4430.85 Safari/537.36" "wellnessconceptsclinic.com"
103.229.126.79 - - [02/Nov/2022:19:47:43 -0700] "GET /wp-includes/pomo/ HTTP/1.1" 200 472 "binance.com" "Mozilla/5.0 (Windows NT 10.0; Win64; x64) AppleWebKit/537.36 (KHTML, like Gecko) Chrome/90.0.4430.85 Safari/537.36" "wellnessconceptsclinic.com"
103.229.126.79 - - [02/Nov/2022:19:48:06 -0700] "GET /wp-includes/pomo/ HTTP/1.1" 200 472 "binance.com" "Mozilla/5.0 (Windows NT 10.0; Win64; x64) AppleWebKit/537.36 (KHTML, like Gecko) Chrome/90.0.4430.85 Safari/537.36" "wellnessconceptsclinic.com"
103.229.126.79 - - [02/Nov/2022:19:48:30 -0700] "GET /wp-includes/sitemaps/ HTTP/1.1" 200 507 "binance.com" "Mozilla/5.0 (Windows NT 10.0; Win64; x64) AppleWebKit/537.36 (KHTML, like Gecko) Chrome/90.0.4430.85 Safari/537.36" "wellnessconceptsclinic.com"
8.142.173.121 - - [02/Nov/2022:19:48:45 -0700] "POST /wp-login.php HTTP/1.1" 200 7593 "-" "Mozilla/5.0 (Windows; U; Windows NT 5.1; en-US) AppleWebKit/533.4 (KHTML, like Gecko) Chrome/5.0.375.99 Safari/533.4" "wellnessconceptsclinic.com"
103.229.126.79 - - [02/Nov/2022:19:48:53 -0700] "GET /wp-includes/sitemaps/ HTTP/1.1" 200 507 "binance.com" "Mozilla/5.0 (Windows NT 10.0; Win64; x64) AppleWebKit/537.36 (KHTML, like Gecko) Chrome/90.0.4430.85 Safari/537.36" "wellnessconceptsclinic.com"
103.229.126.79 - - [02/Nov/2022:19:49:13 -0700] "GET /wp-includes/sitemaps/providers/ HTTP/1.1" 200 437 "binance.com" "Mozilla/5.0 (Windows NT 10.0; Win64; x64) AppleWebKit/537.36 (KHTML, like Gecko) Chrome/90.0.4430.85 Safari/537.36" "wellnessconceptsclinic.com"
103.229.126.79 - - [02/Nov/2022:19:49:34 -0700] "GET /wp-includes/sitemaps/providers/ HTTP/1.1" 200 437 "binance.com" "Mozilla/5.0 (Windows NT 10.0; Win64; x64) AppleWebKit/537.36 (KHTML, like Gecko) Chrome/90.0.4430.85 Safari/537.36" "wellnessconceptsclinic.com"
103.229.126.79 - - [02/Nov/2022:19:50:02 -0700] "GET /wp-includes/widgets/ HTTP/1.1" 200 668 "binance.com" "Mozilla/5.0 (Windows NT 10.0; Win64; x64) AppleWebKit/537.36 (KHTML, like Gecko) Chrome/90.0.4430.85 Safari/537.36" "wellnessconceptsclinic.com"
103.229.126.79 - - [02/Nov/2022:19:50:22 -0700] "GET /wp-includes/widgets/ HTTP/1.1" 200 668 "binance.com" "Mozilla/5.0 (Windows NT 10.0; Win64; x64) AppleWebKit/537.36 (KHTML, like Gecko) Chrome/90.0.4430.85 Safari/537.36" "wellnessconceptsclinic.com"
103.229.126.79 - - [02/Nov/2022:19:50:50 -0700] "GET /wp-includes/widgets/class-wp-widget-block.php HTTP/1.1" 500 - "binance.com" "Mozilla/5.0 (Windows NT 10.0; Win64; x64) AppleWebKit/537.36 (KHTML, like Gecko) Chrome/90.0.4430.85 Safari/537.36" "wellnessconceptsclinic.com"
103.229.126.79 - - [02/Nov/2022:19:50:59 -0700] "GET /wp-includes/css/ HTTP/1.1" 200 923 "binance.com" "Mozilla/5.0 (Windows NT 10.0; Win64; x64) AppleWebKit/537.36 (KHTML, like Gecko) Chrome/90.0.4430.85 Safari/537.36" "wellnessconceptsclinic.com"
103.229.126.79 - - [02/Nov/2022:19:51:18 -0700] "GET /wp-includes/css/dist/ HTTP/1.1" 200 559 "binance.com" "Mozilla/5.0 (Windows NT 10.0; Win64; x64) AppleWebKit/537.36 (KHTML, like Gecko) Chrome/90.0.4430.85 Safari/537.36" "wellnessconceptsclinic.com"
103.229.126.79 - - [02/Nov/2022:19:51:41 -0700] "GET /wp-includes/fonts/ HTTP/1.1" 200 457 "binance.com" "Mozilla/5.0 (Windows NT 10.0; Win64; x64) AppleWebKit/537.36 (KHTML, like Gecko) Chrome/90.0.4430.85 Safari/537.36" "wellnessconceptsclinic.com"
103.229.126.79 - - [02/Nov/2022:19:51:59 -0700] "GET /wp-includes/images/ HTTP/1.1" 200 836 "binance.com" "Mozilla/5.0 (Windows NT 10.0; Win64; x64) AppleWebKit/537.36 (KHTML, like Gecko) Chrome/90.0.4430.85 Safari/537.36" "wellnessconceptsclinic.com"
103.229.126.79 - - [02/Nov/2022:19:52:20 -0700] "GET /wp-includes/images/crystal/ HTTP/1.1" 200 547 "binance.com" "Mozilla/5.0 (Windows NT 10.0; Win64; x64) AppleWebKit/537.36 (KHTML, like Gecko) Chrome/90.0.4430.85 Safari/537.36" "wellnessconceptsclinic.com"
79.124.8.3 - - [02/Nov/2022:19:52:31 -0700] "GET /wp-content/themes/seotheme/db.php?u HTTP/1.1" 404 88 "www.google.com" "Mozlila/5.0 (Linux; Android 7.0; SM-G892A Bulid/NRD90M; wv) AppleWebKit/537.36 (KHTML, like Gecko) Version/4.0 Chrome/60.0.3112.107 Moblie Safari/537.36" "wellnessconceptsclinic.com"
79.124.8.3 - - [02/Nov/2022:19:52:35 -0700] "GET /wp-content/themes/seotheme/db.php?u HTTP/1.1" 404 88 "www.google.com" "Mozlila/5.0 (Linux; Android 7.0; SM-G892A Bulid/NRD90M; wv) AppleWebKit/537.36 (KHTML, like Gecko) Version/4.0 Chrome/60.0.3112.107 Moblie Safari/537.36" "wellnessconceptsclinic.com"
103.229.126.79 - - [02/Nov/2022:19:52:42 -0700] "GET /wp-includes/images/media/ HTTP/1.1" 200 516 "binance.com" "Mozilla/5.0 (Windows NT 10.0; Win64; x64) AppleWebKit/537.36 (KHTML, like Gecko) Chrome/90.0.4430.85 Safari/537.36" "wellnessconceptsclinic.com"
103.229.126.79 - - [02/Nov/2022:19:52:59 -0700] "GET /wp-includes/images/smilies/ HTTP/1.1" 200 754 "binance.com" "Mozilla/5.0 (Windows NT 10.0; Win64; x64) AppleWebKit/537.36 (KHTML, like Gecko) Chrome/90.0.4430.85 Safari/537.36" "wellnessconceptsclinic.com"
103.229.126.79 - - [02/Nov/2022:19:53:22 -0700] "GET /wp-includes/images/wlw/ HTTP/1.1" 200 420 "binance.com" "Mozilla/5.0 (Windows NT 10.0; Win64; x64) AppleWebKit/537.36 (KHTML, like Gecko) Chrome/90.0.4430.85 Safari/537.36" "wellnessconceptsclinic.com"
193.142.146.138 - - [02/Nov/2022:19:53:13 -0700] "GET /wp-login.php HTTP/1.1" 200 7165 "-" "Mozilla/5.0 (compatible; MSIE 9.0; Windows NT 6.1; Trident/5.0)" "wellnessconceptsclinic.com"
146.148.44.185 - - [02/Nov/2022:19:53:21 -0700] "POST /wp-login.php HTTP/1.1" 200 7555 "-" "Mozilla/5.0 (Windows NT 10.0; Win64; x64) AppleWebKit/537.36 (KHTML, like Gecko) Chrome/70.0.3538.67 Safari/537.36" "wellnessconceptsclinic.com"
10.247.24.101 - - [02/Nov/2022:19:53:29 -0700] "GET / HTTP/1.1" 200 174648 "https://wellnessconceptsclinic.com/" "WordPress/5.9.5; https://wellnessconceptsclinic.com" "wellnessconceptsclinic.com"
103.229.126.79 - - [02/Nov/2022:19:53:39 -0700] "GET /wp-includes/js/%20 HTTP/1.1" 404 88 "binance.com" "Mozilla/5.0 (Windows NT 10.0; Win64; x64) AppleWebKit/537.36 (KHTML, like Gecko) Chrome/90.0.4430.85 Safari/537.36" "wellnessconceptsclinic.com"
10.247.24.101 - - [02/Nov/2022:19:53:22 -0700] "POST /wp-cron.php?doing_wp_cron=1667444002.1178030967712402343750 HTTP/1.1" 200 - "https://wellnessconceptsclinic.com/wp-cron.php?doing_wp_cron=1667444002.1178030967712402343750" "WordPress/5.9.5; https://wellnessconceptsclinic.com" "wellnessconceptsclinic.com"
10.247.24.101 - - [02/Nov/2022:19:53:34 -0700] "GET / HTTP/1.1" 200 185322 "https://wellnessconceptsclinic.com/" "WordPress/5.9.5; https://wellnessconceptsclinic.com" "wellnessconceptsclinic.com"
103.229.126.79 - - [02/Nov/2022:19:53:59 -0700] "GET /wp-includes/js/codemirror/ HTTP/1.1" 200 519 "binance.com" "Mozilla/5.0 (Windows NT 10.0; Win64; x64) AppleWebKit/537.36 (KHTML, like Gecko) Chrome/90.0.4430.85 Safari/537.36" "wellnessconceptsclinic.com"
103.226.251.11 - - [02/Nov/2022:19:54:19 -0700] "GET /wp-login.php HTTP/1.1" 200 7165 "http://wellnessconceptsclinic.com/wp-login.php" "Mozilla/5.0 (Windows NT 10.0; Win64; x64; rv:106.0) Gecko/20100101 Firefox/106.0" "wellnessconceptsclinic.com"
103.229.126.79 - - [02/Nov/2022:19:54:25 -0700] "GET /wp-includes/js/plupload/ HTTP/1.1" 200 536 "binance.com" "Mozilla/5.0 (Windows NT 10.0; Win64; x64) AppleWebKit/537.36 (KHTML, like Gecko) Chrome/90.0.4430.85 Safari/537.36" "wellnessconceptsclinic.com"
103.226.251.11 - - [02/Nov/2022:19:54:26 -0700] "GET /wp-json/wp/v2/users HTTP/1.1" 404 88 "http://wellnessconceptsclinic.com/wp-login.php" "Mozilla/5.0 (Windows NT 10.0; Win64; x64; rv:106.0) Gecko/20100101 Firefox/106.0" "wellnessconceptsclinic.com"
61.135.159.208 - - [02/Nov/2022:19:54:26 -0700] "GET / HTTP/1.1" 301 - "-" "Sogou web spider/4.0(+http://www.sogou.com/docs/help/webmasters.htm#07)" "www.wellnessconceptsclinic.com"
103.226.251.11 - - [02/Nov/2022:19:54:27 -0700] "POST /wp-login.php HTTP/1.1" 200 7554 "https://wellnessconceptsclinic.com/wp-login.php?redirect_to=https%3A%2F%2Fwellnessconceptsclinic.com%2Fwp-admin%2F" "Mozilla/5.0 (Windows NT 10.0; Win64; x64; rv:106.0) Gecko/20100101 Firefox/106.0" "wellnessconceptsclinic.com"
61.135.159.164 - - [02/Nov/2022:19:54:33 -0700] "GET / HTTP/1.1" 200 185322 "-" "Sogou web spider/4.0(+http://www.sogou.com/docs/help/webmasters.htm#07)" "wellnessconceptsclinic.com"
37.139.53.82 - - [02/Nov/2022:19:56:04 -0700] "GET /?page_id=98 HTTP/1.1" 200 199487 "https://wellnessconceptsclinic.com/?page_id=98" "Mozilla/5.0 (Windows NT 6.3; Win64; x64) AppleWebKit/537.36 (KHTML, like Gecko) Chrome/83.0.4103.61 Safari/537.36" "wellnessconceptsclinic.com"
37.139.53.82 - - [02/Nov/2022:19:56:17 -0700] "POST /?page_id=98 HTTP/1.1" 200 196253 "https://wellnessconceptsclinic.com/?page_id=98" "Mozilla/5.0 (Windows NT 6.3; Win64; x64) AppleWebKit/537.36 (KHTML, like Gecko) Chrome/83.0.4103.61 Safari/537.36" "wellnessconceptsclinic.com"
171.244.21.74 - - [02/Nov/2022:19:59:53 -0700] "POST /xmlrpc.php HTTP/1.1" 200 401 "-" "Mozilla/5.0 (Windows NT 10.0; Win64; x64) Chrome/92.0.4515.159 Safari/537.36" "wellnessconceptsclinic.com"
193.142.146.138 - - [02/Nov/2022:20:01:55 -0700] "POST /wp-login.php HTTP/1.1" 200 7537 "-" "Mozilla/5.0 (Windows NT 6.1; WOW64) AppleWebKit/537.36 (KHTML, like Gecko) Chrome/56.0.2924.90 Safari/537.36 2345Explorer/9.3.2.17331" "wellnessconceptsclinic.com"
193.142.146.138 - - [02/Nov/2022:20:02:02 -0700] "POST /wp-login.php HTTP/1.1" 200 7554 "-" "Mozilla/5.0 (Windows NT 6.1; WOW64) AppleWebKit/537.36 (KHTML, like Gecko) Chrome/56.0.2924.90 Safari/537.36 2345Explorer/9.3.2.17331" "wellnessconceptsclinic.com"
64.227.9.193 - - [02/Nov/2022:20:02:09 -0700] "GET /wp-login.php HTTP/1.1" 200 7165 "http://wellnessconceptsclinic.com/wp-login.php" "Mozilla/5.0 (Windows NT 10.0; Win64; x64; rv:106.0) Gecko/20100101 Firefox/106.0" "wellnessconceptsclinic.com"
64.227.9.193 - - [02/Nov/2022:20:02:16 -0700] "GET /wp-json/wp/v2/users HTTP/1.1" 404 88 "http://wellnessconceptsclinic.com/wp-login.php" "Mozilla/5.0 (Windows NT 10.0; Win64; x64; rv:106.0) Gecko/20100101 Firefox/106.0" "wellnessconceptsclinic.com"
193.142.146.138 - - [02/Nov/2022:20:02:10 -0700] "POST /wp-login.php HTTP/1.1" 200 7593 "-" "Mozilla/5.0 (Windows NT 6.1; WOW64) AppleWebKit/537.36 (KHTML, like Gecko) Chrome/56.0.2924.90 Safari/537.36 2345Explorer/9.3.2.17331" "wellnessconceptsclinic.com"
64.227.9.193 - - [02/Nov/2022:20:02:16 -0700] "POST /wp-login.php HTTP/1.1" 200 7554 "https://wellnessconceptsclinic.com/wp-login.php?redirect_to=https%3A%2F%2Fwellnessconceptsclinic.com%2Fwp-admin%2F" "Mozilla/5.0 (Windows NT 10.0; Win64; x64; rv:106.0) Gecko/20100101 Firefox/106.0" "wellnessconceptsclinic.com"
193.142.146.138 - - [02/Nov/2022:20:02:16 -0700] "POST /wp-login.php HTTP/1.1" 200 7555 "-" "Mozilla/5.0 (Windows NT 6.1; WOW64) AppleWebKit/537.36 (KHTML, like Gecko) Chrome/56.0.2924.90 Safari/537.36 2345Explorer/9.3.2.17331" "wellnessconceptsclinic.com"
193.142.146.138 - - [02/Nov/2022:20:04:05 -0700] "GET /wp-login.php HTTP/1.1" 200 7165 "-" "Mozilla/5.0 (compatible; MSIE 9.0; Windows NT 6.1; Trident/5.0)" "wellnessconceptsclinic.com"
10.247.24.101 - - [02/Nov/2022:20:04:12 -0700] "POST /wp-cron.php?doing_wp_cron=1667444652.9060380458831787109375 HTTP/1.1" 200 - "https://wellnessconceptsclinic.com/wp-cron.php?doing_wp_cron=1667444652.9060380458831787109375" "WordPress/5.9.5; https://wellnessconceptsclinic.com" "wellnessconceptsclinic.com"
103.229.126.79 - - [02/Nov/2022:20:09:00 -0700] "GET /wp-admin/css/ HTTP/1.1" 200 1573 "binance.com" "Mozilla/5.0 (Windows NT 10.0; Win64; x64) AppleWebKit/537.36 (KHTML, like Gecko) Chrome/90.0.4430.85 Safari/537.36" "wellnessconceptsclinic.com"
103.229.126.79 - - [02/Nov/2022:20:09:33 -0700] "GET /wp-content/uploads/2022/11/ HTTP/1.1" 200 331 "binance.com" "Mozilla/5.0 (Windows NT 10.0; Win64; x64) AppleWebKit/537.36 (KHTML, like Gecko) Chrome/90.0.4430.85 Safari/537.36" "wellnessconceptsclinic.com"
103.229.126.79 - - [02/Nov/2022:20:10:12 -0700] "GET /wp-content/uploads/2022/10/ HTTP/1.1" 200 1704 "binance.com" "Mozilla/5.0 (Windows NT 10.0; Win64; x64) AppleWebKit/537.36 (KHTML, like Gecko) Chrome/90.0.4430.85 Safari/537.36" "wellnessconceptsclinic.com"
103.229.126.79 - - [02/Nov/2022:20:10:34 -0700] "GET /wp-content/uploads/ HTTP/1.1" 200 393 "binance.com" "Mozilla/5.0 (Windows NT 10.0; Win64; x64) AppleWebKit/537.36 (KHTML, like Gecko) Chrome/90.0.4430.85 Safari/537.36" "wellnessconceptsclinic.com"
103.229.126.79 - - [02/Nov/2022:20:10:57 -0700] "GET /wp-content/upgrade/ HTTP/1.1" 200 324 "binance.com" "Mozilla/5.0 (Windows NT 10.0; Win64; x64) AppleWebKit/537.36 (KHTML, like Gecko) Chrome/90.0.4430.85 Safari/537.36" "wellnessconceptsclinic.com"
103.229.126.79 - - [02/Nov/2022:20:11:19 -0700] "GET /wp-content/languages/ HTTP/1.1" 404 88 "binance.com" "Mozilla/5.0 (Windows NT 10.0; Win64; x64) AppleWebKit/537.36 (KHTML, like Gecko) Chrome/90.0.4430.85 Safari/537.36" "wellnessconceptsclinic.com"
103.229.126.79 - - [02/Nov/2022:20:11:51 -0700] "GET /wp-admin/includes/ HTTP/1.1" 200 2011 "binance.com" "Mozilla/5.0 (Windows NT 10.0; Win64; x64) AppleWebKit/537.36 (KHTML, like Gecko) Chrome/90.0.4430.85 Safari/537.36" "wellnessconceptsclinic.com"
103.229.126.79 - - [02/Nov/2022:20:12:21 -0700] "GET /wp-admin/includes/ HTTP/1.1" 200 2011 "binance.com" "Mozilla/5.0 (Windows NT 10.0; Win64; x64) AppleWebKit/537.36 (KHTML, like Gecko) Chrome/90.0.4430.85 Safari/537.36" "wellnessconceptsclinic.com"
103.229.126.79 - - [02/Nov/2022:20:13:22 -0700] "GET /wp-admin/maint/ HTTP/1.1" 200 371 "binance.com" "Mozilla/5.0 (Windows NT 10.0; Win64; x64) AppleWebKit/537.36 (KHTML, like Gecko) Chrome/90.0.4430.85 Safari/537.36" "wellnessconceptsclinic.com"
193.142.146.138 - - [02/Nov/2022:20:13:16 -0700] "POST /wp-login.php HTTP/1.1" 200 7537 "-" "Mozilla/5.0 (Windows NT 6.1; WOW64) AppleWebKit/537.36 (KHTML, like Gecko) Chrome/56.0.2924.90 Safari/537.36 2345Explorer/9.3.2.17331" "wellnessconceptsclinic.com"
193.142.146.138 - - [02/Nov/2022:20:13:24 -0700] "POST /wp-login.php HTTP/1.1" 200 7554 "-" "Mozilla/5.0 (Windows NT 6.1; WOW64) AppleWebKit/537.36 (KHTML, like Gecko) Chrome/56.0.2924.90 Safari/537.36 2345Explorer/9.3.2.17331" "wellnessconceptsclinic.com"
193.142.146.138 - - [02/Nov/2022:20:13:30 -0700] "POST /wp-login.php HTTP/1.1" 200 7593 "-" "Mozilla/5.0 (Windows NT 6.1; WOW64) AppleWebKit/537.36 (KHTML, like Gecko) Chrome/56.0.2924.90 Safari/537.36 2345Explorer/9.3.2.17331" "wellnessconceptsclinic.com"
193.142.146.138 - - [02/Nov/2022:20:13:37 -0700] "POST /wp-login.php HTTP/1.1" 200 7555 "-" "Mozilla/5.0 (Windows NT 6.1; WOW64) AppleWebKit/537.36 (KHTML, like Gecko) Chrome/56.0.2924.90 Safari/537.36 2345Explorer/9.3.2.17331" "wellnessconceptsclinic.com"
103.229.126.79 - - [02/Nov/2022:20:13:55 -0700] "GET /wp-admin/maint/ HTTP/1.1" 200 371 "binance.com" "Mozilla/5.0 (Windows NT 10.0; Win64; x64) AppleWebKit/537.36 (KHTML, like Gecko) Chrome/90.0.4430.85 Safari/537.36" "wellnessconceptsclinic.com"
103.229.126.79 - - [02/Nov/2022:20:14:24 -0700] "GET /wp-admin/network/ HTTP/1.1" 302 - "binance.com" "Mozilla/5.0 (Windows NT 10.0; Win64; x64) AppleWebKit/537.36 (KHTML, like Gecko) Chrome/90.0.4430.85 Safari/537.36" "wellnessconceptsclinic.com"
103.229.126.79 - - [02/Nov/2022:20:14:42 -0700] "GET /wp-login.php?redirect_to=https%3A%2F%2Fwellnessconceptsclinic.com%2Fwp-admin%2Fnetwork%2F&reauth=1 HTTP/1.1" 200 7173 "binance.com" "Mozilla/5.0 (Windows NT 10.0; Win64; x64) AppleWebKit/537.36 (KHTML, like Gecko) Chrome/90.0.4430.85 Safari/537.36" "wellnessconceptsclinic.com"
103.229.126.79 - - [02/Nov/2022:20:15:27 -0700] "GET /wp-admin/user/ HTTP/1.1" 302 - "binance.com" "Mozilla/5.0 (Windows NT 10.0; Win64; x64) AppleWebKit/537.36 (KHTML, like Gecko) Chrome/90.0.4430.85 Safari/537.36" "wellnessconceptsclinic.com"
130.61.143.194 - - [02/Nov/2022:20:15:31 -0700] "POST /xmlrpc.php HTTP/1.1" 200 401 "-" "Mozilla/5.0 (Windows NT 10.0; Win64; x64; rv:96.0) Gecko/20100101 Firefox/96" "wellnessconceptsclinic.com"
103.229.126.79 - - [02/Nov/2022:20:15:47 -0700] "GET /wp-login.php?redirect_to=https%3A%2F%2Fwellnessconceptsclinic.com%2Fwp-admin%2Fuser%2F&reauth=1 HTTP/1.1" 200 7170 "binance.com" "Mozilla/5.0 (Windows NT 10.0; Win64; x64) AppleWebKit/537.36 (KHTML, like Gecko) Chrome/90.0.4430.85 Safari/537.36" "wellnessconceptsclinic.com"
45.63.108.180 - - [02/Nov/2022:20:16:02 -0700] "GET /wp-login.php HTTP/1.1" 200 7165 "http://wellnessconceptsclinic.com/wp-login.php" "Mozilla/5.0 (Windows NT 10.0; Win64; x64; rv:106.0) Gecko/20100101 Firefox/106.0" "wellnessconceptsclinic.com"
45.63.108.180 - - [02/Nov/2022:20:16:09 -0700] "GET /wp-json/wp/v2/users HTTP/1.1" 404 88 "http://wellnessconceptsclinic.com/wp-login.php" "Mozilla/5.0 (Windows NT 10.0; Win64; x64; rv:106.0) Gecko/20100101 Firefox/106.0" "wellnessconceptsclinic.com"
45.63.108.180 - - [02/Nov/2022:20:16:09 -0700] "POST /wp-login.php HTTP/1.1" 200 7537 "https://wellnessconceptsclinic.com/wp-login.php?redirect_to=https%3A%2F%2Fwellnessconceptsclinic.com%2Fwp-admin%2F" "Mozilla/5.0 (Windows NT 10.0; Win64; x64; rv:106.0) Gecko/20100101 Firefox/106.0" "wellnessconceptsclinic.com"
103.229.126.79 - - [02/Nov/2022:20:16:32 -0700] "GET /wp-admin/css/ HTTP/1.1" 200 1573 "binance.com" "Mozilla/5.0 (Windows NT 10.0; Win64; x64) AppleWebKit/537.36 (KHTML, like Gecko) Chrome/90.0.4430.85 Safari/537.36" "wellnessconceptsclinic.com"
103.229.126.79 - - [02/Nov/2022:20:17:00 -0700] "GET /wp-admin/css/colors/ HTTP/1.1" 200 554 "binance.com" "Mozilla/5.0 (Windows NT 10.0; Win64; x64) AppleWebKit/537.36 (KHTML, like Gecko) Chrome/90.0.4430.85 Safari/537.36" "wellnessconceptsclinic.com"
85.146.18.88 - - [02/Nov/2022:20:17:00 -0700] "POST /wp-login.php HTTP/1.1" 200 7537 "-" "Mozilla/5.0 (Windows NT 6.1; WOW64) AppleWebKit/537.36 (KHTML, like Gecko) Chrome/52.0.2743.116 Safari/537.36" "wellnessconceptsclinic.com"
103.229.126.79 - - [02/Nov/2022:20:17:31 -0700] "GET /wp-admin/css/colors/blue/ HTTP/1.1" 200 439 "binance.com" "Mozilla/5.0 (Windows NT 10.0; Win64; x64) AppleWebKit/537.36 (KHTML, like Gecko) Chrome/90.0.4430.85 Safari/537.36" "wellnessconceptsclinic.com"
103.229.126.79 - - [02/Nov/2022:20:18:04 -0700] "GET /wp-admin/css/colors/coffee/ HTTP/1.1" 200 440 "binance.com" "Mozilla/5.0 (Windows NT 10.0; Win64; x64) AppleWebKit/537.36 (KHTML, like Gecko) Chrome/90.0.4430.85 Safari/537.36" "wellnessconceptsclinic.com"
103.229.126.79 - - [02/Nov/2022:20:18:32 -0700] "GET /wp-admin/css/colors/ectoplasm/ HTTP/1.1" 200 442 "binance.com" "Mozilla/5.0 (Windows NT 10.0; Win64; x64) AppleWebKit/537.36 (KHTML, like Gecko) Chrome/90.0.4430.85 Safari/537.36" "wellnessconceptsclinic.com"
103.229.126.79 - - [02/Nov/2022:20:19:02 -0700] "GET /wp-admin/css/colors/light/ HTTP/1.1" 200 441 "binance.com" "Mozilla/5.0 (Windows NT 10.0; Win64; x64) AppleWebKit/537.36 (KHTML, like Gecko) Chrome/90.0.4430.85 Safari/537.36" "wellnessconceptsclinic.com"
103.229.126.79 - - [02/Nov/2022:20:19:31 -0700] "GET /wp-admin/css/colors/midnight/ HTTP/1.1" 200 442 "binance.com" "Mozilla/5.0 (Windows NT 10.0; Win64; x64) AppleWebKit/537.36 (KHTML, like Gecko) Chrome/90.0.4430.85 Safari/537.36" "wellnessconceptsclinic.com"
193.142.146.138 - - [02/Nov/2022:20:19:43 -0700] "GET /wp-login.php HTTP/1.1" 200 7165 "-" "Mozilla/5.0 (compatible; MSIE 9.0; Windows NT 6.1; Trident/5.0)" "wellnessconceptsclinic.com"
46.101.179.205 - - [02/Nov/2022:20:19:56 -0700] "GET /wp-login.php HTTP/1.1" 200 7165 "http://wellnessconceptsclinic.com/wp-login.php" "Mozilla/5.0 (Windows NT 10.0; Win64; x64; rv:106.0) Gecko/20100101 Firefox/106.0" "wellnessconceptsclinic.com"
46.101.179.205 - - [02/Nov/2022:20:20:02 -0700] "GET /wp-json/wp/v2/users HTTP/1.1" 404 88 "http://wellnessconceptsclinic.com/wp-login.php" "Mozilla/5.0 (Windows NT 10.0; Win64; x64; rv:106.0) Gecko/20100101 Firefox/106.0" "wellnessconceptsclinic.com"
103.229.126.79 - - [02/Nov/2022:20:20:06 -0700] "GET /wp-admin/css/colors/modern/ HTTP/1.1" 200 440 "binance.com" "Mozilla/5.0 (Windows NT 10.0; Win64; x64) AppleWebKit/537.36 (KHTML, like Gecko) Chrome/90.0.4430.85 Safari/537.36" "wellnessconceptsclinic.com"
46.101.179.205 - - [02/Nov/2022:20:20:03 -0700] "POST /wp-login.php HTTP/1.1" 200 7554 "https://wellnessconceptsclinic.com/wp-login.php?redirect_to=https%3A%2F%2Fwellnessconceptsclinic.com%2Fwp-admin%2F" "Mozilla/5.0 (Windows NT 10.0; Win64; x64; rv:106.0) Gecko/20100101 Firefox/106.0" "wellnessconceptsclinic.com"
103.229.126.79 - - [02/Nov/2022:20:20:43 -0700] "GET /wp-admin/css/colors/ocean/ HTTP/1.1" 200 439 "binance.com" "Mozilla/5.0 (Windows NT 10.0; Win64; x64) AppleWebKit/537.36 (KHTML, like Gecko) Chrome/90.0.4430.85 Safari/537.36" "wellnessconceptsclinic.com"
103.229.126.79 - - [02/Nov/2022:20:21:10 -0700] "GET /wp-admin/css/colors/sunrise/%20 HTTP/1.1" 404 88 "binance.com" "Mozilla/5.0 (Windows NT 10.0; Win64; x64) AppleWebKit/537.36 (KHTML, like Gecko) Chrome/90.0.4430.85 Safari/537.36" "wellnessconceptsclinic.com"
103.229.126.79 - - [02/Nov/2022:20:21:40 -0700] "GET /wp-admin/images/ HTTP/1.1" 200 1477 "binance.com" "Mozilla/5.0 (Windows NT 10.0; Win64; x64) AppleWebKit/537.36 (KHTML, like Gecko) Chrome/90.0.4430.85 Safari/537.36" "wellnessconceptsclinic.com"
103.229.126.79 - - [02/Nov/2022:20:22:11 -0700] "GET /wp-admin/js/ HTTP/1.1" 200 1792 "binance.com" "Mozilla/5.0 (Windows NT 10.0; Win64; x64) AppleWebKit/537.36 (KHTML, like Gecko) Chrome/90.0.4430.85 Safari/537.36" "wellnessconceptsclinic.com"
103.229.126.79 - - [02/Nov/2022:20:22:34 -0700] "GET /wp-admin/js/widgets/ HTTP/1.1" 200 587 "binance.com" "Mozilla/5.0 (Windows NT 10.0; Win64; x64) AppleWebKit/537.36 (KHTML, like Gecko) Chrome/90.0.4430.85 Safari/537.36" "wellnessconceptsclinic.com"
216.244.66.194 - - [02/Nov/2022:20:22:46 -0700] "GET /robots.txt HTTP/1.1" 404 73 "-" "Mozilla/5.0 (compatible; DotBot/1.2; +https://opensiteexplorer.org/dotbot; help@moz.com)" "www.wellnessconceptsclinic.com"
216.244.66.194 - - [02/Nov/2022:20:22:46 -0700] "GET /robots.txt HTTP/1.1" 404 73 "-" "Mozilla/5.0 (compatible; DotBot/1.2; +https://opensiteexplorer.org/dotbot; help@moz.com)" "wellnessconceptsclinic.com"
103.229.126.79 - - [02/Nov/2022:20:23:02 -0700] "GET /wp-includes/ HTTP/1.1" 200 3986 "binance.com" "Mozilla/5.0 (Windows NT 10.0; Win64; x64) AppleWebKit/537.36 (KHTML, like Gecko) Chrome/90.0.4430.85 Safari/537.36" "wellnessconceptsclinic.com"
103.229.126.79 - - [02/Nov/2022:20:23:32 -0700] "GET /wp-includes/ HTTP/1.1" 200 3986 "binance.com" "Mozilla/5.0 (Windows NT 10.0; Win64; x64) AppleWebKit/537.36 (KHTML, like Gecko) Chrome/90.0.4430.85 Safari/537.36" "wellnessconceptsclinic.com"
79.124.8.3 - - [02/Nov/2022:20:23:56 -0700] "GET /wp-admin/css/ HTTP/1.1" 200 1573 "binance.com" "Mozilla/5.0 (Windows NT 10.0; Win64; x64) AppleWebKit/537.36 (KHTML, like Gecko) Chrome/90.0.4430.85 Safari/537.36" "wellnessconceptsclinic.com"
79.124.8.3 - - [02/Nov/2022:20:24:01 -0700] "GET /wp-content/uploads/2022/11/ HTTP/1.1" 200 331 "binance.com" "Mozilla/5.0 (Windows NT 10.0; Win64; x64) AppleWebKit/537.36 (KHTML, like Gecko) Chrome/90.0.4430.85 Safari/537.36" "wellnessconceptsclinic.com"
79.124.8.3 - - [02/Nov/2022:20:24:05 -0700] "GET /wp-content/uploads/2022/10/ HTTP/1.1" 200 1704 "binance.com" "Mozilla/5.0 (Windows NT 10.0; Win64; x64) AppleWebKit/537.36 (KHTML, like Gecko) Chrome/90.0.4430.85 Safari/537.36" "wellnessconceptsclinic.com"
79.124.8.3 - - [02/Nov/2022:20:24:10 -0700] "GET /wp-content/uploads/ HTTP/1.1" 200 393 "binance.com" "Mozilla/5.0 (Windows NT 10.0; Win64; x64) AppleWebKit/537.36 (KHTML, like Gecko) Chrome/90.0.4430.85 Safari/537.36" "wellnessconceptsclinic.com"
79.124.8.3 - - [02/Nov/2022:20:24:15 -0700] "GET /wp-content/upgrade/ HTTP/1.1" 200 324 "binance.com" "Mozilla/5.0 (Windows NT 10.0; Win64; x64) AppleWebKit/537.36 (KHTML, like Gecko) Chrome/90.0.4430.85 Safari/537.36" "wellnessconceptsclinic.com"
79.124.8.3 - - [02/Nov/2022:20:24:21 -0700] "GET /wp-content/languages/ HTTP/1.1" 404 88 "binance.com" "Mozilla/5.0 (Windows NT 10.0; Win64; x64) AppleWebKit/537.36 (KHTML, like Gecko) Chrome/90.0.4430.85 Safari/537.36" "wellnessconceptsclinic.com"
45.61.187.99 - - [02/Nov/2022:20:24:13 -0700] "GET /wp-login.php HTTP/1.1" 200 7165 "-" "Mozilla/5.0 (Windows NT 6.1; WOW64) AppleWebKit/537.36 (KHTML, like Gecko) Chrome/36.0.1985.125 Safari/537.36" "wellnessconceptsclinic.com"
79.124.8.3 - - [02/Nov/2022:20:24:26 -0700] "GET /wp-admin/includes/ HTTP/1.1" 200 2011 "binance.com" "Mozilla/5.0 (Windows NT 10.0; Win64; x64) AppleWebKit/537.36 (KHTML, like Gecko) Chrome/90.0.4430.85 Safari/537.36" "wellnessconceptsclinic.com"
79.124.8.3 - - [02/Nov/2022:20:24:31 -0700] "GET /wp-admin/includes/ HTTP/1.1" 200 2011 "binance.com" "Mozilla/5.0 (Windows NT 10.0; Win64; x64) AppleWebKit/537.36 (KHTML, like Gecko) Chrome/90.0.4430.85 Safari/537.36" "wellnessconceptsclinic.com"
43.143.60.88 - - [02/Nov/2022:20:24:29 -0700] "GET /wp-login.php HTTP/1.1" 200 7165 "http://wellnessconceptsclinic.com/wp-login.php" "Mozilla/5.0 (Linux; Android 6.0; Nexus 5 Build/MRA58N) AppleWebKit/537.36 (KHTML, like Gecko) Chrome/81.0.4044.138 Mobile Safari/537.36" "wellnessconceptsclinic.com"
45.61.187.99 - - [02/Nov/2022:20:24:34 -0700] "POST /wp-login.php HTTP/1.1" 200 7611 "-" "Mozilla/5.0 (Windows NT 6.1; WOW64) AppleWebKit/537.36 (KHTML, like Gecko) Chrome/36.0.1985.125 Safari/537.36" "wellnessconceptsclinic.com"
79.124.8.3 - - [02/Nov/2022:20:24:42 -0700] "GET /wp-admin/maint/ HTTP/1.1" 200 371 "binance.com" "Mozilla/5.0 (Windows NT 10.0; Win64; x64) AppleWebKit/537.36 (KHTML, like Gecko) Chrome/90.0.4430.85 Safari/537.36" "wellnessconceptsclinic.com"
79.124.8.3 - - [02/Nov/2022:20:24:48 -0700] "GET /wp-admin/maint/ HTTP/1.1" 200 371 "binance.com" "Mozilla/5.0 (Windows NT 10.0; Win64; x64) AppleWebKit/537.36 (KHTML, like Gecko) Chrome/90.0.4430.85 Safari/537.36" "wellnessconceptsclinic.com"
79.124.8.3 - - [02/Nov/2022:20:24:53 -0700] "GET /wp-admin/network/ HTTP/1.1" 302 - "binance.com" "Mozilla/5.0 (Windows NT 10.0; Win64; x64) AppleWebKit/537.36 (KHTML, like Gecko) Chrome/90.0.4430.85 Safari/537.36" "wellnessconceptsclinic.com"
103.229.126.79 - - [02/Nov/2022:20:25:05 -0700] "GET /wp-includes/block-editor.php HTTP/1.1" 200 - "binance.com" "Mozilla/5.0 (Windows NT 10.0; Win64; x64) AppleWebKit/537.36 (KHTML, like Gecko) Chrome/90.0.4430.85 Safari/537.36" "wellnessconceptsclinic.com"
79.124.8.3 - - [02/Nov/2022:20:25:02 -0700] "GET /wp-login.php?redirect_to=https%3A%2F%2Fwellnessconceptsclinic.com%2Fwp-admin%2Fnetwork%2F&reauth=1 HTTP/1.1" 200 7173 "binance.com" "Mozilla/5.0 (Windows NT 10.0; Win64; x64) AppleWebKit/537.36 (KHTML, like Gecko) Chrome/90.0.4430.85 Safari/537.36" "wellnessconceptsclinic.com"
79.124.8.3 - - [02/Nov/2022:20:25:15 -0700] "GET /wp-admin/user/ HTTP/1.1" 302 - "binance.com" "Mozilla/5.0 (Windows NT 10.0; Win64; x64) AppleWebKit/537.36 (KHTML, like Gecko) Chrome/90.0.4430.85 Safari/537.36" "wellnessconceptsclinic.com"
79.124.8.3 - - [02/Nov/2022:20:25:22 -0700] "GET /wp-login.php?redirect_to=https%3A%2F%2Fwellnessconceptsclinic.com%2Fwp-admin%2Fuser%2F&reauth=1 HTTP/1.1" 200 7170 "binance.com" "Mozilla/5.0 (Windows NT 10.0; Win64; x64) AppleWebKit/537.36 (KHTML, like Gecko) Chrome/90.0.4430.85 Safari/537.36" "wellnessconceptsclinic.com"
103.229.126.79 - - [02/Nov/2022:20:25:28 -0700] "GET /wp-includes/block-template-utils.php HTTP/1.1" 200 - "binance.com" "Mozilla/5.0 (Windows NT 10.0; Win64; x64) AppleWebKit/537.36 (KHTML, like Gecko) Chrome/90.0.4430.85 Safari/537.36" "wellnessconceptsclinic.com"
79.124.8.3 - - [02/Nov/2022:20:25:34 -0700] "GET /wp-admin/css/ HTTP/1.1" 200 1573 "binance.com" "Mozilla/5.0 (Windows NT 10.0; Win64; x64) AppleWebKit/537.36 (KHTML, like Gecko) Chrome/90.0.4430.85 Safari/537.36" "wellnessconceptsclinic.com"
79.124.8.3 - - [02/Nov/2022:20:25:39 -0700] "GET /wp-admin/css/colors/ HTTP/1.1" 200 554 "binance.com" "Mozilla/5.0 (Windows NT 10.0; Win64; x64) AppleWebKit/537.36 (KHTML, like Gecko) Chrome/90.0.4430.85 Safari/537.36" "wellnessconceptsclinic.com"
79.124.8.3 - - [02/Nov/2022:20:25:44 -0700] "GET /wp-admin/css/colors/blue/ HTTP/1.1" 200 439 "binance.com" "Mozilla/5.0 (Windows NT 10.0; Win64; x64) AppleWebKit/537.36 (KHTML, like Gecko) Chrome/90.0.4430.85 Safari/537.36" "wellnessconceptsclinic.com"
103.229.126.79 - - [02/Nov/2022:20:25:48 -0700] "GET /wp-includes/block-template.php HTTP/1.1" 200 - "binance.com" "Mozilla/5.0 (Windows NT 10.0; Win64; x64) AppleWebKit/537.36 (KHTML, like Gecko) Chrome/90.0.4430.85 Safari/537.36" "wellnessconceptsclinic.com"
79.124.8.3 - - [02/Nov/2022:20:25:49 -0700] "GET /wp-admin/css/colors/coffee/ HTTP/1.1" 200 440 "binance.com" "Mozilla/5.0 (Windows NT 10.0; Win64; x64) AppleWebKit/537.36 (KHTML, like Gecko) Chrome/90.0.4430.85 Safari/537.36" "wellnessconceptsclinic.com"
79.124.8.3 - - [02/Nov/2022:20:25:54 -0700] "GET /wp-admin/css/colors/ectoplasm/ HTTP/1.1" 200 442 "binance.com" "Mozilla/5.0 (Windows NT 10.0; Win64; x64) AppleWebKit/537.36 (KHTML, like Gecko) Chrome/90.0.4430.85 Safari/537.36" "wellnessconceptsclinic.com"
79.124.8.3 - - [02/Nov/2022:20:25:59 -0700] "GET /wp-admin/css/colors/light/ HTTP/1.1" 200 441 "binance.com" "Mozilla/5.0 (Windows NT 10.0; Win64; x64) AppleWebKit/537.36 (KHTML, like Gecko) Chrome/90.0.4430.85 Safari/537.36" "wellnessconceptsclinic.com"
79.124.8.3 - - [02/Nov/2022:20:26:03 -0700] "GET /wp-admin/css/colors/midnight/ HTTP/1.1" 200 442 "binance.com" "Mozilla/5.0 (Windows NT 10.0; Win64; x64) AppleWebKit/537.36 (KHTML, like Gecko) Chrome/90.0.4430.85 Safari/537.36" "wellnessconceptsclinic.com"
79.124.8.3 - - [02/Nov/2022:20:26:08 -0700] "GET /wp-admin/css/colors/modern/ HTTP/1.1" 200 440 "binance.com" "Mozilla/5.0 (Windows NT 10.0; Win64; x64) AppleWebKit/537.36 (KHTML, like Gecko) Chrome/90.0.4430.85 Safari/537.36" "wellnessconceptsclinic.com"
103.229.126.79 - - [02/Nov/2022:20:26:08 -0700] "GET /wp-includes/class-wp-block-editor-context.php HTTP/1.1" 200 - "binance.com" "Mozilla/5.0 (Windows NT 10.0; Win64; x64) AppleWebKit/537.36 (KHTML, like Gecko) Chrome/90.0.4430.85 Safari/537.36" "wellnessconceptsclinic.com"
79.124.8.3 - - [02/Nov/2022:20:26:13 -0700] "GET /wp-admin/css/colors/ocean/ HTTP/1.1" 200 439 "binance.com" "Mozilla/5.0 (Windows NT 10.0; Win64; x64) AppleWebKit/537.36 (KHTML, like Gecko) Chrome/90.0.4430.85 Safari/537.36" "wellnessconceptsclinic.com"
79.124.8.3 - - [02/Nov/2022:20:26:17 -0700] "GET /wp-admin/css/colors/sunrise/%20 HTTP/1.1" 404 88 "binance.com" "Mozilla/5.0 (Windows NT 10.0; Win64; x64) AppleWebKit/537.36 (KHTML, like Gecko) Chrome/90.0.4430.85 Safari/537.36" "wellnessconceptsclinic.com"
79.124.8.3 - - [02/Nov/2022:20:26:22 -0700] "GET /wp-admin/images/ HTTP/1.1" 200 1477 "binance.com" "Mozilla/5.0 (Windows NT 10.0; Win64; x64) AppleWebKit/537.36 (KHTML, like Gecko) Chrome/90.0.4430.85 Safari/537.36" "wellnessconceptsclinic.com"
79.124.8.3 - - [02/Nov/2022:20:26:27 -0700] "GET /wp-admin/js/ HTTP/1.1" 200 1792 "binance.com" "Mozilla/5.0 (Windows NT 10.0; Win64; x64) AppleWebKit/537.36 (KHTML, like Gecko) Chrome/90.0.4430.85 Safari/537.36" "wellnessconceptsclinic.com"
103.229.126.79 - - [02/Nov/2022:20:26:30 -0700] "GET /wp-includes/class-wp-block-template.php HTTP/1.1" 200 - "binance.com" "Mozilla/5.0 (Windows NT 10.0; Win64; x64) AppleWebKit/537.36 (KHTML, like Gecko) Chrome/90.0.4430.85 Safari/537.36" "wellnessconceptsclinic.com"
79.124.8.3 - - [02/Nov/2022:20:26:32 -0700] "GET /wp-admin/js/widgets/ HTTP/1.1" 200 587 "binance.com" "Mozilla/5.0 (Windows NT 10.0; Win64; x64) AppleWebKit/537.36 (KHTML, like Gecko) Chrome/90.0.4430.85 Safari/537.36" "wellnessconceptsclinic.com"
79.124.8.3 - - [02/Nov/2022:20:26:37 -0700] "GET /wp-includes/ HTTP/1.1" 200 3986 "binance.com" "Mozilla/5.0 (Windows NT 10.0; Win64; x64) AppleWebKit/537.36 (KHTML, like Gecko) Chrome/90.0.4430.85 Safari/537.36" "wellnessconceptsclinic.com"
79.124.8.3 - - [02/Nov/2022:20:26:42 -0700] "GET /wp-includes/ HTTP/1.1" 200 3986 "binance.com" "Mozilla/5.0 (Windows NT 10.0; Win64; x64) AppleWebKit/537.36 (KHTML, like Gecko) Chrome/90.0.4430.85 Safari/537.36" "wellnessconceptsclinic.com"
103.229.126.79 - - [02/Nov/2022:20:26:51 -0700] "GET /wp-includes/class-wp-http.php HTTP/1.1" 500 - "binance.com" "Mozilla/5.0 (Windows NT 10.0; Win64; x64) AppleWebKit/537.36 (KHTML, like Gecko) Chrome/90.0.4430.85 Safari/537.36" "wellnessconceptsclinic.com"
79.124.8.3 - - [02/Nov/2022:20:26:54 -0700] "GET /wp-includes/block-editor.php HTTP/1.1" 200 - "binance.com" "Mozilla/5.0 (Windows NT 10.0; Win64; x64) AppleWebKit/537.36 (KHTML, like Gecko) Chrome/90.0.4430.85 Safari/537.36" "wellnessconceptsclinic.com"
79.124.8.3 - - [02/Nov/2022:20:26:57 -0700] "GET /wp-includes/block-template-utils.php HTTP/1.1" 200 - "binance.com" "Mozilla/5.0 (Windows NT 10.0; Win64; x64) AppleWebKit/537.36 (KHTML, like Gecko) Chrome/90.0.4430.85 Safari/537.36" "wellnessconceptsclinic.com"
79.124.8.3 - - [02/Nov/2022:20:26:59 -0700] "GET /wp-includes/block-template.php HTTP/1.1" 200 - "binance.com" "Mozilla/5.0 (Windows NT 10.0; Win64; x64) AppleWebKit/537.36 (KHTML, like Gecko) Chrome/90.0.4430.85 Safari/537.36" "wellnessconceptsclinic.com"
79.124.8.3 - - [02/Nov/2022:20:27:02 -0700] "GET /wp-includes/class-wp-block-editor-context.php HTTP/1.1" 200 - "binance.com" "Mozilla/5.0 (Windows NT 10.0; Win64; x64) AppleWebKit/537.36 (KHTML, like Gecko) Chrome/90.0.4430.85 Safari/537.36" "wellnessconceptsclinic.com"
79.124.8.3 - - [02/Nov/2022:20:27:05 -0700] "GET /wp-includes/class-wp-block-template.php HTTP/1.1" 200 - "binance.com" "Mozilla/5.0 (Windows NT 10.0; Win64; x64) AppleWebKit/537.36 (KHTML, like Gecko) Chrome/90.0.4430.85 Safari/537.36" "wellnessconceptsclinic.com"
79.124.8.3 - - [02/Nov/2022:20:27:07 -0700] "GET /wp-includes/class-wp-http.php HTTP/1.1" 500 - "binance.com" "Mozilla/5.0 (Windows NT 10.0; Win64; x64) AppleWebKit/537.36 (KHTML, like Gecko) Chrome/90.0.4430.85 Safari/537.36" "wellnessconceptsclinic.com"
103.229.126.79 - - [02/Nov/2022:20:27:10 -0700] "GET /wp-includes/class-wp-theme-json-resolver.php HTTP/1.1" 200 - "binance.com" "Mozilla/5.0 (Windows NT 10.0; Win64; x64) AppleWebKit/537.36 (KHTML, like Gecko) Chrome/90.0.4430.85 Safari/537.36" "wellnessconceptsclinic.com"
79.124.8.3 - - [02/Nov/2022:20:27:11 -0700] "GET /wp-includes/class-wp-theme-json-resolver.php HTTP/1.1" 200 - "binance.com" "Mozilla/5.0 (Windows NT 10.0; Win64; x64) AppleWebKit/537.36 (KHTML, like Gecko) Chrome/90.0.4430.85 Safari/537.36" "wellnessconceptsclinic.com"
79.124.8.3 - - [02/Nov/2022:20:27:14 -0700] "GET /wp-includes/class-wp-theme-json-schema.php HTTP/1.1" 200 - "binance.com" "Mozilla/5.0 (Windows NT 10.0; Win64; x64) AppleWebKit/537.36 (KHTML, like Gecko) Chrome/90.0.4430.85 Safari/537.36" "wellnessconceptsclinic.com"
79.124.8.3 - - [02/Nov/2022:20:27:16 -0700] "GET /wp-includes/class-wp-theme-json.php HTTP/1.1" 200 - "binance.com" "Mozilla/5.0 (Windows NT 10.0; Win64; x64) AppleWebKit/537.36 (KHTML, like Gecko) Chrome/90.0.4430.85 Safari/537.36" "wellnessconceptsclinic.com"
79.124.8.3 - - [02/Nov/2022:20:27:19 -0700] "GET /wp-includes/global-styles-and-settings.php HTTP/1.1" 200 - "binance.com" "Mozilla/5.0 (Windows NT 10.0; Win64; x64) AppleWebKit/537.36 (KHTML, like Gecko) Chrome/90.0.4430.85 Safari/537.36" "wellnessconceptsclinic.com"
79.124.8.3 - - [02/Nov/2022:20:27:22 -0700] "GET /wp-includes/https-detection.php HTTP/1.1" 200 - "binance.com" "Mozilla/5.0 (Windows NT 10.0; Win64; x64) AppleWebKit/537.36 (KHTML, like Gecko) Chrome/90.0.4430.85 Safari/537.36" "wellnessconceptsclinic.com"
79.124.8.3 - - [02/Nov/2022:20:27:25 -0700] "GET /wp-includes/https-migration.php HTTP/1.1" 200 - "binance.com" "Mozilla/5.0 (Windows NT 10.0; Win64; x64) AppleWebKit/537.36 (KHTML, like Gecko) Chrome/90.0.4430.85 Safari/537.36" "wellnessconceptsclinic.com"
79.124.8.3 - - [02/Nov/2022:20:27:27 -0700] "GET /wp-includes/robots-template.php HTTP/1.1" 200 - "binance.com" "Mozilla/5.0 (Windows NT 10.0; Win64; x64) AppleWebKit/537.36 (KHTML, like Gecko) Chrome/90.0.4430.85 Safari/537.36" "wellnessconceptsclinic.com"
79.124.8.3 - - [02/Nov/2022:20:27:30 -0700] "GET /wp-includes/template-canvas.php HTTP/1.1" 500 - "binance.com" "Mozilla/5.0 (Windows NT 10.0; Win64; x64) AppleWebKit/537.36 (KHTML, like Gecko) Chrome/90.0.4430.85 Safari/537.36" "wellnessconceptsclinic.com"
103.229.126.79 - - [02/Nov/2022:20:27:30 -0700] "GET /wp-includes/class-wp-theme-json-schema.php HTTP/1.1" 200 - "binance.com" "Mozilla/5.0 (Windows NT 10.0; Win64; x64) AppleWebKit/537.36 (KHTML, like Gecko) Chrome/90.0.4430.85 Safari/537.36" "wellnessconceptsclinic.com"
79.124.8.3 - - [02/Nov/2022:20:27:33 -0700] "GET /wp-includes/theme-templates.php HTTP/1.1" 200 - "binance.com" "Mozilla/5.0 (Windows NT 10.0; Win64; x64) AppleWebKit/537.36 (KHTML, like Gecko) Chrome/90.0.4430.85 Safari/537.36" "wellnessconceptsclinic.com"
79.124.8.3 - - [02/Nov/2022:20:27:35 -0700] "GET /wp-includes/ID3/ HTTP/1.1" 200 711 "binance.com" "Mozilla/5.0 (Windows NT 10.0; Win64; x64) AppleWebKit/537.36 (KHTML, like Gecko) Chrome/90.0.4430.85 Safari/537.36" "wellnessconceptsclinic.com"
79.124.8.3 - - [02/Nov/2022:20:27:40 -0700] "GET /wp-includes/ID3/ HTTP/1.1" 200 711 "binance.com" "Mozilla/5.0 (Windows NT 10.0; Win64; x64) AppleWebKit/537.36 (KHTML, like Gecko) Chrome/90.0.4430.85 Safari/537.36" "wellnessconceptsclinic.com"
79.124.8.3 - - [02/Nov/2022:20:27:46 -0700] "GET /wp-includes/IXR/ HTTP/1.1" 200 574 "binance.com" "Mozilla/5.0 (Windows NT 10.0; Win64; x64) AppleWebKit/537.36 (KHTML, like Gecko) Chrome/90.0.4430.85 Safari/537.36" "wellnessconceptsclinic.com"
103.229.126.79 - - [02/Nov/2022:20:27:48 -0700] "GET /wp-includes/class-wp-theme-json.php HTTP/1.1" 200 - "binance.com" "Mozilla/5.0 (Windows NT 10.0; Win64; x64) AppleWebKit/537.36 (KHTML, like Gecko) Chrome/90.0.4430.85 Safari/537.36" "wellnessconceptsclinic.com"
79.124.8.3 - - [02/Nov/2022:20:27:51 -0700] "GET /wp-includes/IXR/ HTTP/1.1" 200 574 "binance.com" "Mozilla/5.0 (Windows NT 10.0; Win64; x64) AppleWebKit/537.36 (KHTML, like Gecko) Chrome/90.0.4430.85 Safari/537.36" "wellnessconceptsclinic.com"
79.124.8.3 - - [02/Nov/2022:20:27:57 -0700] "GET /wp-includes/PHPMailer/ HTTP/1.1" 200 416 "binance.com" "Mozilla/5.0 (Windows NT 10.0; Win64; x64) AppleWebKit/537.36 (KHTML, like Gecko) Chrome/90.0.4430.85 Safari/537.36" "wellnessconceptsclinic.com"
79.124.8.3 - - [02/Nov/2022:20:28:01 -0700] "GET /wp-includes/PHPMailer/ HTTP/1.1" 200 416 "binance.com" "Mozilla/5.0 (Windows NT 10.0; Win64; x64) AppleWebKit/537.36 (KHTML, like Gecko) Chrome/90.0.4430.85 Safari/537.36" "wellnessconceptsclinic.com"
79.124.8.3 - - [02/Nov/2022:20:28:06 -0700] "GET /wp-includes/Text/ HTTP/1.1" 200 407 "binance.com" "Mozilla/5.0 (Windows NT 10.0; Win64; x64) AppleWebKit/537.36 (KHTML, like Gecko) Chrome/90.0.4430.85 Safari/537.36" "wellnessconceptsclinic.com"
79.124.8.3 - - [02/Nov/2022:20:28:11 -0700] "GET /wp-includes/Text/ HTTP/1.1" 200 407 "binance.com" "Mozilla/5.0 (Windows NT 10.0; Win64; x64) AppleWebKit/537.36 (KHTML, like Gecko) Chrome/90.0.4430.85 Safari/537.36" "wellnessconceptsclinic.com"
103.229.126.79 - - [02/Nov/2022:20:28:14 -0700] "GET /wp-includes/global-styles-and-settings.php HTTP/1.1" 200 - "binance.com" "Mozilla/5.0 (Windows NT 10.0; Win64; x64) AppleWebKit/537.36 (KHTML, like Gecko) Chrome/90.0.4430.85 Safari/537.36" "wellnessconceptsclinic.com"
79.124.8.3 - - [02/Nov/2022:20:28:17 -0700] "GET /wp-includes/Text/Diff/ HTTP/1.1" 200 419 "binance.com" "Mozilla/5.0 (Windows NT 10.0; Win64; x64) AppleWebKit/537.36 (KHTML, like Gecko) Chrome/90.0.4430.85 Safari/537.36" "wellnessconceptsclinic.com"
79.124.8.3 - - [02/Nov/2022:20:28:21 -0700] "GET /wp-includes/Text/Diff/ HTTP/1.1" 200 419 "binance.com" "Mozilla/5.0 (Windows NT 10.0; Win64; x64) AppleWebKit/537.36 (KHTML, like Gecko) Chrome/90.0.4430.85 Safari/537.36" "wellnessconceptsclinic.com"
79.124.8.3 - - [02/Nov/2022:20:28:26 -0700] "GET /wp-includes/Text/Diff/Engine/ HTTP/1.1" 200 449 "binance.com" "Mozilla/5.0 (Windows NT 10.0; Win64; x64) AppleWebKit/537.36 (KHTML, like Gecko) Chrome/90.0.4430.85 Safari/537.36" "wellnessconceptsclinic.com"
79.124.8.3 - - [02/Nov/2022:20:28:31 -0700] "GET /wp-includes/Text/Diff/Engine/ HTTP/1.1" 200 449 "binance.com" "Mozilla/5.0 (Windows NT 10.0; Win64; x64) AppleWebKit/537.36 (KHTML, like Gecko) Chrome/90.0.4430.85 Safari/537.36" "wellnessconceptsclinic.com"
79.124.8.3 - - [02/Nov/2022:20:28:37 -0700] "GET /wp-includes/Text/Diff/Renderer/ HTTP/1.1" 200 387 "binance.com" "Mozilla/5.0 (Windows NT 10.0; Win64; x64) AppleWebKit/537.36 (KHTML, like Gecko) Chrome/90.0.4430.85 Safari/537.36" "wellnessconceptsclinic.com"
103.229.126.79 - - [02/Nov/2022:20:28:39 -0700] "GET /wp-includes/https-detection.php HTTP/1.1" 200 - "binance.com" "Mozilla/5.0 (Windows NT 10.0; Win64; x64) AppleWebKit/537.36 (KHTML, like Gecko) Chrome/90.0.4430.85 Safari/537.36" "wellnessconceptsclinic.com"
79.124.8.3 - - [02/Nov/2022:20:28:43 -0700] "GET /wp-includes/Text/Diff/Renderer/ HTTP/1.1" 200 387 "binance.com" "Mozilla/5.0 (Windows NT 10.0; Win64; x64) AppleWebKit/537.36 (KHTML, like Gecko) Chrome/90.0.4430.85 Safari/537.36" "wellnessconceptsclinic.com"
79.124.8.3 - - [02/Nov/2022:20:28:48 -0700] "GET /wp-includes/blocks/ HTTP/1.1" 500 - "binance.com" "Mozilla/5.0 (Windows NT 10.0; Win64; x64) AppleWebKit/537.36 (KHTML, like Gecko) Chrome/90.0.4430.85 Safari/537.36" "wellnessconceptsclinic.com"
79.124.8.3 - - [02/Nov/2022:20:28:51 -0700] "GET /wp-includes/pomo/ HTTP/1.1" 200 472 "binance.com" "Mozilla/5.0 (Windows NT 10.0; Win64; x64) AppleWebKit/537.36 (KHTML, like Gecko) Chrome/90.0.4430.85 Safari/537.36" "wellnessconceptsclinic.com"
79.124.8.3 - - [02/Nov/2022:20:28:55 -0700] "GET /wp-includes/pomo/ HTTP/1.1" 200 472 "binance.com" "Mozilla/5.0 (Windows NT 10.0; Win64; x64) AppleWebKit/537.36 (KHTML, like Gecko) Chrome/90.0.4430.85 Safari/537.36" "wellnessconceptsclinic.com"
103.229.126.79 - - [02/Nov/2022:20:28:56 -0700] "GET /wp-includes/https-migration.php HTTP/1.1" 200 - "binance.com" "Mozilla/5.0 (Windows NT 10.0; Win64; x64) AppleWebKit/537.36 (KHTML, like Gecko) Chrome/90.0.4430.85 Safari/537.36" "wellnessconceptsclinic.com"
79.124.8.3 - - [02/Nov/2022:20:29:00 -0700] "GET /wp-includes/sitemaps/ HTTP/1.1" 200 507 "binance.com" "Mozilla/5.0 (Windows NT 10.0; Win64; x64) AppleWebKit/537.36 (KHTML, like Gecko) Chrome/90.0.4430.85 Safari/537.36" "wellnessconceptsclinic.com"
79.124.8.3 - - [02/Nov/2022:20:29:05 -0700] "GET /wp-includes/sitemaps/ HTTP/1.1" 200 507 "binance.com" "Mozilla/5.0 (Windows NT 10.0; Win64; x64) AppleWebKit/537.36 (KHTML, like Gecko) Chrome/90.0.4430.85 Safari/537.36" "wellnessconceptsclinic.com"
79.124.8.3 - - [02/Nov/2022:20:29:10 -0700] "GET /wp-includes/sitemaps/providers/ HTTP/1.1" 200 437 "binance.com" "Mozilla/5.0 (Windows NT 10.0; Win64; x64) AppleWebKit/537.36 (KHTML, like Gecko) Chrome/90.0.4430.85 Safari/537.36" "wellnessconceptsclinic.com"
79.124.8.3 - - [02/Nov/2022:20:29:15 -0700] "GET /wp-includes/sitemaps/providers/ HTTP/1.1" 200 437 "binance.com" "Mozilla/5.0 (Windows NT 10.0; Win64; x64) AppleWebKit/537.36 (KHTML, like Gecko) Chrome/90.0.4430.85 Safari/537.36" "wellnessconceptsclinic.com"
103.229.126.79 - - [02/Nov/2022:20:29:18 -0700] "GET /wp-includes/robots-template.php HTTP/1.1" 200 - "binance.com" "Mozilla/5.0 (Windows NT 10.0; Win64; x64) AppleWebKit/537.36 (KHTML, like Gecko) Chrome/90.0.4430.85 Safari/537.36" "wellnessconceptsclinic.com"
79.124.8.3 - - [02/Nov/2022:20:29:20 -0700] "GET /wp-includes/widgets/ HTTP/1.1" 200 668 "binance.com" "Mozilla/5.0 (Windows NT 10.0; Win64; x64) AppleWebKit/537.36 (KHTML, like Gecko) Chrome/90.0.4430.85 Safari/537.36" "wellnessconceptsclinic.com"
79.124.8.3 - - [02/Nov/2022:20:29:25 -0700] "GET /wp-includes/widgets/ HTTP/1.1" 200 668 "binance.com" "Mozilla/5.0 (Windows NT 10.0; Win64; x64) AppleWebKit/537.36 (KHTML, like Gecko) Chrome/90.0.4430.85 Safari/537.36" "wellnessconceptsclinic.com"
193.142.146.138 - - [02/Nov/2022:20:29:22 -0700] "POST /wp-login.php HTTP/1.1" 200 7537 "-" "Mozilla/5.0 (Windows NT 6.1; WOW64) AppleWebKit/537.36 (KHTML, like Gecko) Chrome/56.0.2924.90 Safari/537.36 2345Explorer/9.3.2.17331" "wellnessconceptsclinic.com"
79.124.8.3 - - [02/Nov/2022:20:29:30 -0700] "GET /wp-includes/widgets/class-wp-widget-block.php HTTP/1.1" 500 - "binance.com" "Mozilla/5.0 (Windows NT 10.0; Win64; x64) AppleWebKit/537.36 (KHTML, like Gecko) Chrome/90.0.4430.85 Safari/537.36" "wellnessconceptsclinic.com"
79.124.8.3 - - [02/Nov/2022:20:29:32 -0700] "GET /wp-includes/css/ HTTP/1.1" 200 923 "binance.com" "Mozilla/5.0 (Windows NT 10.0; Win64; x64) AppleWebKit/537.36 (KHTML, like Gecko) Chrome/90.0.4430.85 Safari/537.36" "wellnessconceptsclinic.com"
193.142.146.138 - - [02/Nov/2022:20:29:28 -0700] "POST /wp-login.php HTTP/1.1" 200 7554 "-" "Mozilla/5.0 (Windows NT 6.1; WOW64) AppleWebKit/537.36 (KHTML, like Gecko) Chrome/56.0.2924.90 Safari/537.36 2345Explorer/9.3.2.17331" "wellnessconceptsclinic.com"
79.124.8.3 - - [02/Nov/2022:20:29:37 -0700] "GET /wp-includes/css/dist/ HTTP/1.1" 200 559 "binance.com" "Mozilla/5.0 (Windows NT 10.0; Win64; x64) AppleWebKit/537.36 (KHTML, like Gecko) Chrome/90.0.4430.85 Safari/537.36" "wellnessconceptsclinic.com"
103.229.126.79 - - [02/Nov/2022:20:29:38 -0700] "GET /wp-includes/template-canvas.php HTTP/1.1" 500 - "binance.com" "Mozilla/5.0 (Windows NT 10.0; Win64; x64) AppleWebKit/537.36 (KHTML, like Gecko) Chrome/90.0.4430.85 Safari/537.36" "wellnessconceptsclinic.com"
193.142.146.138 - - [02/Nov/2022:20:29:35 -0700] "POST /wp-login.php HTTP/1.1" 200 7593 "-" "Mozilla/5.0 (Windows NT 6.1; WOW64) AppleWebKit/537.36 (KHTML, like Gecko) Chrome/56.0.2924.90 Safari/537.36 2345Explorer/9.3.2.17331" "wellnessconceptsclinic.com"
79.124.8.3 - - [02/Nov/2022:20:29:42 -0700] "GET /wp-includes/fonts/ HTTP/1.1" 200 457 "binance.com" "Mozilla/5.0 (Windows NT 10.0; Win64; x64) AppleWebKit/537.36 (KHTML, like Gecko) Chrome/90.0.4430.85 Safari/537.36" "wellnessconceptsclinic.com"
193.142.146.138 - - [02/Nov/2022:20:29:41 -0700] "POST /wp-login.php HTTP/1.1" 200 7555 "-" "Mozilla/5.0 (Windows NT 6.1; WOW64) AppleWebKit/537.36 (KHTML, like Gecko) Chrome/56.0.2924.90 Safari/537.36 2345Explorer/9.3.2.17331" "wellnessconceptsclinic.com"
79.124.8.3 - - [02/Nov/2022:20:29:46 -0700] "GET /wp-includes/images/ HTTP/1.1" 200 836 "binance.com" "Mozilla/5.0 (Windows NT 10.0; Win64; x64) AppleWebKit/537.36 (KHTML, like Gecko) Chrome/90.0.4430.85 Safari/537.36" "wellnessconceptsclinic.com"
79.124.8.3 - - [02/Nov/2022:20:29:51 -0700] "GET /wp-includes/images/crystal/ HTTP/1.1" 200 547 "binance.com" "Mozilla/5.0 (Windows NT 10.0; Win64; x64) AppleWebKit/537.36 (KHTML, like Gecko) Chrome/90.0.4430.85 Safari/537.36" "wellnessconceptsclinic.com"
103.229.126.79 - - [02/Nov/2022:20:29:55 -0700] "GET /wp-includes/theme-templates.php HTTP/1.1" 200 - "binance.com" "Mozilla/5.0 (Windows NT 10.0; Win64; x64) AppleWebKit/537.36 (KHTML, like Gecko) Chrome/90.0.4430.85 Safari/537.36" "wellnessconceptsclinic.com"
79.124.8.3 - - [02/Nov/2022:20:29:56 -0700] "GET /wp-includes/images/media/ HTTP/1.1" 200 516 "binance.com" "Mozilla/5.0 (Windows NT 10.0; Win64; x64) AppleWebKit/537.36 (KHTML, like Gecko) Chrome/90.0.4430.85 Safari/537.36" "wellnessconceptsclinic.com"
79.124.8.3 - - [02/Nov/2022:20:30:00 -0700] "GET /wp-includes/images/smilies/ HTTP/1.1" 200 754 "binance.com" "Mozilla/5.0 (Windows NT 10.0; Win64; x64) AppleWebKit/537.36 (KHTML, like Gecko) Chrome/90.0.4430.85 Safari/537.36" "wellnessconceptsclinic.com"
79.124.8.3 - - [02/Nov/2022:20:30:04 -0700] "GET /wp-includes/images/wlw/ HTTP/1.1" 200 420 "binance.com" "Mozilla/5.0 (Windows NT 10.0; Win64; x64) AppleWebKit/537.36 (KHTML, like Gecko) Chrome/90.0.4430.85 Safari/537.36" "wellnessconceptsclinic.com"
79.124.8.3 - - [02/Nov/2022:20:30:09 -0700] "GET /wp-includes/js/%20 HTTP/1.1" 404 88 "binance.com" "Mozilla/5.0 (Windows NT 10.0; Win64; x64) AppleWebKit/537.36 (KHTML, like Gecko) Chrome/90.0.4430.85 Safari/537.36" "wellnessconceptsclinic.com"
79.124.8.3 - - [02/Nov/2022:20:30:13 -0700] "GET /wp-includes/js/codemirror/ HTTP/1.1" 200 519 "binance.com" "Mozilla/5.0 (Windows NT 10.0; Win64; x64) AppleWebKit/537.36 (KHTML, like Gecko) Chrome/90.0.4430.85 Safari/537.36" "wellnessconceptsclinic.com"
79.124.8.3 - - [02/Nov/2022:20:30:18 -0700] "GET /wp-includes/js/plupload/ HTTP/1.1" 200 536 "binance.com" "Mozilla/5.0 (Windows NT 10.0; Win64; x64) AppleWebKit/537.36 (KHTML, like Gecko) Chrome/90.0.4430.85 Safari/537.36" "wellnessconceptsclinic.com"
103.229.126.79 - - [02/Nov/2022:20:30:27 -0700] "GET /wp-includes/ID3/ HTTP/1.1" 200 711 "binance.com" "Mozilla/5.0 (Windows NT 10.0; Win64; x64) AppleWebKit/537.36 (KHTML, like Gecko) Chrome/90.0.4430.85 Safari/537.36" "wellnessconceptsclinic.com"
103.229.126.79 - - [02/Nov/2022:20:30:55 -0700] "GET /wp-includes/ID3/ HTTP/1.1" 200 711 "binance.com" "Mozilla/5.0 (Windows NT 10.0; Win64; x64) AppleWebKit/537.36 (KHTML, like Gecko) Chrome/90.0.4430.85 Safari/537.36" "wellnessconceptsclinic.com"
95.217.66.86 - - [02/Nov/2022:20:31:01 -0700] "POST /xmlrpc.php HTTP/1.1" 200 401 "-" "Mozilla/5.0 (Windows NT 10.0; Win64; x64; rv:96.0) Gecko/20100101 Firefox/96" "wellnessconceptsclinic.com"
